NOAA-Style Climate Reports
Select a Year or Month report
2024: Jan Feb Mar Apr May Jun Jul Aug Sep Oct Nov Dec
2023: Jan Feb Mar Apr May Jun Jul Aug Sep Oct Nov Dec
2022: Jan Feb Mar Apr May Jun Jul Aug Sep Oct Nov Dec
2021: Jan Feb Mar Apr May Jun Jul Aug Sep Oct Nov Dec
2020: Jan Feb Mar Apr May Jun Jul Aug Sep Oct Nov Dec
2019: Jan Feb Mar Apr May Jun Jul Aug Sep Oct Nov Dec
2018: Jan Feb Mar Apr May Jun Jul Aug Sep Oct Nov Dec
2017: Jan Feb Mar Apr May Jun Jul Aug Sep Oct Nov Dec
2016: Jan Feb Mar Apr May Jun Jul Aug Sep Oct Nov Dec
2015: Jan Feb Mar Apr May Jun Jul Aug Sep Oct Nov Dec
2014: Jan Feb Mar Apr May Jun Jul Aug Sep Oct Nov Dec
2013: Jan Feb Mar Apr May Jun Jul Aug Sep Oct Nov Dec
2012: Jan Feb Mar Apr May Jun Jul Aug Sep Oct Nov Dec
2011: Jan Feb Mar Apr May Jun Jul Aug Sep Oct Nov Dec
2010: Jan Feb Mar Apr May Jun Jul Aug Sep Oct Nov Dec
2009: Jan Feb Mar Apr May Jun Jul Aug Sep Oct Nov Dec
2008: Jan Feb Mar Apr May Jun Jul Aug Sep Oct Nov Dec
2007: Jan Feb Mar Apr May Jun Jul Aug Sep Oct Nov Dec
2006: Jan Feb Mar Apr May Jun Jul Aug Sep Oct Nov Dec
2005: Jan Feb Mar Apr May Jun Jul Aug Sep Oct Nov Dec
2004: Jan Feb Mar Apr May Jun Jul Aug Sep Oct Nov Dec
2003: Jan Feb Mar Apr May Jun Jul Aug Sep Oct Nov Dec
2024: Jan Feb Mar Apr May Jun Jul Aug Sep Oct Nov Dec
2023: Jan Feb Mar Apr May Jun Jul Aug Sep Oct Nov Dec
2022: Jan Feb Mar Apr May Jun Jul Aug Sep Oct Nov Dec
2021: Jan Feb Mar Apr May Jun Jul Aug Sep Oct Nov Dec
2020: Jan Feb Mar Apr May Jun Jul Aug Sep Oct Nov Dec
2019: Jan Feb Mar Apr May Jun Jul Aug Sep Oct Nov Dec
2018: Jan Feb Mar Apr May Jun Jul Aug Sep Oct Nov Dec
2017: Jan Feb Mar Apr May Jun Jul Aug Sep Oct Nov Dec
2016: Jan Feb Mar Apr May Jun Jul Aug Sep Oct Nov Dec
2015: Jan Feb Mar Apr May Jun Jul Aug Sep Oct Nov Dec
2014: Jan Feb Mar Apr May Jun Jul Aug Sep Oct Nov Dec
2013: Jan Feb Mar Apr May Jun Jul Aug Sep Oct Nov Dec
2012: Jan Feb Mar Apr May Jun Jul Aug Sep Oct Nov Dec
2011: Jan Feb Mar Apr May Jun Jul Aug Sep Oct Nov Dec
2010: Jan Feb Mar Apr May Jun Jul Aug Sep Oct Nov Dec
2009: Jan Feb Mar Apr May Jun Jul Aug Sep Oct Nov Dec
2008: Jan Feb Mar Apr May Jun Jul Aug Sep Oct Nov Dec
2007: Jan Feb Mar Apr May Jun Jul Aug Sep Oct Nov Dec
2006: Jan Feb Mar Apr May Jun Jul Aug Sep Oct Nov Dec
2005: Jan Feb Mar Apr May Jun Jul Aug Sep Oct Nov Dec
2004: Jan Feb Mar Apr May Jun Jul Aug Sep Oct Nov Dec
2003: Jan Feb Mar Apr May Jun Jul Aug Sep Oct Nov Dec
Report for 2024 April
Daily NOAA report MONTHLY CLIMATOLOGICAL SUMMARY for APR. 2024 NAME: Athelstane Weahter CITY: Athelstane STATE: WI ELEV: 920 LAT: 045:39:60 LONG: 0088:12:43 TEMPERATURE ( °F), RAIN (in.), WIND SPEED (mph) HEAT COOL AVG MEAN DEG DEG WIND DOM DAY TEMP HIGH TIME LOW TIME DAYS DAYS RAIN SPEED HIGH TIME DIR -------------------------------------------------------------------------------------------------------- 01 36.8 043.7 13:21 30.2 06:20 28.2 00.0 00.00 02.1 13.8 10:35 ENE 02 33.3 041.7 14:45 30.6 02:42 31.6 00.0 00.07 02.0 13.8 16:45 NE 03 32.6 034.9 14:31 31.6 09:33 32.3 00.0 00.86 01.8 11.5 15:20 NNE 04 35.1 039.7 12:35 30.9 23:53 29.9 00.0 00.68 02.3 11.5 17:19 NNE 05 38.8 052.3 14:07 26.8 23:59 26.1 00.0 00.01 01.6 17.3 10:23 NNE 06 40.0 058.3 16:38 23.5 06:28 25.0 00.0 00.00 01.5 10.3 18:01 NE 07 40.2 055.8 12:32 23.7 06:45 24.8 00.0 00.03 02.4 23.0 14:18 ENE 08 48.5 060.8 15:22 39.6 03:41 16.5 00.0 00.04 02.9 19.6 15:57 NNE 09 46.1 056.3 17:47 39.4 06:13 18.8 00.0 00.06 01.7 17.3 12:39 NW 10 52.4 068.0 15:02 35.1 06:30 12.5 00.0 00.00 01.7 18.4 12:06 WNW 11 47.1 058.5 14:10 36.9 06:14 17.8 00.0 00.04 01.2 08.1 13:52 N 12 46.6 056.1 14:21 35.4 23:19 18.4 00.0 00.00 03.7 27.6 15:53 NNW 13 49.4 068.4 16:31 32.2 06:37 15.5 00.0 00.04 02.5 16.1 16:35 WNW 14 54.2 072.5 15:54 35.6 05:44 10.7 00.0 00.10 02.4 20.7 16:26 NNW 15 50.1 066.7 16:37 32.5 06:35 14.9 00.0 00.00 02.1 17.3 12:22 NNW 16 43.9 060.6 14:57 28.9 04:16 21.1 00.0 00.15 02.8 23.0 18:39 ENE 17 42.3 046.8 19:58 37.4 02:04 22.6 00.0 00.79 02.7 19.6 22:26 NNE 18 45.4 052.7 15:27 39.4 23:50 19.5 00.0 00.01 01.7 14.9 14:03 WNW 19 36.2 041.9 10:31 28.4 06:12 28.8 00.0 00.00 04.2 28.8 12:53 WNW 20 34.4 040.6 15:13 27.0 23:22 30.6 00.0 00.00 03.3 24.1 12:55 WNW 21 41.8 060.3 16:53 23.7 04:25 23.1 00.0 00.00 02.7 21.9 15:21 NW 22 49.6 067.3 14:31 25.9 03:25 15.4 00.0 00.00 03.0 24.1 17:07 W 23 48.2 067.1 10:47 30.7 00:00 16.7 00.0 00.05 02.9 28.8 13:45 NW 24 36.9 053.4 16:56 24.4 05:57 28.1 00.0 00.00 02.2 13.8 18:07 NE 25 40.0 059.9 15:32 19.4 06:02 25.0 00.0 00.00 01.8 16.1 12:30 ENE 26 43.6 058.3 14:04 24.3 05:44 21.3 00.0 00.01 02.7 19.6 15:40 E 27 57.7 073.9 13:10 43.9 01:33 07.3 00.0 00.22 04.0 31.1 15:15 WNW 28 42.9 051.1 00:27 37.0 19:20 22.0 00.0 01.39 02.2 09.2 15:21 NE -------------------------------------------------------------------------------------------------------- 43.4 (43.6) 73.9 day 27 19.4 day 25 604.2 000.0 04.56 02.4 31.1 day 27 NNW Min < 86: 28 Min < 23: 1 Max Rain: 1.39 ON 28-04-24 Days of Rain: 16 (> .008in) 7 (> .08in) 2 (> 0.8in)