NOAA-Style Climate Reports


Report for 2022

Daily NOAA report




                            YEARLY CLIMATOLOGICAL SUMMARY for Dec 2022

NAME:    CITY:  STATE: 
ELEV:  LAT:  LONG: 

                            TEMPERATURE ( °F), RAIN (in.), WIND SPEED (mph)

                                                 HEAT     COOL           AVG
      MEAN                                       DEG      DEG            WIND                        DOM
MTH   TEMP    HIGH   TIME      LOW     TIME      DAYS     DAYS   RAIN    SPEED    HIGH    TIME       DIR
--------------------------------------------------------------------------------------------------------
01    10.2   033.3   00:39   -24.5   07:46    1695.9    0000.0   00.00    01.0     28.0    23:55      W 
02    14.9   046.2   15:30   -15.3   06:45    1400.4    0000.0   00.15    01.2     27.0    23:57      W 
03    27.8   060.8   16:25   -03.5   06:33    1152.5    0000.0   02.35    01.2     24.0    23:55     WNW
04    38.5   074.5   14:40    16.2   05:57    0769.1    0000.0   04.45    01.5     29.0    23:57      W 
05    57.0   091.0   16:10    27.0   05:50    0286.2    0041.9   03.21    01.0     34.0    23:51      W 
06    64.1   096.8   17:03    36.3   05:25    0099.5    0071.0   01.23    01.3     24.0    14:25     WNW
07    68.4   095.4   14:58    43.2   04:22    0017.5    0123.6   01.38    01.1     25.0    23:57     WNW
08    66.6   090.1   14:34    42.4   05:02    0027.8    0077.3   05.32    00.9     21.0    15:09     WNW
09    63.3   086.4   15:58    28.2   06:57    0179.3    0190.4   00.33    00.8     18.0    23:53      NW
10    45.6   077.7   15:26    20.3   06:21    0600.0    0000.0   01.01    01.1     31.0    23:57      NW
11    34.9   074.8   15:42    04.8   05:13    0900.4    0000.0   02.27    01.7     31.0    23:57      NW
12    21.3   045.7   02:42   -10.8   05:37    1350.9    0000.0   00.11    01.9     34.0    23:57      NW
--------------------------------------------------------------------------------------------------------
      42.7    96.8            -24.5            8479.4     504.2   21.82     1.2     34.0               NW

Max >=  90.0: 21
Max