NOAA-Style Climate Reports
Select a Year or Month report
2024: Jan Feb Mar Apr May Jun Jul Aug Sep Oct Nov Dec
2023: Jan Feb Mar Apr May Jun Jul Aug Sep Oct Nov Dec
2022: Jan Feb Mar Apr May Jun Jul Aug Sep Oct Nov Dec
2021: Jan Feb Mar Apr May Jun Jul Aug Sep Oct Nov Dec
2020: Jan Feb Mar Apr May Jun Jul Aug Sep Oct Nov Dec
2019: Jan Feb Mar Apr May Jun Jul Aug Sep Oct Nov Dec
2018: Jan Feb Mar Apr May Jun Jul Aug Sep Oct Nov Dec
2017: Jan Feb Mar Apr May Jun Jul Aug Sep Oct Nov Dec
2016: Jan Feb Mar Apr May Jun Jul Aug Sep Oct Nov Dec
2015: Jan Feb Mar Apr May Jun Jul Aug Sep Oct Nov Dec
2014: Jan Feb Mar Apr May Jun Jul Aug Sep Oct Nov Dec
2013: Jan Feb Mar Apr May Jun Jul Aug Sep Oct Nov Dec
2012: Jan Feb Mar Apr May Jun Jul Aug Sep Oct Nov Dec
2011: Jan Feb Mar Apr May Jun Jul Aug Sep Oct Nov Dec
2010: Jan Feb Mar Apr May Jun Jul Aug Sep Oct Nov Dec
2009: Jan Feb Mar Apr May Jun Jul Aug Sep Oct Nov Dec
2008: Jan Feb Mar Apr May Jun Jul Aug Sep Oct Nov Dec
2007: Jan Feb Mar Apr May Jun Jul Aug Sep Oct Nov Dec
2006: Jan Feb Mar Apr May Jun Jul Aug Sep Oct Nov Dec
2005: Jan Feb Mar Apr May Jun Jul Aug Sep Oct Nov Dec
2004: Jan Feb Mar Apr May Jun Jul Aug Sep Oct Nov Dec
2003: Jan Feb Mar Apr May Jun Jul Aug Sep Oct Nov Dec
2024: Jan Feb Mar Apr May Jun Jul Aug Sep Oct Nov Dec
2023: Jan Feb Mar Apr May Jun Jul Aug Sep Oct Nov Dec
2022: Jan Feb Mar Apr May Jun Jul Aug Sep Oct Nov Dec
2021: Jan Feb Mar Apr May Jun Jul Aug Sep Oct Nov Dec
2020: Jan Feb Mar Apr May Jun Jul Aug Sep Oct Nov Dec
2019: Jan Feb Mar Apr May Jun Jul Aug Sep Oct Nov Dec
2018: Jan Feb Mar Apr May Jun Jul Aug Sep Oct Nov Dec
2017: Jan Feb Mar Apr May Jun Jul Aug Sep Oct Nov Dec
2016: Jan Feb Mar Apr May Jun Jul Aug Sep Oct Nov Dec
2015: Jan Feb Mar Apr May Jun Jul Aug Sep Oct Nov Dec
2014: Jan Feb Mar Apr May Jun Jul Aug Sep Oct Nov Dec
2013: Jan Feb Mar Apr May Jun Jul Aug Sep Oct Nov Dec
2012: Jan Feb Mar Apr May Jun Jul Aug Sep Oct Nov Dec
2011: Jan Feb Mar Apr May Jun Jul Aug Sep Oct Nov Dec
2010: Jan Feb Mar Apr May Jun Jul Aug Sep Oct Nov Dec
2009: Jan Feb Mar Apr May Jun Jul Aug Sep Oct Nov Dec
2008: Jan Feb Mar Apr May Jun Jul Aug Sep Oct Nov Dec
2007: Jan Feb Mar Apr May Jun Jul Aug Sep Oct Nov Dec
2006: Jan Feb Mar Apr May Jun Jul Aug Sep Oct Nov Dec
2005: Jan Feb Mar Apr May Jun Jul Aug Sep Oct Nov Dec
2004: Jan Feb Mar Apr May Jun Jul Aug Sep Oct Nov Dec
2003: Jan Feb Mar Apr May Jun Jul Aug Sep Oct Nov Dec
Report for 2024 March
Daily NOAA report MONTHLY CLIMATOLOGICAL SUMMARY for MAR. 2024 NAME: Athelstane Weahter CITY: Athelstane STATE: WI ELEV: 920 LAT: 045:39:60 LONG: 0088:12:43 TEMPERATURE ( °F), RAIN (in.), WIND SPEED (mph) HEAT COOL AVG MEAN DEG DEG WIND DOM DAY TEMP HIGH TIME LOW TIME DAYS DAYS RAIN SPEED HIGH TIME DIR -------------------------------------------------------------------------------------------------------- 01 29.3 051.3 15:08 03.7 04:30 35.7 00.0 00.00 02.0 19.6 14:08 WSW 02 38.9 057.4 15:34 27.0 04:07 26.0 00.0 00.00 01.7 14.9 13:59 E 03 43.0 055.2 21:33 30.0 02:49 21.9 00.0 00.03 02.9 24.1 21:21 E 04 40.8 057.7 10:58 27.9 06:28 24.1 00.0 00.20 01.5 14.9 14:59 N 05 35.0 050.2 14:38 21.9 00:00 29.9 00.0 00.00 01.7 11.5 16:37 NE 06 31.7 050.4 14:19 18.5 06:40 33.2 00.0 00.00 01.5 13.8 16:13 NE 07 35.4 050.9 15:09 21.2 03:13 29.5 00.0 00.00 01.8 13.8 12:30 ENE 08 36.1 044.4 14:00 27.1 01:19 28.9 00.0 00.00 01.6 09.2 23:57 NNE 09 29.9 036.9 11:58 25.7 05:51 35.1 00.0 00.00 03.8 19.6 12:12 N 10 32.4 046.8 16:19 21.6 23:41 32.5 00.0 00.00 02.6 19.6 12:55 NNW 11 38.6 063.0 16:46 17.8 04:57 26.3 00.0 00.00 01.6 13.8 17:20 WNW 12 47.4 071.2 15:55 28.2 07:33 17.6 00.0 00.00 02.0 18.4 16:54 NW 13 48.4 068.9 15:47 29.3 03:07 16.5 00.0 00.00 01.4 12.7 12:12 NNW 14 38.0 049.1 15:14 29.7 23:34 26.9 00.0 00.00 01.7 11.5 20:04 NNE 15 39.1 054.7 15:49 24.6 07:23 25.8 00.0 00.00 02.1 16.1 17:29 NW 16 39.7 048.6 09:32 29.7 00:00 25.2 00.0 00.00 04.1 29.9 18:35 WNW 17 25.0 030.0 14:17 18.9 23:49 39.9 00.0 00.00 03.8 20.7 10:39 NNW 18 26.9 033.6 16:15 18.9 00:16 38.1 00.0 00.00 03.3 18.4 22:58 NW -------------------------------------------------------------------------------------------------------- 36.4 (37.3) 71.2 day 12 03.7 day 01 513.1 000.0 00.23 02.3 29.9 day 16 NNW Max < 32: 1 Min < 86: 18 Min < 23: 8 Min < 5: 1 Max Rain: 0.20 ON 4-03-24 Days of Rain: 2 (> .008in) 1 (> .08in) 0 (> 0.8in)