NOAA-Style Climate Reports


Report for 2022 May

Daily NOAA report




                            MONTHLY CLIMATOLOGICAL SUMMARY for MAY. 2022

NAME:    CITY:  STATE: 
ELEV:  LAT:  LONG: 

                            TEMPERATURE ( °F), RAIN (in.), WIND SPEED (mph)

                                               HEAT     COOL           AVG
      MEAN                                     DEG      DEG            WIND                       DOM
DAY   TEMP    HIGH   TIME     LOW    TIME      DAYS     DAYS    RAIN   SPEED    HIGH    TIME      DIR
--------------------------------------------------------------------------------------------------------
01    46.5   052.0   15:28    40.6   01:14     18.4     00.0   00.09   01.1     10.0    23:55     SSW
02    47.7   054.7   12:46    42.3   04:16     17.3     00.0   00.00   01.3     13.0    09:56     WNW
03    46.1   058.1   17:54    37.8   00:00     18.9     00.0   00.00   00.5     10.0    15:38      NE
04    45.8   065.3   16:30    27.7   06:04     19.1     00.0   00.00   00.7     11.0    14:29      S 
05    48.6   068.2   15:27    27.0   05:49     16.3     00.0   00.00   00.7     10.0    18:20     SSE
06    52.4   069.8   16:29    34.7   04:30     12.5     00.0   00.00   01.0     17.0    10:58     ENE
07    50.5   069.6   14:15    29.5   06:13     14.4     00.0   00.00   00.9     12.0    10:28     ENE
08    48.0   061.3   13:13    27.9   05:50     16.9     00.0   00.00   01.2     16.0    17:46      S 
09    59.9   071.6   14:14    43.7   02:29     05.0     00.0   00.00   03.1     34.0    12:54      S 
10    70.1   084.9   14:03    54.9   06:41     00.0     05.1   00.41   00.9     13.0    02:30      E 
11    66.3   074.5   13:23    59.4   23:42     00.0     01.3   00.00   00.4     12.0    14:24     ENE
12    68.6   090.9   14:22    58.1   05:40     00.0     03.6   00.68   01.2     25.0    03:37     SSE
13    73.6   091.0   16:09    55.4   06:12     00.0     08.7   00.01   01.2     14.0    18:22      S 
14    71.0   087.6   16:33    57.6   05:58     00.0     06.0   00.02   01.3     17.0    19:25      W 
15    64.7   079.0   15:13    46.4   06:08     00.3     00.0   00.00   01.3     17.0    11:58      W 
16    56.9   070.0   12:23    40.3   00:00     08.0     00.0   00.00   01.6     23.0    11:55     WNW
17    53.1   070.2   15:10    36.9   06:09     11.8     00.0   00.00   01.0     13.0    16:38      W 
18    55.5   068.9   14:21    43.5   03:58     09.4     00.0   00.09   01.2     15.0    12:11     WSW
19    59.3   075.2   14:31    47.5   06:26     05.7     00.0   00.31   01.0     12.0    09:44     WSW
--------------------------------------------------------------------------------------------------------
57.1 (57.2)   91.0  day 13     27.0  day 05   174.1    024.8   01.63   01.1     34.0   day 09      SW
Max >=  86: 3
Min  .008in) 5 (> .08in) 0 (> 0.8in)