NOAA-Style Climate Reports


Report for 2024 February

Daily NOAA report




                            MONTHLY CLIMATOLOGICAL SUMMARY for FEB. 2024

NAME: Athelstane Weahter   CITY: Athelstane STATE: WI
ELEV: 920 LAT: 045:39:60 LONG: 0088:12:43

                            TEMPERATURE ( °F), RAIN (in.), WIND SPEED (mph)

                                               HEAT     COOL           AVG
      MEAN                                     DEG      DEG            WIND                       DOM
DAY   TEMP    HIGH   TIME     LOW    TIME      DAYS     DAYS    RAIN   SPEED    HIGH    TIME      DIR
--------------------------------------------------------------------------------------------------------
01    35.4   045.3   11:07    27.7   18:40     29.5     00.0   00.00   01.8     10.3    15:35     NNE
02    26.6   039.6   15:58    17.8   00:00     38.3     00.0   00.00   01.0     08.1    09:27     NNE
03    25.5   039.2   15:17    17.4   00:48     39.4     00.0   00.00   01.2     09.2    08:45      NW
04    29.2   056.7   15:46    14.4   06:10     35.7     00.0   00.00   00.9     05.8    10:51      N 
05    29.6   046.6   15:26    19.6   04:14     35.4     00.0   00.00   01.0     08.1    14:27      NE
06    28.9   038.3   13:50    22.1   07:54     36.0     00.0   00.01   01.1     09.2    12:46      NE
07    33.5   040.6   13:28    27.3   06:28     31.4     00.0   00.00   01.1     06.9    14:49      NE
08    37.7   050.0   13:50    28.0   02:25     27.2     00.0   00.09   01.6     11.5    13:34      NE
09    36.7   044.1   00:24    31.3   00:00     28.2     00.0   00.00   04.8     23.0    07:43      W 
10    28.0   032.5   14:26    24.4   09:14     36.9     00.0   00.00   03.8     17.3    15:50      NW
11    28.4   036.5   15:00    24.3   00:00     36.5     00.0   00.00   02.0     14.9    13:27     WNW
12    31.2   042.3   14:35    22.6   02:10     33.8     00.0   00.00   02.3     21.9    14:25      NW
13    26.6   029.8   12:20    23.2   23:41     38.3     00.0   00.00   01.6     16.1    08:31     NNE
14    28.4   040.6   14:04    21.6   05:38     36.5     00.0   00.00   01.3     12.7    14:50     WNW
15    27.3   031.8   00:04    21.0   00:00     37.7     00.0   00.07   02.8     23.0    19:21     NNW
16    17.5   026.6   12:58    05.9   00:00     47.4     00.0   00.00   03.0     16.1    18:31      NW
17    14.6   026.1   17:55   -01.7   07:25     50.3     00.0   00.00   04.3     24.1    12:24      W 
18    22.4   033.4   15:21    07.0   00:00     42.6     00.0   00.01   02.7     20.7    14:27      NW
19    20.7   042.3   15:30    01.8   06:35     44.3     00.0   00.00   01.2     09.2    15:32      N 
20    29.9   049.3   14:45    13.6   03:48     35.0     00.0   00.00   01.3     13.8    11:51      NE
21    34.8   055.4   15:38    23.4   06:24     30.1     00.0   00.00   00.7     06.9    13:18     NNW
--------------------------------------------------------------------------------------------------------
28.2 (29.5)   56.7  day 04    -01.7  day 17   770.6    000.0   00.17   02.0     24.2   day 17      NW
Max <  32: 4
Min <  86: 21
Min <   0: 1
Min <  23: 13
Min <   5: 2
Min <   0: 1
Max Rain: 0.09 ON 8-02-24
Days of Rain: 3 (> .008in) 1 (> .08in) 0 (> 0.8in)