NOAA-Style Climate Reports


Report for 2021 November

Daily NOAA report




                            MONTHLY CLIMATOLOGICAL SUMMARY for NOV. 2021

NAME:    CITY:  STATE: 
ELEV:  LAT:  LONG: 

                            TEMPERATURE ( °F), RAIN (in.), WIND SPEED (mph)

                                               HEAT     COOL           AVG
      MEAN                                     DEG      DEG            WIND                       DOM
DAY   TEMP    HIGH   TIME     LOW    TIME      DAYS     DAYS    RAIN   SPEED    HIGH    TIME      DIR
--------------------------------------------------------------------------------------------------------
01    34.6   042.8   12:49    26.6   00:00     30.4     00.0   00.00   01.7     15.0    15:14      W 
02    32.3   040.5   15:47    24.1   02:39     32.7     00.0   00.00   01.3     17.0    14:32     WNW
03    33.9   039.6   13:31    23.7   08:01     31.0     00.0   00.00   00.6     07.0    11:33     WNW
04    36.5   047.1   16:05    25.0   23:53     28.4     00.0   00.00   00.8     11.0    12:46     WNW
05    37.6   051.4   13:35    22.8   05:03     27.3     00.0   00.00   01.5     21.0    12:44     WSW
06    48.0   063.3   16:05    37.2   07:47     16.9     00.0   00.00   01.5     14.0    14:46     WSW
07    45.8   062.4   15:25    29.5   07:00     19.1     00.0   00.00   00.4     08.0    14:14     WSW
08    49.0   066.9   13:57    36.7   05:53     15.9     00.0   00.00   00.5     09.0    14:28     WNW
09    36.5   054.1   14:58    25.5   00:00     28.5     00.0   00.00   00.4     11.0    13:50      W 
10    37.5   048.9   12:28    21.4   06:15     27.5     00.0   00.01   00.8     09.0    23:36     NNE
11    42.7   050.7   13:45    30.6   00:00     22.3     00.0   00.58   02.2     16.0    19:22      S 
12    34.5   039.0   12:15    28.8   20:24     30.5     00.0   00.02   00.5     09.0    23:27      W 
13    33.4   040.8   13:20    28.7   17:45     31.5     00.0   00.00   01.6     15.0    08:49     WNW
14    30.6   036.7   14:32    26.8   00:00     34.4     00.0   00.01   00.8     10.0    15:16     WNW
15    29.8   039.4   14:14    21.9   06:51     35.2     00.0   00.01   00.8     11.0    10:25     WNW
16    32.5   041.5   23:34    19.9   04:54     32.4     00.0   00.00   01.0     12.0    18:09     SSE
17    41.1   049.6   13:02    34.2   00:00     23.9     00.0   00.00   02.2     21.0    13:39      W 
18    34.2   034.2   00:00    34.2   00:00     30.7     00.0   00.00   02.0     04.0    00:00     SSW
19    32.6   034.2   15:52    26.6   22:11     32.4     00.0   00.00   01.4     06.0    16:04     SSW
20    30.2   042.8   14:45    22.8   00:00     34.8     00.0   00.00   00.6     11.0    09:31      SW
21    25.4   037.0   12:30    22.8   11:51     39.6     00.0   00.00   02.1     23.0    17:29      W 
22    19.3   027.9   12:42    10.9   22:20     45.6     00.0   00.00   02.1     17.0    08:05     WNW
23    25.7   039.2   15:03    09.9   06:47     39.3     00.0   00.00   01.1     12.0    21:49      SW
24    36.2   044.4   14:48    30.4   00:12     28.7     00.0   00.00   00.7     10.0    23:19      SW
25    26.2   038.4   00:01    10.9   23:52     38.7     00.0   00.00   01.1     15.0    16:28     NNW
26    18.6   027.0   15:08    07.2   06:04     46.3     00.0   00.00   00.4     06.0    12:22     WSW
27    25.1   031.1   13:12    16.9   01:37     39.9     00.0   00.00   00.1     05.0    23:19     NNE
28    28.6   034.9   11:38    14.0   00:00     36.3     00.0   00.01   01.9     17.0    05:59     WNW
29    21.5   029.3   12:26    10.0   03:48     43.4     00.0   00.00   00.2     08.0    10:49     WNW
30    27.3   036.3   14:19    16.5   22:32     37.7     00.0   00.00   00.9     17.0    13:17     WNW
--------------------------------------------------------------------------------------------------------
32.9 (32.8)   66.9  day 08     07.2  day 26   961.3    000.0   00.65   01.1     23.0   day 21      W 
Max  0.8in)