NOAA-Style Climate Reports

Select a Year or Month report
2018: Jan Feb Mar Apr May Jun Jul Aug Sep Oct Nov Dec
2017: Jan Feb Mar Apr May Jun Jul Aug Sep Oct Nov Dec
2016: Jan Feb Mar Apr May Jun Jul Aug Sep Oct Nov Dec
2015: Jan Feb Mar Apr May Jun Jul Aug Sep Oct Nov Dec
2014: Jan Feb Mar Apr May Jun Jul Aug Sep Oct Nov Dec
2013: Jan Feb Mar Apr May Jun Jul Aug Sep Oct Nov Dec
2012: Jan Feb Mar Apr May Jun Jul Aug Sep Oct Nov Dec
2011: Jan Feb Mar Apr May Jun Jul Aug Sep Oct Nov Dec
2010: Jan Feb Mar Apr May Jun Jul Aug Sep Oct Nov Dec
2009: Jan Feb Mar Apr May Jun Jul Aug Sep Oct Nov Dec
2008: Jan Feb Mar Apr May Jun Jul Aug Sep Oct Nov Dec
2007: Jan Feb Mar Apr May Jun Jul Aug Sep Oct Nov Dec
2006: Jan Feb Mar Apr May Jun Jul Aug Sep Oct Nov Dec
2005: Jan Feb Mar Apr May Jun Jul Aug Sep Oct Nov Dec
2004: Jan Feb Mar Apr May Jun Jul Aug Sep Oct Nov Dec
2003: Jan Feb Mar Apr May Jun Jul Aug Sep Oct Nov Dec

Report for 2011

Daily NOAA report



                            YEARLY CLIMATOLOGICAL SUMMARY for Dec 2011

NAME: Athelstane Weather   CITY: Athelstane STATE: Wisconsin
ELEV: 812 LAT: 045:23:00 LONG: 0088:07:00

                            TEMPERATURE ( °F), RAIN (in.), WIND SPEED (mph)

                                                 HEAT     COOL           AVG
      MEAN                                       DEG      DEG            WIND                        DOM
MTH   TEMP    HIGH   TIME      LOW     TIME      DAYS     DAYS   RAIN    SPEED    HIGH    TIME       DIR
--------------------------------------------------------------------------------------------------------
01    13.9   036.1   02:21   -16.2   07:30    1529.4    0000.0   00.00    01.8     43.7    13:27      W 
02    20.4   051.8   13:09   -19.7   07:18    1210.2    0000.0   00.00    03.3     51.8    05:40     WSW
03    28.7   058.5   14:19   -03.6   07:12    1092.9    0000.0   00.00    02.0     38.0    11:29     WSW
04    40.4   068.7   16:10    20.8   04:32    0722.4    0000.0   00.00    03.0     59.8    21:34      W 
05    53.4   087.1   15:27    23.9   05:18    0352.3    0000.4   00.00    02.7     48.3    14:08      W 
06    63.5   096.4   16:25    37.0   06:01    0105.5    0065.1   00.00    02.4     41.4    16:36      W 
07    73.3   098.2   16:15    49.1   02:28    0007.6    0248.5   00.00    02.1     43.7    15:07      W 
08    68.8   090.5   16:11    44.2   06:30    0004.5    0113.2   00.00    02.0     42.5    12:27      W 
09    56.5   087.4   14:24    28.9   05:26    0247.8    0026.0   00.00    02.1     48.3    19:15      W 
10    48.2   082.8   15:16    21.2   06:17    0483.9    0002.0   00.00    02.6     44.9    13:21      W 
11    35.2   059.0   15:25    13.1   05:20    0916.2    0000.0   00.00    02.4     40.3    19:22      W 
12    25.2   047.3   14:29   -02.2   05:00    1186.8    0000.0   00.00    02.2     42.5    13:00      W 
--------------------------------------------------------------------------------------------------------
      43.5    98.2            -19.7            7859.4     455.2   00.00     2.4     59.8               W 

Max >=  90.0: 38
Max