NOAA-Style Climate Reports


Report for 2017

Daily NOAA report




                            YEARLY CLIMATOLOGICAL SUMMARY for Dec 2017

NAME: Athelstane Weather   CITY: Athelstane STATE: Wisconsin
ELEV: 288 LAT: 045:23:60 LONG: 0088:07:60

                            TEMPERATURE ( °F), RAIN (in.), WIND SPEED (mph)

                                                 HEAT     COOL           AVG
      MEAN                                       DEG      DEG            WIND                        DOM
MTH   TEMP    HIGH   TIME      LOW     TIME      DAYS     DAYS   RAIN    SPEED    HIGH    TIME       DIR
--------------------------------------------------------------------------------------------------------
01    20.7   043.0   15:14   -12.6   22:48    1370.6    0000.0   01.33    01.1     19.6    23:53      N 
02    26.6   060.8   15:53   -07.6   06:06    1074.1    0000.0   00.80    01.5     21.9    23:57      N 
03    28.6   060.6   14:54   -04.0   07:17    1125.4    0000.0   01.48    01.7     27.6    23:57     NNE
04    43.7   075.2   14:53   -40.0   07:13    0636.9    0000.0   05.02    01.4     25.3    23:57      NE
05    51.8   080.1   17:17   -00.0   09:23    0406.8    0000.4   04.43    01.1     24.1    23:57      NE
06    64.6   090.3   15:52    40.5   02:27    0069.5    0061.3   05.57    01.3     19.6    23:54     NNE
07    67.8   090.1   17:35    39.4   05:46    0009.3    0094.7   05.08    01.0     16.1    23:51      N 
08    62.4   087.7   16:10    36.0   06:40    0107.6    0028.6   06.68    00.9     19.6    23:57     NNW
09    59.8   089.6   15:23    30.2   07:08    0192.7    0038.6   01.59    00.9     14.9    23:57     WNW
10    48.6   078.8   13:39    17.4   07:59    0507.2    0002.3   02.43    01.4     24.1    23:57      W 
11    31.2   057.2   16:13    14.5   01:13    0978.3    0000.0   01.02    02.1     19.6    23:59     WNW
12    16.3   056.5   23:25   -20.2   04:02    1505.4    0000.0   01.48    01.0     24.1    23:58      W 
--------------------------------------------------------------------------------------------------------
      43.9    90.3            -40.0            7983.9     225.9   36.91     1.2     27.6               W 

Max >=  90.0: 17
Max