NOAA-Style Climate Reports

Select a Year or Month report
2018: Jan Feb Mar Apr May Jun Jul Aug Sep Oct Nov Dec
2017: Jan Feb Mar Apr May Jun Jul Aug Sep Oct Nov Dec
2016: Jan Feb Mar Apr May Jun Jul Aug Sep Oct Nov Dec
2015: Jan Feb Mar Apr May Jun Jul Aug Sep Oct Nov Dec
2014: Jan Feb Mar Apr May Jun Jul Aug Sep Oct Nov Dec
2013: Jan Feb Mar Apr May Jun Jul Aug Sep Oct Nov Dec
2012: Jan Feb Mar Apr May Jun Jul Aug Sep Oct Nov Dec
2011: Jan Feb Mar Apr May Jun Jul Aug Sep Oct Nov Dec
2010: Jan Feb Mar Apr May Jun Jul Aug Sep Oct Nov Dec
2009: Jan Feb Mar Apr May Jun Jul Aug Sep Oct Nov Dec
2008: Jan Feb Mar Apr May Jun Jul Aug Sep Oct Nov Dec
2007: Jan Feb Mar Apr May Jun Jul Aug Sep Oct Nov Dec
2006: Jan Feb Mar Apr May Jun Jul Aug Sep Oct Nov Dec
2005: Jan Feb Mar Apr May Jun Jul Aug Sep Oct Nov Dec
2004: Jan Feb Mar Apr May Jun Jul Aug Sep Oct Nov Dec
2003: Jan Feb Mar Apr May Jun Jul Aug Sep Oct Nov Dec

Report for 2009

Daily NOAA report



                            YEARLY CLIMATOLOGICAL SUMMARY for Dec 2009

NAME: Athelstane Weather   CITY: Athelstane STATE: Wisconsin
ELEV: 812 LAT: 045:23:00 LONG: 0088:07:00

                            TEMPERATURE ( °F), RAIN (in.), WIND SPEED (mph)

                                                 HEAT     COOL           AVG
      MEAN                                       DEG      DEG            WIND                        DOM
MTH   TEMP    HIGH   TIME      LOW     TIME      DAYS     DAYS   RAIN    SPEED    HIGH    TIME       DIR
--------------------------------------------------------------------------------------------------------
01    06.9   030.6   23:27   -24.0   06:27    1574.4    0000.0   00.00    01.2     34.5    15:05      W 
02    21.0   047.3   12:09   -11.2   05:13    1181.7    0000.0   00.00    02.5     40.3    10:14      W 
03    29.0   065.1   16:16   -16.6   06:10    1080.5    0000.0   00.00    02.3     35.6    14:07      W 
04    41.8   084.2   17:01    16.9   06:19    0686.2    0000.0   00.00    02.8     42.5    23:06      W 
05    53.9   092.8   14:23    25.5   05:20    0327.2    0005.7   00.00    03.4     47.1    10:21      W 
06    62.8   100.0   15:27    32.9   06:03    0144.3    0077.8   00.00    01.8     40.3    13:07      W 
07    63.9   088.3   16:32    42.1   05:28    0057.6    0030.4   00.00    02.5     40.3    16:30      W 
08    64.1   090.1   14:06    34.5   06:20    0069.8    0051.7   00.00    01.7     44.9    16:15      W 
09    60.1   087.6   14:19    31.5   23:28    0139.7    0012.0   00.00    01.4     43.7    14:15      W 
10    41.7   068.7   15:27    25.0   07:14    0644.8    0000.0   00.00    01.7     42.5    11:30      W 
11    38.3   069.8   14:12    18.5   06:29    0767.5    0000.0   00.00    01.3     33.4    13:08      W 
12    18.6   042.3   14:25   -13.2   05:23    1384.6    0000.0   00.00    01.4     32.2    14:08      W 
--------------------------------------------------------------------------------------------------------
      42.4    100.0            -24.0            8058.2     177.6   00.00     2.0     47.2               W 

Max >=  90.0: 13
Max