NOAA-Style Climate Reports


Report for 2004

Daily NOAA report



                            YEARLY CLIMATOLOGICAL SUMMARY for Dec 2004

NAME: Athelstane Weather   CITY: Athelstane STATE: Wisconsin
ELEV: 812 LAT: 045:23:00 LONG: 0088:07:00

                            TEMPERATURE ( °F), RAIN (in.), WIND SPEED (mph)

                                                 HEAT     COOL           AVG
      MEAN                                       DEG      DEG            WIND                        DOM
MTH   TEMP    HIGH   TIME      LOW     TIME      DAYS     DAYS   RAIN    SPEED    HIGH    TIME       DIR
--------------------------------------------------------------------------------------------------------
01    13.3   036.5   11:28   -15.7   07:30    0964.4    0000.0   00.00    01.4     25.3    14:04     WNW
02    23.0   051.4   14:01   -11.9   07:02    1022.7    0000.0   00.00    01.5     26.4    15:04      W 
03    30.6   046.4   09:04   -00.0   06:17    0546.4    0000.0   00.00    02.9     31.1    19:31     WNW
04    43.1   079.5   15:18    19.2   06:29    0605.9    0000.0   00.00    02.5     38.0    23:34     WNW
05    53.1   085.6   12:30    24.3   06:27    0362.2    0004.0   00.00    02.8     33.4    11:04     WNW
06    62.7   091.8   14:04    37.8   06:02    0102.3    0032.2   00.00    02.3     28.8    17:01      W 
07    67.3   090.1   15:03    46.0   06:06    0034.5    0088.3   00.00    01.2     25.3    11:27      W 
08    62.6   086.5   16:03    39.2   06:29    0102.0    0031.8   00.00    01.6     34.5    15:02      W 
09    62.6   086.7   14:29    33.3   07:02    0096.7    0046.6   00.00    02.0     27.6    13:03      W 
10    47.6   077.0   16:04    25.2   07:04    0501.9    0000.0   00.00    02.2     32.2    10:07      W 
11    36.0   062.8   14:03    14.0   07:25    0826.9    0000.0   00.00    01.5     31.1    12:31      W 
12    21.1   044.2   13:04   -17.7   23:10    1327.8    0000.0   00.00    01.9     28.8    13:04      W 
--------------------------------------------------------------------------------------------------------
      45.0    91.8            -17.7            6493.7     202.9   00.00     2.0     38.0               W 

Max >=  90.0: 16
Max