NOAA-Style Climate Reports


Report for 2017 August
                  MONTHLY CLIMATOLOGICAL SUMMARY FOR 10/2015
                                        HEAT  COOL        
     MEAN                               DEG   DEG       WIND SPEED       DOM MEAN  MEAN
DAY  TEMP  HIGH   TIME     LOW   TIME   DAYS  DAYS RAIN AVG  HI  TIME    DIR BAROM HUM
---------------------------------------------------------------------------------------
1    45.5  62.6   3:49pm  33.1   6:40am   19    0  0.00   1  16  11:11am ESE 30.45   58
2    45.1  60.1   3:13pm  34.0   5:57am   20    0  0.00   1  17   3:17pm ESE 30.50   60
3    45.4  51.6   2:32pm  40.3  12:28am   20    0  0.00   0  14   1:03pm ESE 30.38   69
4    46.2  53.6   3:07pm  35.8   4:25am   19    0  0.00   0   9  12:52pm ESE 30.28   81
5    51.5  57.9   3:15pm  47.8   2:43am   13    0  0.00   0   6   9:52am   W 30.19   91
6    55.1  70.7   3:38pm  45.9   7:31am   10    0  0.00   1  17   2:20pm WSW 30.06   83
7    49.1  62.6   3:45pm  36.9   7:40am   16    0  0.00   1  15   1:13pm WNW 30.14   66
8    47.7  54.9   5:31pm  37.4   1:26am   17    0  0.67   1  18   9:59pm WNW 29.93   90
9    50.5  62.1   3:31pm  39.4  11:54pm   15    0  0.00   1  17   9:48am WNW 30.11   72
10   48.1  64.8   3:14pm  32.0   6:08am   15    0  0.00   3  29   3:23pm WSW 29.95   69
11   63.2  81.0   4:01pm  49.3   6:00am    5    3  0.00   2  17   9:30pm WSW 29.55   64
12   59.1  70.0  12:43pm  47.1  10:01pm    6    1  0.04   4  30   2:22pm WSW 29.34   70
13   49.3  54.5  12:20pm  41.7  11:59pm   16    0  0.00   5  27  11:35am WNW 29.62   70
14   46.0  64.4   3:50pm  30.4   7:15am   19    0  0.00   2  25   4:00pm   W 29.85   62
15   47.3  60.6   1:10pm  36.1  10:51pm   18    0  0.00   3  24   2:01pm   W 29.86   57
16   36.4  44.6   1:42pm  24.3  10:52pm   29    0  0.00   2  25   2:20pm WNW 30.20   60
17   35.3  49.3   3:56pm  24.8   3:18am   30    0  0.00   2  21  12:34pm   W 30.33   52
18   39.2  55.2   4:03pm  25.3   7:29am   26    0  0.00   1  19  12:44pm WSW 30.32   51
19
20   53.1  61.0   3:36pm  41.2  11:56pm    7    0  0.00   1  10   1:11pm WSW 30.07   55
21   52.9  72.0   4:19pm  37.2   1:43am   13    1  0.00   3  28   7:04pm WSW 29.96   60
22   47.6  61.0   3:39pm  34.9   7:35am   17    0  0.00   2  18  11:04am WNW 30.21   57
23   40.8  48.9   1:37pm  34.5   5:09am   14    0  0.00   0  10  12:27pm   E 30.27   75
---------------------------------------------------------------------------------------
TOT  48.0  81.0 10/11/15  24.3 10/16/15  364    5  0.71   2  30 10/12/15   W 30.06   67

HEAT BASE: 65.0
COOL BASE: 65.0