NOAA-Style Climate Reports

Select a Year or Month report
2021: Jan Feb Mar Apr May Jun Jul Aug Sep Oct Nov Dec
2020: Jan Feb Mar Apr May Jun Jul Aug Sep Oct Nov Dec
2019: Jan Feb Mar Apr May Jun Jul Aug Sep Oct Nov Dec
2018: Jan Feb Mar Apr May Jun Jul Aug Sep Oct Nov Dec
2017: Jan Feb Mar Apr May Jun Jul Aug Sep Oct Nov Dec
2016: Jan Feb Mar Apr May Jun Jul Aug Sep Oct Nov Dec
2015: Jan Feb Mar Apr May Jun Jul Aug Sep Oct Nov Dec
2014: Jan Feb Mar Apr May Jun Jul Aug Sep Oct Nov Dec
2013: Jan Feb Mar Apr May Jun Jul Aug Sep Oct Nov Dec
2012: Jan Feb Mar Apr May Jun Jul Aug Sep Oct Nov Dec
2011: Jan Feb Mar Apr May Jun Jul Aug Sep Oct Nov Dec
2010: Jan Feb Mar Apr May Jun Jul Aug Sep Oct Nov Dec
2009: Jan Feb Mar Apr May Jun Jul Aug Sep Oct Nov Dec
2008: Jan Feb Mar Apr May Jun Jul Aug Sep Oct Nov Dec
2007: Jan Feb Mar Apr May Jun Jul Aug Sep Oct Nov Dec
2006: Jan Feb Mar Apr May Jun Jul Aug Sep Oct Nov Dec
2005: Jan Feb Mar Apr May Jun Jul Aug Sep Oct Nov Dec
2004: Jan Feb Mar Apr May Jun Jul Aug Sep Oct Nov Dec
2003: Jan Feb Mar Apr May Jun Jul Aug Sep Oct Nov Dec

Report for 2021 January

Daily NOAA report




                            MONTHLY CLIMATOLOGICAL SUMMARY for JAN. 2021

NAME:    CITY:  STATE: 
ELEV:  LAT:  LONG: 

                            TEMPERATURE ( °F), RAIN (in.), WIND SPEED (mph)

                                               HEAT     COOL           AVG
      MEAN                                     DEG      DEG            WIND                       DOM
DAY   TEMP    HIGH   TIME     LOW    TIME      DAYS     DAYS    RAIN   SPEED    HIGH    TIME      DIR
--------------------------------------------------------------------------------------------------------
01    16.4   024.6   19:06    05.2   01:08     48.5     00.0   00.00   00.1     07.0    02:16      NW
02    18.2   026.2   14:05    06.4   05:49     46.8     00.0   00.00   00.5     08.0    10:31     WSW
03    22.3   025.9   14:13    19.9   08:36     42.7     00.0   00.00   00.8     10.0    14:11     WSW
04    23.0   025.9   00:00    19.9   08:04     41.9     00.0   00.00   00.7     07.0    14:49      SW
05    24.4   038.1   15:04    13.8   08:01     40.6     00.0   00.00   00.1     06.0    09:37      W 
06    29.0   039.4   13:22    18.0   00:01     36.0     00.0   00.04   00.1     05.0    12:15     WNW
07    30.1   033.3   13:07    27.5   07:22     34.8     00.0   00.00   00.1     05.0    13:19      E 
08    23.8   030.0   13:38    09.7   23:00     41.2     00.0   00.00   00.3     07.0    14:18     ENE
09    22.3   030.0   15:41    14.5   00:01     42.6     00.0   00.00   00.5     08.0    09:10      W 
10    23.7   026.8   12:07    20.5   00:00     41.3     00.0   00.00   00.7     09.0    22:08      W 
11    24.3   027.9   16:52    18.5   03:46     40.6     00.0   00.00   00.8     10.0    03:26      SW
12    28.3   030.9   15:35    23.7   23:58     36.7     00.0   00.00   00.5     09.0    15:16     WSW
13    28.5   040.6   12:32    16.3   00:00     36.5     00.0   00.00   00.1     06.0    00:12     WSW
14    29.8   034.5   23:17    16.3   00:03     35.1     00.0   00.00   00.5     10.0    22:39      E 
15    33.0   034.3   15:18    32.2   23:51     31.9     00.0   00.26   00.2     08.0    02:36     ENE
16    31.2   034.0   11:57    27.1   00:00     33.8     00.0   00.07   00.6     10.0    13:49     NNW
17    26.3   032.9   13:16    21.7   06:27     38.6     00.0   00.00   00.4     08.0    11:22      NW
18    22.6   027.5   14:42    14.7   00:00     42.3     00.0   00.00   01.3     12.0    21:36     WNW
19    13.8   020.5   13:03    07.2   02:43     51.1     00.0   00.00   01.0     12.0    20:09     WNW
20    12.8   021.7   22:14    01.4   06:03     52.2     00.0   00.00   01.7     14.0    15:29     WSW
21    27.8   034.7   14:50    13.6   00:00     37.1     00.0   00.00   03.2     22.0    11:06      W 
22    11.5   018.3   15:06    05.5   19:41     53.4     00.0   00.00   01.5     17.0    11:14     WNW
--------------------------------------------------------------------------------------------------------
23.8 (23.0)   40.6  day 13     01.4  day 20   905.6    000.0   00.38   00.7     22.0   day 21      W 
Max