NOAA-Style Climate Reports


Report for 2024 June

Daily NOAA report




                            MONTHLY CLIMATOLOGICAL SUMMARY for JUN. 2024

NAME: Athelstane Weahter   CITY: Athelstane STATE: WI
ELEV: 920 LAT: 045:39:60 LONG: 0088:12:43

                            TEMPERATURE ( °F), RAIN (in.), WIND SPEED (mph)

                                               HEAT     COOL           AVG
      MEAN                                     DEG      DEG            WIND                       DOM
DAY   TEMP    HIGH   TIME     LOW    TIME      DAYS     DAYS    RAIN   SPEED    HIGH    TIME      DIR
--------------------------------------------------------------------------------------------------------
01    59.3   066.6   16:51    51.1   05:39     05.6     00.0   00.04   01.0     13.8    17:01      NW
02    66.0   082.2   14:27    49.6   05:05     00.0     01.1   00.00   01.5     12.7    17:40     NNW
03    61.8   071.1   11:50    54.3   05:01     03.2     00.0   00.18   01.1     19.6    11:43     NNE
04    69.0   081.5   14:46    61.2   06:22     00.0     04.1   00.00   01.1     09.2    13:02     NNE
05    64.5   077.9   17:30    52.2   00:00     00.4     00.0   00.26   02.1     24.1    18:58      NW
06    57.5   068.4   13:07    50.7   04:18     07.5     00.0   00.15   02.8     24.1    15:44      NW
07    59.2   073.9   16:25    48.2   02:58     05.7     00.0   00.00   02.7     18.4    09:18      NW
08    57.6   072.7   15:32    45.3   05:02     07.4     00.0   00.01   01.7     16.1    15:26      NW
09    55.2   066.2   09:35    44.1   00:00     09.8     00.0   00.00   02.3     17.3    08:39     NNW
10    56.3   074.7   17:35    39.2   05:32     08.6     00.0   00.00   01.6     16.1    08:33      N 
11    52.8   066.2   16:54    33.3   05:31     12.1     00.0   00.00   01.0     11.5    12:16      N 
12    68.1   082.6   13:04    48.2   02:58     00.0     03.1   00.00   01.7     14.9    18:39     WNW
13    70.9   083.8   16:11    55.0   00:00     00.0     06.0   00.04   02.6     20.7    14:51      NW
14    64.5   080.4   15:11    50.4   05:41     00.4     00.0   00.00   01.3     09.2    17:24      N 
15    61.5   076.5   13:23    44.2   05:39     03.5     00.0   00.11   01.4     11.5    17:42      N 
16    65.0   078.4   16:58    58.1   02:45     00.0     00.1   00.22   01.2     13.8    10:37      N 
17    69.0   079.3   09:35    61.7   00:00     00.0     04.0   00.25   01.0     20.7    11:16      N 
18    75.6   089.1   16:40    58.8   05:45     00.0     10.7   00.00   01.8     14.9    14:59     WNW
19    74.6   081.1   13:25    64.9   00:00     00.0     09.6   00.00   01.8     14.9    08:52     WNW
20    67.9   078.1   18:19    58.6   06:33     00.0     03.0   00.01   01.0     06.9    15:29     NNE
21    61.9   068.0   11:24    58.1   05:38     03.1     00.0   00.39   00.8     06.9    13:30     NNE
22    60.3   065.5   16:43    56.8   05:40     04.7     00.0   00.62   01.0     05.8    23:49     NNE
23    66.1   081.0   16:40    57.2   04:01     00.0     01.2   00.00   01.9     16.1    14:34      NW
--------------------------------------------------------------------------------------------------------
63.7 (64.1)   89.1  day 18     33.3  day 11   071.9    042.8   02.27   01.6     24.2   day 05     NNW
Max >  86: 1
Min <  86: 23
Max Rain: 0.62 ON 22-06-24
Days of Rain: 12 (> .008in) 8 (> .08in) 0 (> 0.8in)