NOAA-Style Climate Reports


Report for 2024 May

Daily NOAA report




                            MONTHLY CLIMATOLOGICAL SUMMARY for MAY. 2024

NAME: Athelstane Weahter   CITY: Athelstane STATE: WI
ELEV: 920 LAT: 045:39:60 LONG: 0088:12:43

                            TEMPERATURE ( °F), RAIN (in.), WIND SPEED (mph)

                                               HEAT     COOL           AVG
      MEAN                                     DEG      DEG            WIND                       DOM
DAY   TEMP    HIGH   TIME     LOW    TIME      DAYS     DAYS    RAIN   SPEED    HIGH    TIME      DIR
--------------------------------------------------------------------------------------------------------
01    52.7   064.6   17:11    41.7   00:00     12.2     00.0   00.40   03.5     25.3    14:04     WNW
02    44.4   051.3   10:45    34.5   05:54     20.6     00.0   00.10   01.4     10.3    14:19      NE
03    57.7   075.0   15:42    43.3   03:57     07.3     00.0   00.00   02.2     18.4    13:33     WNW
04    53.2   071.8   13:20    36.7   06:00     11.8     00.0   00.17   01.8     17.3    12:28      N 
05    53.2   072.5   17:38    33.3   06:16     11.7     00.0   00.00   01.9     16.1    16:11     NNW
06    54.6   072.1   15:14    34.7   06:15     10.3     00.0   00.00   01.7     14.9    14:18     ENE
07    49.5   061.5   09:52    39.0   05:42     15.4     00.0   00.37   01.7     13.8    10:13      NE
08    57.1   072.0   15:26    46.4   23:58     07.8     00.0   00.06   01.7     13.8    18:16     NNE
09    51.8   065.8   16:50    37.4   00:00     13.2     00.0   00.00   01.8     13.8    12:31      NE
10    50.9   070.0   15:48    31.6   04:09     14.1     00.0   00.01   01.9     23.0    16:07      NW
11    52.6   068.2   16:03    38.3   00:00     12.3     00.0   00.01   02.5     20.7    15:29     NNW
12    58.3   084.4   16:24    35.1   03:33     06.6     00.0   00.04   02.3     23.0    15:53     WNW
13    57.2   073.9   14:57    42.3   06:05     07.8     00.0   00.00   01.6     12.7    12:57     NNE
14    51.8   068.8   16:58    34.5   06:01     13.1     00.0   00.00   01.6     11.5    14:49      NE
15    52.8   070.9   15:49    33.6   05:23     12.1     00.0   00.00   01.4     12.7    13:43      NE
16    48.7   061.2   18:22    35.8   03:05     16.2     00.0   00.09   00.8     08.1    15:09     NNE
17    59.0   079.0   16:27    40.6   03:56     06.0     00.0   00.00   01.3     12.7    14:46     NNW
18    66.3   085.8   15:44    45.3   06:03     00.0     01.4   00.00   01.8     18.4    13:54     WNW
19    65.6   079.3   15:09    48.7   06:17     00.0     00.7   00.00   01.8     13.8    13:53      NW
20    57.8   067.1   17:07    49.8   23:48     07.2     00.0   00.18   00.8     08.1    14:09     NNE
21    57.3   069.1   13:11    45.9   05:12     07.7     00.0   00.29   01.4     13.8    21:48      NE
22    59.0   059.0   00:00    59.0   00:00     05.9     00.0   00.00   02.3     05.8    00:00      N 
23    65.7   077.7   17:11    54.3   00:00     00.0     00.7   00.00   02.7     21.9    11:09      NW
24    54.2   063.1   11:53    43.3   05:43     10.8     00.0   00.24   01.8     16.1    14:15     ENE
25    61.3   077.0   16:55    44.8   06:00     03.6     00.0   00.04   02.4     19.6    12:54     WNW
26    57.3   063.5   12:12    51.8   05:56     07.7     00.0   00.66   01.1     05.8    23:41     NNE
27    57.8   072.0   14:18    50.7   06:12     07.2     00.0   00.13   02.0     18.4    15:51      N 
28    55.6   062.8   19:02    49.3   00:00     09.4     00.0   00.00   01.1     11.5    16:23     NNW
29    57.7   071.4   16:40    39.7   00:00     07.2     00.0   00.00   01.4     10.3    11:48     NNE
30    54.7   073.2   17:02    32.5   05:38     10.2     00.0   00.00   01.3     12.7    12:11     NNE
31    61.8   081.3   16:30    39.7   05:34     03.2     00.0   00.00   01.5     16.1    12:57      NW
--------------------------------------------------------------------------------------------------------
56.0 (56.1)   85.8  day 18     31.6  day 10   278.5    002.8   02.76   01.8     25.3   day 01      N 
Min <  86: 31
Max Rain: 0.66 ON 26-05-24
Days of Rain: 15 (> .008in) 10 (> .08in) 0 (> 0.8in)