NOAA-Style Climate Reports


Report for 2022 September

Daily NOAA report




                            MONTHLY CLIMATOLOGICAL SUMMARY for SEP. 2022

NAME:    CITY:  STATE: 
ELEV:  LAT:  LONG: 

                            TEMPERATURE ( °F), RAIN (in.), WIND SPEED (mph)

                                               HEAT     COOL           AVG
      MEAN                                     DEG      DEG            WIND                       DOM
DAY   TEMP    HIGH   TIME     LOW    TIME      DAYS     DAYS    RAIN   SPEED    HIGH    TIME      DIR
--------------------------------------------------------------------------------------------------------
01    69.8   086.4   15:58    51.3   06:45     00.0     04.8   00.00   00.9     12.0    11:23     WNW
02    70.9   080.4   12:12    63.0   02:49     00.0     06.0   00.00   01.3     17.0    13:40      W 
03    63.8   073.6   15:34    46.6   00:00     01.2     00.0   00.00   01.3     09.0    12:34     NNE
04    57.5   074.6   16:33    43.5   02:52     07.4     00.0   00.00   01.0     08.0    14:28      NE
05    55.9   074.5   15:37    44.6   00:00     09.0     00.0   00.00   01.0     09.0    13:45     ENE
06    59.1   078.8   16:13    41.9   06:30     05.9     00.0   00.00   00.6     09.0    13:44     NNE
07    69.9   084.7   14:44    48.0   03:39     00.0     05.0   00.00   00.4     08.0    13:11      N 
08    84.6   084.6   00:00    84.6   00:00     00.0     19.7   00.00   00.0     02.0    00:00     NNE
09    84.6   084.6   00:00    84.6   00:00     00.0     19.7   00.00   00.0     02.0    00:00     NNE
10    84.6   084.6   00:00    84.6   00:00     00.0     19.7   00.00   00.0     02.0    00:00     NNE
11    84.6   084.6   00:00    84.6   00:00     00.0     19.7   00.00   00.0     02.0    00:00     NNE
12    84.6   084.6   00:00    84.6   00:00     00.0     19.7   00.00   00.0     02.0    00:00     NNE
13    84.6   084.6   00:00    84.6   00:00     00.0     19.7   00.00   00.0     02.0    00:00     NNE
14    84.6   084.6   00:00    84.6   00:00     00.0     19.7   00.00   00.0     02.0    00:00     NNE
15    84.6   084.6   00:00    84.6   00:00     00.0     19.7   00.00   00.0     02.0    00:00      N 
16    76.7   084.6   08:47    61.7   08:48     00.0     11.7   00.01   00.6     07.0    15:58     NNW
17    68.8   081.9   13:57    59.9   07:19     00.0     03.9   00.00   00.8     14.0    14:16      NW
18    67.4   077.9   14:41    60.6   05:45     00.0     02.4   00.00   00.8     09.0    14:35     WNW
19    64.3   080.6   16:57    50.7   06:34     00.7     00.0   00.00   00.9     12.0    14:40      NW
20    65.4   079.5   17:03    50.0   03:44     00.0     00.5   00.06   00.7     10.0    14:38      N 
21    62.0   071.6   15:31    50.9   00:00     02.9     00.0   00.00   01.7     16.0    19:02      NW
22    48.9   060.6   15:21    40.8   03:36     16.1     00.0   00.00   01.8     13.0    11:27     WNW
23    51.9   061.2   13:26    47.3   09:59     13.1     00.0   00.00   00.7     13.0    12:53      N 
24    50.6   053.6   15:31    46.8   07:39     14.4     00.0   00.09   00.7     11.0    04:33      NE
25    51.9   063.1   16:04    47.8   20:47     13.0     00.0   00.17   01.2     14.0    18:54     NNW
26    49.9   055.6   11:35    40.1   00:00     15.0     00.0   00.00   02.1     18.0    16:52      NW
27    43.9   051.6   15:13    37.0   00:00     21.0     00.0   00.00   01.7     15.0    15:38     NNW
28    42.1   055.6   14:44    29.1   07:31     22.9     00.0   00.00   00.6     10.0    12:19     NNE
29    43.9   063.3   16:14    28.2   06:57     21.1     00.0   00.00   00.8     12.0    14:42      NE
30    49.5   070.0   16:21    32.5   07:15     15.5     00.0   00.00   00.8     12.0    13:49      NE
--------------------------------------------------------------------------------------------------------
65.4 (65.7)   86.4  day 01     28.2  day 29   179.2    191.6   00.33   00.7     18.0   day 22      N 
Max >=  86: 1
Min  .008in) 2 (> .08in) 0 (> 0.8in)