NOAA-Style Climate Reports


Report for 2022 August

Daily NOAA report




                            MONTHLY CLIMATOLOGICAL SUMMARY for AUG. 2022

NAME:    CITY:  STATE: 
ELEV:  LAT:  LONG: 

                            TEMPERATURE ( °F), RAIN (in.), WIND SPEED (mph)

                                               HEAT     COOL           AVG
      MEAN                                     DEG      DEG            WIND                       DOM
DAY   TEMP    HIGH   TIME     LOW    TIME      DAYS     DAYS    RAIN   SPEED    HIGH    TIME      DIR
--------------------------------------------------------------------------------------------------------
01    70.1   081.3   14:46    55.9   00:00     00.0     05.2   00.09   01.4     16.0    12:50      NW
02    64.6   080.6   15:19    48.2   06:19     00.3     00.0   00.01   01.2     13.0    13:01     ENE
03    74.7   089.4   16:50    64.8   01:31     00.0     09.7   00.28   01.8     19.0    04:42     WNW
04    69.1   084.7   16:01    55.0   06:25     00.0     04.2   00.00   00.7     09.0    17:41     NNE
05    69.0   084.9   15:07    51.3   06:04     00.0     04.1   00.00   01.0     13.0    15:42      NE
06    75.3   090.1   14:34    61.5   03:11     00.0     10.4   00.05   01.0     15.0    12:56      NW
07    66.6   072.5   00:04    61.3   00:00     00.0     01.6   00.54   00.8     05.0    12:19     NNE
08    60.6   073.6   17:33    50.7   00:00     04.4     00.0   01.19   01.2     11.0    12:50     NNE
09    63.9   083.7   17:14    44.2   06:21     01.1     00.0   00.00   00.7     09.0    17:16     NNW
10    69.1   084.9   15:18    54.0   00:00     00.0     04.1   00.00   01.0     12.0    10:59     NNW
11    62.6   079.7   18:43    48.6   05:56     02.3     00.0   00.00   00.7     09.0    14:09     NNE
12    60.1   076.1   15:16    42.4   05:02     04.8     00.0   00.15   00.6     08.0    14:43     NNE
13    58.8   061.5   16:03    56.5   06:02     06.1     00.0   01.27   01.4     18.0    09:41     ENE
14    61.5   068.4   17:07    57.4   00:57     03.4     00.0   00.13   00.3     05.0    13:12     NNE
15    66.1   082.9   18:30    54.1   06:25     00.0     01.2   00.00   00.4     07.0    12:17     NNE
16    65.9   083.0   16:03    49.3   05:48     00.0     01.0   00.00   00.5     10.0    12:49     NNE
17    68.4   084.1   16:14    52.5   05:49     00.0     03.5   00.00   00.6     10.0    15:45     NNW
18    68.5   081.0   13:38    59.4   03:53     00.0     03.5   00.09   00.7     14.0    15:55      NW
19    68.5   078.8   15:35    59.9   07:06     00.0     03.6   00.00   00.8     14.0    11:47     NNW
20    68.1   071.2   11:17    62.2   06:18     00.0     03.1   00.33   00.8     07.0    11:28     WNW
21    70.5   080.6   15:12    54.5   00:00     00.0     05.5   00.00   00.9     09.0    14:49     WNW
22    65.0   083.5   18:07    47.5   06:38     00.0     00.1   00.00   00.5     08.0    11:24      N 
23    68.4   086.9   15:58    55.0   04:15     00.0     03.5   00.05   00.6     08.0    12:34     NNW
24    67.8   084.4   13:03    57.7   06:38     00.0     02.9   00.98   00.7     19.0    14:14      N 
25    65.4   068.7   11:29    52.7   23:57     00.0     00.5   00.00   00.7     07.0    20:03     NNE
26    63.0   079.0   16:15    49.1   06:31     02.0     00.0   00.00   00.5     08.0    14:46      N 
27    61.6   070.7   11:30    50.7   06:33     03.3     00.0   00.00   00.8     17.0    12:35     NNE
28    66.7   072.0   11:26    61.2   07:04     00.0     01.7   00.20   00.6     07.0    14:09      NE
29    71.8   083.5   14:41    62.4   00:00     00.0     06.9   00.00   01.7     21.0    15:07      W 
30    66.0   076.3   17:00    58.1   04:39     00.0     01.0   00.00   01.5     14.0    10:53      NW
31    67.2   082.0   15:57    56.8   23:26     00.0     02.2   00.00   02.3     21.0    15:09     WNW
--------------------------------------------------------------------------------------------------------
66.6 (67.0)   90.1  day 06     42.4  day 12   027.8    079.5   05.32   00.9     21.0   day 31     NNW
Max >=  86: 3
Min  .008in) 11 (> .08in) 3 (> 0.8in)