NOAA-Style Climate Reports


Report for 2022 June

Daily NOAA report




                            MONTHLY CLIMATOLOGICAL SUMMARY for JUN. 2022

NAME:    CITY:  STATE: 
ELEV:  LAT:  LONG: 

                            TEMPERATURE ( °F), RAIN (in.), WIND SPEED (mph)

                                               HEAT     COOL           AVG
      MEAN                                     DEG      DEG            WIND                       DOM
DAY   TEMP    HIGH   TIME     LOW    TIME      DAYS     DAYS    RAIN   SPEED    HIGH    TIME      DIR
--------------------------------------------------------------------------------------------------------
01    62.2   074.7   17:09    50.0   05:39     02.8     00.0   00.00   01.9     14.0    03:10      NW
02    59.2   076.8   15:04    41.2   05:20     05.7     00.0   00.06   01.0     20.0    16:02     NNW
03    55.3   068.7   17:50    40.6   00:00     09.7     00.0   00.00   01.8     22.0    12:42      NW
04    58.1   077.2   16:26    36.3   05:25     06.8     00.0   00.00   01.3     21.0    15:56      W 
05    61.4   076.0   16:05    43.7   05:49     03.5     00.0   00.00   00.9     10.0    17:39     WNW
06    58.1   068.7   17:50    52.0   00:00     06.8     00.0   00.25   01.0     08.0    03:37      NE
07    59.2   074.8   16:31    47.3   03:57     05.7     00.0   00.00   01.0     09.0    11:22      N 
08    57.9   071.1   16:51    46.6   02:02     07.1     00.0   00.08   00.9     11.0    19:52      NE
09    61.5   076.3   17:42    47.7   05:20     03.5     00.0   00.01   01.4     14.0    10:45      NW
10    64.7   080.6   15:44    45.3   05:42     00.3     00.0   00.00   00.6     14.0    13:22     NNE
11    55.8   065.3   11:36    44.2   04:31     09.1     00.0   00.48   00.7     08.0    11:57     NNE
12    56.3   071.6   17:16    41.2   05:46     08.6     00.0   00.00   01.0     08.0    15:41     ENE
13    55.3   066.0   12:22    43.3   03:15     09.6     00.0   00.09   00.9     08.0    17:27     ENE
14    65.8   078.3   19:13    55.0   00:35     00.0     00.8   00.00   01.3     12.0    15:55     ENE
15    75.7   091.4   14:20    64.9   23:54     00.0     10.8   00.16   01.1     17.0    18:51     WNW
16    68.7   078.6   16:22    57.2   05:26     00.0     03.8   00.00   02.6     24.0    17:18      W 
17    66.2   078.1   17:26    49.4   00:00     00.0     01.2   00.00   01.7     13.0    11:11      NW
18    58.7   076.3   16:21    40.5   05:58     06.3     00.0   00.00   00.9     07.0    16:52      NE
19    63.8   079.2   16:15    43.9   03:12     01.1     00.0   00.00   01.2     11.0    16:08     ENE
20    78.6   096.8   17:03    55.8   05:12     00.0     13.7   00.00   01.5     17.0    18:28     WNW
21    80.4   093.7   15:43    70.5   05:25     00.0     15.4   00.00   01.6     17.0    15:25      W 
22    71.5   082.9   15:28    51.4   00:00     00.0     06.6   00.00   01.5     16.0    12:49      NW
23    69.1   088.3   17:29    45.3   05:24     00.0     04.2   00.00   01.1     14.0    15:48     WNW
24    74.4   088.2   13:15    63.7   05:03     00.0     09.4   00.00   00.9     13.0    13:10      NW
25    70.0   077.5   09:20    57.9   05:52     00.0     05.0   00.00   00.3     07.0    20:58      NW
26    63.6   072.3   13:50    47.3   00:00     01.3     00.0   00.01   02.8     21.0    18:46     WNW
27    59.6   075.9   18:27    44.8   05:02     05.4     00.0   00.00   01.4     13.0    14:46      NW
28    61.7   077.2   15:15    51.3   02:04     03.2     00.0   00.07   01.1     09.0    15:49      W 
29    61.9   075.2   16:36    52.7   06:53     03.1     00.0   00.00   01.0     10.0    15:35     ENE
30    69.6   081.3   15:57    56.8   05:26     00.0     04.6   00.02   01.8     19.0    14:25      W 
--------------------------------------------------------------------------------------------------------
64.1 (63.8)   96.8  day 20     36.3  day 04   099.5    075.6   01.23   01.3     24.0   day 16      NW
Max >=  86: 5
Min  .008in) 5 (> .08in) 0 (> 0.8in)