NOAA-Style Climate Reports


Report for 2022 April

Daily NOAA report




                            MONTHLY CLIMATOLOGICAL SUMMARY for APR. 2022

NAME:    CITY:  STATE: 
ELEV:  LAT:  LONG: 

                            TEMPERATURE ( °F), RAIN (in.), WIND SPEED (mph)

                                               HEAT     COOL           AVG
      MEAN                                     DEG      DEG            WIND                       DOM
DAY   TEMP    HIGH   TIME     LOW    TIME      DAYS     DAYS    RAIN   SPEED    HIGH    TIME      DIR
--------------------------------------------------------------------------------------------------------
01    33.8   047.8   16:48    25.9   05:40     31.2     00.0   00.03   01.0     11.0    14:44      NW
02    33.2   039.2   17:46    28.8   02:10     31.8     00.0   00.02   00.3     05.0    16:02     SSW
03    36.9   046.9   11:35    25.7   07:06     28.0     00.0   00.00   00.6     06.0    19:24      E 
04    33.7   036.9   16:34    31.8   07:26     31.3     00.0   00.30   00.1     04.0    04:28     ENE
05    34.2   038.3   16:42    31.1   07:04     30.8     00.0   00.21   00.7     10.0    19:17      E 
06    40.2   051.8   14:52    34.7   00:20     24.8     00.0   00.79   01.3     21.0    14:39      S 
07    37.1   041.7   16:49    32.0   00:00     27.9     00.0   00.13   00.4     07.0    00:00     SSE
08    32.4   034.9   13:54    29.8   07:04     32.5     00.0   00.00   01.7     11.0    14:08      NW
09    37.9   049.9   14:16    25.3   00:00     27.0     00.0   00.00   01.7     13.0    11:14      NW
10    38.8   055.4   14:51    21.2   06:51     26.1     00.0   00.00   01.2     22.0    15:30     ESE
11    45.1   059.9   16:48    29.3   07:00     19.9     00.0   00.00   02.9     28.0    12:31      W 
12    41.5   058.3   11:14    25.2   06:43     23.4     00.0   00.10   00.7     13.0    15:03     ENE
13    42.9   049.1   13:20    36.2   00:00     22.0     00.0   00.93   00.9     13.0    23:33      NE
14    33.2   037.6   17:37    29.5   06:47     31.8     00.0   00.08   04.4     27.0    17:20     WSW
15    30.5   037.9   16:14    25.0   07:24     34.4     00.0   00.00   04.0     24.0    09:11      W 
16    29.5   034.5   15:43    25.0   08:34     35.4     00.0   00.00   02.2     17.0    12:07     WNW
17    34.2   045.5   16:28    25.0   06:21     30.8     00.0   00.00   01.1     12.0    13:10      SE
18    33.1   038.7   15:22    29.3   05:40     31.8     00.0   00.34   00.3     06.0    23:29     ESE
19    36.9   049.1   16:42    28.0   23:00     28.0     00.0   00.01   01.2     14.0    12:14     NNW
20    33.9   047.5   13:24    27.7   02:24     31.0     00.0   00.43   01.1     18.0    15:12      E 
21    43.8   056.3   16:33    29.3   00:00     21.2     00.0   00.01   02.5     16.0    10:42      W 
22    39.6   050.4   14:57    25.5   04:41     25.4     00.0   00.11   01.3     14.0    14:58      E 
23    51.8   063.9   16:48    40.1   00:11     13.2     00.0   00.03   01.3     09.0    08:18     ESE
24    61.1   074.5   14:40    49.1   00:00     03.8     00.0   00.04   03.7     29.0    16:03     WSW
25    44.0   049.1   00:15    36.1   00:00     21.0     00.0   00.00   02.1     15.0    16:52      W 
26    32.9   038.5   13:22    26.8   00:00     32.1     00.0   00.00   01.7     15.0    10:27      NW
27    35.3   051.4   16:13    22.5   03:59     29.6     00.0   00.00   00.8     12.0    11:01     NNE
28    37.7   054.3   16:41    16.2   05:57     27.2     00.0   00.00   01.3     14.0    13:00      E 
29    53.4   061.2   13:50    32.0   07:04     11.5     00.0   00.00   01.9     17.0    10:22     ESE
30    42.3   048.4   11:41    39.7   05:15     22.6     00.0   00.90   01.0     12.0    11:42     ENE
--------------------------------------------------------------------------------------------------------
38.7 (38.9)   74.5  day 24     16.2  day 28   787.4    000.0   04.45   01.5     29.0   day 24      W 
Min  .08in) 2 (> 0.8in)