NOAA-Style Climate Reports


Report for 2022 February

Daily NOAA report




                            MONTHLY CLIMATOLOGICAL SUMMARY for FEB. 2022

NAME:    CITY:  STATE: 
ELEV:  LAT:  LONG: 

                            TEMPERATURE ( °F), RAIN (in.), WIND SPEED (mph)

                                               HEAT     COOL           AVG
      MEAN                                     DEG      DEG            WIND                       DOM
DAY   TEMP    HIGH   TIME     LOW    TIME      DAYS     DAYS    RAIN   SPEED    HIGH    TIME      DIR
--------------------------------------------------------------------------------------------------------
01    29.5   038.3   12:58    15.1   00:00     35.5     00.0   00.00   02.9     21.0    13:24     WSW
02    11.2   016.3   13:06    07.5   08:20     53.7     00.0   00.00   01.2     13.0    00:34      NW
03    04.7   014.5   15:17   -08.7   00:00     60.3     00.0   00.00   00.4     06.0    14:19      N 
04    00.9   015.1   14:25   -08.7   09:42     64.0     00.0   00.00   00.1     04.0    22:18      N 
05    06.2   015.3   00:00   -07.6   07:11     58.8     00.0   00.00   00.8     11.0    16:16      SW
06    20.2   026.4   14:47    14.4   07:22     44.8     00.0   00.00   00.4     06.0    10:39     WSW
07    18.2   029.3   15:33    07.9   22:23     46.8     00.0   00.00   00.7     11.0    10:15     WNW
08    23.5   033.3   15:42    09.3   07:48     41.4     00.0   00.00   00.6     11.0    13:54     SSW
09    28.1   039.0   11:42    17.6   02:16     36.8     00.0   00.06   01.9     16.0    15:01      W 
10    22.5   027.9   15:19    19.9   07:37     42.4     00.0   00.00   01.8     14.0    02:43      W 
11    22.1   034.9   10:26    04.9   00:00     42.8     00.0   00.01   01.6     17.0    23:32      NW
12    02.8   012.2   15:14   -09.8   00:00     62.1     00.0   00.00   00.8     15.0    00:31     NNW
13    00.2   017.2   15:42   -13.5   07:50     64.7     00.0   00.00   00.4     08.0    11:38     ENE
14    03.8   021.9   15:48   -13.2   06:45     61.1     00.0   00.00   00.6     10.0    10:35     WSW
15    10.3   026.6   22:19   -13.0   07:05     54.6     00.0   00.00   01.0     17.0    20:12     SSE
16    27.6   040.6   17:16    14.9   07:14     37.3     00.0   00.00   00.5     12.0    21:31     NNW
17    13.9   022.1   00:04   -03.5   00:00     51.1     00.0   00.00   00.9     14.0    10:34     NNW
18    03.8   020.5   19:12   -15.3   06:45     61.2     00.0   00.00   02.0     27.0    20:07      W 
19    09.6   018.1   15:32    00.7   07:23     55.3     00.0   00.00   03.2     21.0    03:40      W 
20    27.0   046.2   15:30    12.2   04:54     37.9     00.0   00.07   02.1     18.0    11:23     WSW
21    16.0   023.2   00:03    09.5   00:00     49.0     00.0   00.00   00.9     08.0    16:27     ENE
22    13.9   019.8   12:12    09.5   00:13     51.0     00.0   00.00   01.0     11.0    21:47     NNE
23    11.0   022.5   15:04    00.3   20:35     53.9     00.0   00.00   01.0     12.0    09:35      NW
24    10.6   022.8   12:57   -06.2   07:15     54.3     00.0   00.00   00.3     08.0    16:04     ESE
25    15.0   025.7   15:37    04.3   23:39     49.9     00.0   00.00   00.8     10.0    17:05     WNW
26    19.0   033.3   15:28    00.7   03:22     46.0     00.0   00.00   03.2     23.0    15:18     WSW
27    24.2   033.8   15:17    11.7   06:05     40.8     00.0   00.00   01.1     15.0    11:01     WNW
28    22.2   030.2   13:07    15.1   04:55     42.7     00.0   00.00   00.3     11.0    11:17     ENE
--------------------------------------------------------------------------------------------------------
14.9 (14.3)   46.2  day 20    -15.3  day 18   1400.4    000.0   00.15   01.2     27.0   day 18      W 
Max