NOAA-Style Climate Reports


Report for 2021 August

Daily NOAA report




                            MONTHLY CLIMATOLOGICAL SUMMARY for AUG. 2021

NAME:    CITY:  STATE: 
ELEV:  LAT:  LONG: 

                            TEMPERATURE ( °F), RAIN (in.), WIND SPEED (mph)

                                               HEAT     COOL           AVG
      MEAN                                     DEG      DEG            WIND                       DOM
DAY   TEMP    HIGH   TIME     LOW    TIME      DAYS     DAYS    RAIN   SPEED    HIGH    TIME      DIR
--------------------------------------------------------------------------------------------------------
01    63.9   075.9   15:48    53.8   08:13     01.0     00.0   00.00   00.7     10.0    08:50      W 
02    65.6   081.7   16:49    47.3   06:24     00.0     00.6   00.00   00.7     10.0    09:48     WSW
03    69.5   083.5   16:16    54.7   04:57     00.0     04.6   00.00   00.6     09.0    10:43     WSW
04    72.9   087.1   20:07    57.0   06:24     00.0     07.9   00.00   01.0     08.0    12:28      W 
05    70.2   083.3   14:37    55.9   06:21     00.0     05.2   00.00   01.1     14.0    15:01     WSW
06    72.0   083.1   17:57    64.0   05:08     00.0     07.0   00.00   00.7     08.0    11:20      W 
07    66.5   073.9   13:37    61.0   03:48     00.0     01.6   00.47   00.5     08.0    13:19     ESE
08    71.3   081.5   16:19    67.4   00:01     00.0     06.3   00.51   00.4     09.0    11:23      S 
09    73.0   083.8   16:07    65.7   00:00     00.0     08.1   00.00   00.4     07.0    12:08      SE
10    73.5   085.8   14:30    64.8   01:02     00.0     08.6   00.00   00.6     10.0    13:20     SSE
11    72.0   079.3   13:20    66.2   06:54     00.0     07.0   00.03   01.3     13.0    13:03      NW
12    73.0   083.5   16:02    57.0   00:00     00.0     08.0   00.00   01.7     15.0    16:13      NW
13    62.3   078.3   15:45    47.5   06:01     02.6     00.0   00.00   00.7     11.0    16:35      W 
14    63.8   083.1   16:03    43.9   06:13     01.2     00.0   00.00   00.5     10.0    15:24      W 
15    68.3   085.8   15:32    50.2   06:34     00.0     03.3   00.00   00.8     15.0    15:30      W 
16    68.2   082.2   12:39    52.5   06:47     00.0     03.2   00.00   00.6     10.0    12:24      SW
17    68.1   084.7   16:03    50.9   06:41     00.0     03.2   00.00   00.8     14.0    13:27      SW
18    74.9   086.7   14:08    54.3   06:17     00.0     09.9   00.00   00.7     09.0    12:49      W 
19    83.4   090.1   16:09    65.1   00:00     00.0     18.5   00.00   00.9     09.0    13:13     NNW
20    77.1   086.9   12:22    58.3   06:26     00.0     12.2   00.00   02.1     09.0    12:19     WSW
21    80.9   087.1   16:34    69.6   00:00     00.0     15.9   00.00   02.6     14.0    17:55     WSW
22    69.7   081.9   15:42    48.4   06:38     00.0     04.7   00.00   01.0     08.0    15:08     WSW
23    71.0   086.7   15:50    53.2   06:30     00.0     06.1   00.00   00.8     12.0    17:38     WSW
24    71.7   075.7   18:02    59.5   07:00     00.0     06.7   00.13   00.1     09.0    15:36     SSW
25    75.1   087.8   17:15    63.9   01:03     00.0     10.1   00.00   00.7     10.0    13:22      W 
26    68.4   083.3   14:06    52.9   06:53     00.0     03.5   00.00   00.3     07.0    13:38     WSW
27    64.7   070.3   18:04    57.7   05:25     00.2     00.0   00.26   00.3     10.0    11:21      E 
28    74.2   085.3   15:00    65.5   06:10     00.0     09.3   00.16   00.5     12.0    13:34      SW
29    72.4   082.0   16:08    61.9   23:35     00.0     07.5   00.20   01.8     20.0    11:12      W 
30    68.5   081.5   15:07    57.7   05:09     00.0     03.6   00.00   00.9     12.0    14:17     WNW
31    63.8   078.1   15:43    51.6   23:37     01.2     00.0   00.00   00.1     06.0    14:10     ESE
--------------------------------------------------------------------------------------------------------
70.6 (70.0)   90.1  day 19     43.9  day 14   006.2    182.8   01.75   00.8     20.0   day 29      W 
Max >=  86: 7
Min  .008in) 6 (> .08in) 0 (> 0.8in)