NOAA-Style Climate Reports


Report for 2021 June

Daily NOAA report




                            MONTHLY CLIMATOLOGICAL SUMMARY for JUN. 2021

NAME:    CITY:  STATE: 
ELEV:  LAT:  LONG: 

                            TEMPERATURE ( °F), RAIN (in.), WIND SPEED (mph)

                                               HEAT     COOL           AVG
      MEAN                                     DEG      DEG            WIND                       DOM
DAY   TEMP    HIGH   TIME     LOW    TIME      DAYS     DAYS    RAIN   SPEED    HIGH    TIME      DIR
--------------------------------------------------------------------------------------------------------
01    60.9   075.9   16:47    43.7   06:07     04.0     00.0   00.00   00.6     11.0    15:23      S 
02    66.7   079.0   13:07    46.0   05:53     00.0     01.8   00.00   01.6     10.0    12:53      NE
03    73.4   081.3   12:17    62.1   00:00     00.0     08.4   00.01   01.5     09.0    15:56     NNW
04    72.5   092.1   17:37    53.4   05:32     00.0     07.6   00.00   01.0     18.0    16:53      W 
05    80.7   097.2   16:10    68.2   06:22     00.0     15.8   00.00   01.6     19.0    17:38     WSW
06    79.5   091.2   15:36    67.1   05:56     00.0     14.6   00.00   01.6     17.0    14:15     WSW
07    78.1   091.8   14:03    63.1   04:29     00.0     13.2   00.00   00.9     14.0    13:15     WSW
08    79.0   095.4   14:36    64.8   05:55     00.0     14.0   00.03   00.7     12.0    19:13     WNW
09    75.9   091.8   15:09    64.0   03:44     00.0     11.0   00.00   00.6     12.0    17:22      E 
10    74.8   090.6   12:25    58.5   05:37     00.0     09.8   00.03   00.7     09.0    15:19      SE
11    71.4   088.2   15:07    59.5   00:00     00.0     06.5   00.00   00.7     12.0    17:43     ESE
12    69.9   088.3   15:32    55.4   05:39     00.0     05.0   00.00   00.7     13.0    15:59     WSW
13    69.4   090.3   16:03    51.3   04:27     00.0     04.5   00.20   00.9     12.0    12:57     WNW
14    65.5   081.3   17:24    53.4   06:04     00.0     00.5   00.00   00.9     17.0    15:09      NW
15    65.6   081.7   15:18    47.1   00:00     00.0     00.6   00.00   00.6     11.0    14:12      NE
16    63.1   079.5   14:48    39.0   05:48     01.8     00.0   00.00   00.6     08.0    14:45     WSW
17    72.5   089.6   16:18    51.6   05:34     00.0     07.5   00.00   01.2     16.0    14:37     WSW
18    77.7   088.9   16:07    57.7   00:00     00.0     12.8   00.00   01.9     24.0    11:38     WNW
19    65.2   078.4   13:31    53.2   04:10     00.0     00.3   00.01   00.6     12.0    14:07      E 
20    63.9   074.7   13:07    51.6   05:57     01.0     00.0   00.52   00.5     10.0    15:44     ESE
21    56.6   065.5   18:04    43.3   23:14     08.4     00.0   00.23   01.5     18.0    10:43      NW
22    56.0   069.8   16:00    43.9   01:32     09.0     00.0   00.00   01.0     19.0    11:27     WNW
23    64.3   079.9   13:56    40.1   05:50     00.6     00.0   00.00   01.4     12.0    13:21      W 
24    67.1   078.1   15:57    60.1   07:47     00.0     02.2   00.18   00.5     11.0    10:00      SW
25    68.6   080.1   16:11    61.5   04:44     00.0     03.7   00.00   00.3     06.0    15:52      SE
26    63.0   069.3   11:08    56.8   05:48     02.0     00.0   00.20   00.0     05.0    14:51     ENE
27    64.0   077.9   16:44    55.2   06:19     00.9     00.0   00.31   00.2     06.0    17:02     WSW
28    70.1   082.0   13:52    55.6   05:36     00.0     05.1   00.01   00.7     12.0    13:15      SW
29    67.8   079.3   15:50    61.7   00:00     00.0     02.8   00.32   00.4     12.0    16:23     WNW
30    75.0   086.4   13:24    57.7   05:20     00.0     10.0   00.00   01.8     06.0    13:32     WNW
--------------------------------------------------------------------------------------------------------
69.3 (69.0)   97.2  day 05     39.0  day 16   027.7    157.7   02.04   00.9     24.0   day 18      W 
Max >=  86: 13
Min  .008in) 7 (> .08in) 0 (> 0.8in)