NOAA-Style Climate Reports


Report for 2021 February

Daily NOAA report




                            MONTHLY CLIMATOLOGICAL SUMMARY for FEB. 2021

NAME:    CITY:  STATE: 
ELEV:  LAT:  LONG: 

                            TEMPERATURE ( °F), RAIN (in.), WIND SPEED (mph)

                                               HEAT     COOL           AVG
      MEAN                                     DEG      DEG            WIND                       DOM
DAY   TEMP    HIGH   TIME     LOW    TIME      DAYS     DAYS    RAIN   SPEED    HIGH    TIME      DIR
--------------------------------------------------------------------------------------------------------
01    25.1   036.5   15:23    14.4   07:28     39.8     00.0   00.02   00.4     12.0    12:02     NNW
02    25.8   037.2   15:30    09.1   00:00     39.2     00.0   00.01   00.6     10.0    12:25      NW
03    19.7   036.0   14:28    01.4   07:53     45.2     00.0   00.00   00.5     08.0    13:24      SW
04    29.2   033.3   11:22    21.7   00:00     35.7     00.0   00.00   00.6     11.0    23:41      SW
05    10.5   021.7   00:04    03.0   00:00     54.4     00.0   00.00   02.5     16.0    14:19      W 
06    01.1   011.1   15:17   -08.3   21:20     63.8     00.0   00.00   02.6     21.0    13:16      W 
07   -06.6   007.5   15:36   -16.6   06:28     71.5     00.0   00.00   01.6     13.0    12:02      W 
08   -03.7   009.9   15:34   -17.7   00:00     68.6     00.0   00.00   01.1     13.0    15:17      W 
09   -04.9   012.9   15:22   -23.8   03:56     69.9     00.0   00.00   01.2     14.0    15:09     WSW
10   -02.0   007.0   00:00   -18.6   02:54     66.9     00.0   00.00   00.4     09.0    09:29     WNW
11    07.2   013.8   13:30   -08.9   08:12     57.7     00.0   00.00   00.3     10.0    12:12     NNW
12    06.0   059.0   09:34   -02.2   00:00     58.9     00.0   00.00   00.5     09.0    15:26     NNW
13    00.4   008.6   15:08   -06.9   00:00     64.5     00.0   00.00   00.7     12.0    19:22      NW
14   -03.9   008.1   15:38   -12.5   07:09     68.8     00.0   00.00   01.3     15.0    12:19      NW
15   -03.1   008.8   15:37   -19.8   07:33     68.0     00.0   00.00   00.6     09.0    11:05     NNW
16    06.6   023.5   15:43   -09.2   00:00     58.3     00.0   00.00   00.6     12.0    12:27      NW
17    04.2   024.8   15:29   -18.9   07:09     60.7     00.0   00.00   00.6     11.0    12:36     SSW
18    16.7   027.0   13:09    01.2   00:04     48.3     00.0   00.00   00.4     10.0    13:48      S 
19    16.6   025.2   13:42    08.1   00:00     48.3     00.0   00.00   00.4     06.0    14:17     WSW
20    11.3   027.9   15:28   -04.2   07:32     53.6     00.0   00.00   00.8     10.0    16:14     WSW
21    17.4   032.2   14:02   -04.4   06:55     47.5     00.0   00.00   00.4     08.0    14:36      S 
22    30.9   037.9   13:55    20.3   07:04     34.1     00.0   00.11   01.6     17.0    16:12     WSW
23    38.5   049.1   15:12    29.5   03:03     26.4     00.0   00.39   02.0     20.0    12:10      W 
24    30.6   039.4   13:21    16.3   00:00     34.3     00.0   00.32   00.5     16.0    11:32     NNW
25    25.8   039.6   15:29    12.6   04:08     39.1     00.0   00.01   01.3     17.0    11:36      W 
26    28.9   042.4   13:58    13.8   03:04     36.0     00.0   00.00   01.7     21.0    11:28      SW
27    36.3   052.9   15:08    21.9   07:22     28.7     00.0   00.00   01.4     26.0    13:21     WSW
28    31.9   039.9   11:23    26.1   23:37     33.1     00.0   00.02   01.6     23.0    20:19      NW
--------------------------------------------------------------------------------------------------------
14.2 (14.3)   59.0  day 12    -23.8  day 09   1421.5    000.0   00.89   01.0     26.0   day 28      W 
Max