NOAA-Style Climate Reports


Report for 2020 August

Daily NOAA report




                            MONTHLY CLIMATOLOGICAL SUMMARY for AUG. 2020

NAME:    CITY:  STATE: 
ELEV:  LAT:  LONG: 

                            TEMPERATURE ( °F), RAIN (in.), WIND SPEED (mph)

                                               HEAT     COOL           AVG
      MEAN                                     DEG      DEG            WIND                       DOM
DAY   TEMP    HIGH   TIME     LOW    TIME      DAYS     DAYS    RAIN   SPEED    HIGH    TIME      DIR
--------------------------------------------------------------------------------------------------------
01    69.4   084.9   16:51    52.5   06:18     00.0     04.4   00.00   00.5     10.3    14:36     SSW
02    61.2   065.7   10:20    56.3   00:00     03.7     00.0   00.08   00.5     09.2    18:04     WNW
03    59.0   069.6   14:02    46.7   00:00     05.9     00.0   00.00   00.5     11.5    11:22     NNW
04    57.9   073.8   15:48    43.2   05:30     07.0     00.0   00.00   00.5     16.1    09:57     WNW
05    62.2   080.8   15:49    41.5   06:00     02.8     00.0   00.00   00.8     12.7    15:11      W 
06    68.5   084.0   14:29    54.7   03:19     00.0     03.6   00.00   00.6     11.5    16:40     WSW
07    67.8   083.1   15:17    50.0   06:19     00.0     02.9   00.00   00.7     16.1    15:04     SSW
08    69.3   082.2   16:14    62.4   04:50     00.0     04.3   00.61   00.7     18.4    14:04      SW
09    76.6   088.9   14:27    64.4   06:32     00.0     11.6   00.00   00.9     14.9    14:50     WSW
10    74.8   084.6   13:00    32.0   08:00     00.0     09.8   00.00   00.8     13.8    10:30     WSW
11    76.4   086.0   16:28    59.2   00:00     00.0     11.5   00.08   01.4     13.8    15:15      W 
12    71.6   089.4   16:25    55.0   05:25     00.0     06.7   00.00   00.4     08.1    13:30     WSW
13    71.1   084.9   15:56    61.9   00:00     00.0     06.2   00.03   00.4     08.1    16:20      SW
14    72.3   088.0   15:16    57.4   05:40     00.0     07.3   00.00   00.6     11.5    16:57      NW
15    69.4   082.2   12:18    56.7   23:26     00.0     04.4   00.00   00.7     13.8    14:30      W 
16    64.0   084.4   16:00    50.0   06:07     00.9     00.0   00.09   00.4     10.3    12:27     WSW
17    69.5   081.5   15:02    52.0   00:00     00.0     04.5   00.00   00.8     10.3    14:02     WNW
18    63.4   078.6   16:45    48.2   04:16     01.5     00.0   00.00   00.7     12.7    12:28     WNW
19    71.5   083.7   16:38    53.8   01:45     00.0     06.5   00.00   01.0     10.3    17:45     SSW
20    73.0   086.7   14:37    61.7   06:22     00.0     08.1   00.00   01.3     19.6    12:04     WSW
21    72.0   086.4   14:20    59.7   06:14     00.0     07.1   00.29   00.4     08.1    18:17     WSW
22    68.9   081.1   15:50    63.5   06:04     00.0     04.0   00.01   00.4     10.3    17:03      SW
23    72.7   086.5   14:52    60.1   04:37     00.0     07.8   00.00   00.4     09.2    13:48      S 
24    72.9   086.0   16:41    63.7   05:53     00.0     07.9   00.00   00.5     09.2    16:59      W 
25    72.1   086.9   15:38    56.1   07:02     00.0     07.1   00.00   00.4     08.1    16:33      SW
26    73.1   087.1   14:33    64.9   00:30     00.0     08.1   00.00   00.8     17.3    15:11     WSW
27    75.0   088.3   16:21    67.3   06:42     00.0     10.1   00.00   00.3     08.1    23:27     WNW
28    67.1   071.1   16:32    60.4   00:00     00.0     02.1   00.17   00.8     21.9    20:43      E 
29    62.6   071.4   12:55    51.4   00:00     02.3     00.0   00.00   01.6     19.6    15:23     WNW
30    57.5   073.2   16:13    44.4   06:02     07.5     00.0   00.00   00.6     08.1    16:16     SSW
31    57.3   070.7   14:28    47.5   01:46     07.6     00.0   00.04   00.9     25.3    14:40     WNW
--------------------------------------------------------------------------------------------------------
68.4 (68.2)   89.4  day 12     32.0  day 11   039.3    146.2   01.41   00.7     25.3   day 31      W 
Max >=  86: 11
Min  .008in) 4 (> .08in) 0 (> 0.8in)