NOAA-Style Climate Reports


Report for 2020 July

Daily NOAA report




                            MONTHLY CLIMATOLOGICAL SUMMARY for JUL. 2020

NAME:    CITY:  STATE: 
ELEV:  LAT:  LONG: 

                            TEMPERATURE ( °F), RAIN (in.), WIND SPEED (mph)

                                               HEAT     COOL           AVG
      MEAN                                     DEG      DEG            WIND                       DOM
DAY   TEMP    HIGH   TIME     LOW    TIME      DAYS     DAYS    RAIN   SPEED    HIGH    TIME      DIR
--------------------------------------------------------------------------------------------------------
01    76.1   091.2   14:32    61.9   05:55     00.0     11.1   00.00   00.5     10.3    15:16     SSE
02    73.7   094.8   15:58    59.2   03:37     00.0     08.8   01.93   00.6     12.7    16:38      W 
03    78.0   094.5   15:18    64.0   06:18     00.0     13.1   00.00   00.3     08.1    17:43      S 
04    76.5   091.8   16:02    60.8   05:54     00.0     11.6   00.00   00.4     06.9    12:54      SE
05    75.4   093.6   13:18    61.9   06:16     00.0     10.5   00.00   00.3     10.3    15:30     WSW
06    75.5   094.3   13:28    64.2   05:55     00.0     10.6   00.45   00.6     21.9    19:14     WNW
07    76.5   090.9   15:44    65.7   04:21     00.0     11.5   00.00   00.6     11.5    13:56      W 
08    77.9   090.0   15:58    64.6   05:33     00.0     13.0   00.00   00.6     10.3    15:26      W 
09    74.2   088.2   15:06    64.2   05:46     00.0     09.2   00.41   00.8     16.1    10:30     WSW
10    73.4   085.8   15:48    62.4   00:00     00.0     08.5   00.32   00.8     14.9    13:50     WNW
11    72.9   086.7   16:16    60.6   02:51     00.0     07.9   00.00   00.8     12.7    13:33     WNW
12    66.7   079.9   18:17    54.9   05:47     00.0     01.8   00.00   00.5     18.4    12:21     WSW
13    67.1   083.8   16:14    48.7   05:47     00.0     02.2   00.00   00.6     10.3    13:10     SSE
14    65.5   073.9   17:37    57.2   02:09     00.0     00.5   00.73   00.4     12.7    17:38      SW
15    65.9   074.5   11:13    57.2   00:00     00.0     00.9   00.05   00.3     08.1    02:42      W 
16    68.4   085.1   16:44    49.6   05:50     00.0     03.5   00.00   00.6     10.3    16:56      SW
17    76.3   090.9   17:12    60.6   06:05     00.0     11.3   00.03   00.9     10.3    16:03     WSW
18    76.0   091.2   16:27    66.9   07:55     00.0     11.1   00.66   00.5     23.0    06:24     SSW
19    75.2   084.4   16:33    64.0   23:55     00.0     10.3   00.45   02.1     19.6    18:25      W 
20    65.9   076.8   14:54    54.9   00:00     00.0     00.9   00.00   00.6     13.8    09:52     WNW
21    61.3   072.9   13:18    50.7   04:15     03.7     00.0   00.23   00.5     09.2    09:59     ESE
22    65.3   076.3   15:15    60.3   00:30     00.0     00.3   00.04   00.2     05.8    17:56     NNE
23    66.1   077.9   17:51    57.6   23:59     00.0     01.1   00.00   00.3     05.8    09:53     WNW
24    69.7   084.7   15:23    51.6   06:02     00.0     04.8   00.00   00.7     11.5    16:42     WSW
25    78.0   093.0   14:34    62.1   03:47     00.0     13.0   00.00   01.0     12.7    18:06      SW
26    75.1   084.2   17:56    68.7   07:22     00.0     10.1   01.31   00.9     14.9    16:27      W 
27    73.0   083.8   16:02    59.0   00:00     00.0     08.1   00.00   01.5     18.4    13:33      W 
28    70.0   084.7   16:07    54.7   05:26     00.0     05.1   00.00   01.2     14.9    12:05      W 
29    71.6   082.9   12:41    57.2   06:17     00.0     06.7   00.00   00.4     09.2    12:41     WNW
30    75.9   080.4   17:36    57.6   00:00     00.0     10.9   00.00   00.0     04.6    17:42     WNW
31    67.0   082.6   16:55    52.0   05:38     00.0     02.0   00.00   00.3     08.1    11:02     SSW
--------------------------------------------------------------------------------------------------------
71.9 (72.3)   94.8  day 02     48.7  day 13   003.7    220.6   06.60   00.6     23.0   day 19     WSW
Max >=  86: 13
Min  .008in) 9 (> .08in) 2 (> 0.8in)