NOAA-Style Climate Reports


Report for 2020 June

Daily NOAA report




                            MONTHLY CLIMATOLOGICAL SUMMARY for JUN. 2020

NAME:    CITY:  STATE: 
ELEV:  LAT:  LONG: 

                            TEMPERATURE ( °F), RAIN (in.), WIND SPEED (mph)

                                               HEAT     COOL           AVG
      MEAN                                     DEG      DEG            WIND                       DOM
DAY   TEMP    HIGH   TIME     LOW    TIME      DAYS     DAYS    RAIN   SPEED    HIGH    TIME      DIR
--------------------------------------------------------------------------------------------------------
01    56.2   073.0   11:37    42.4   03:27     08.7     00.0   00.22   00.7     18.4    11:00     SSW
02    74.2   098.4   15:18    50.7   05:38     00.0     09.3   00.00   01.1     16.1    14:21      W 
03    74.1   089.6   16:48    56.7   06:05     00.0     09.2   00.00   01.8     19.6    15:28      W 
04    68.0   087.1   15:26    47.5   05:51     00.0     03.1   00.00   00.9     14.9    18:49     WSW
05    66.2   085.5   17:23    54.0   03:42     00.0     01.3   00.08   00.6     12.7    18:22     WNW
06    62.4   075.2   15:47    49.7   00:00     02.5     00.0   00.00   00.8     16.1    09:05     NNW
07    54.6   069.4   17:36    42.1   04:07     10.4     00.0   00.00   00.6     09.2    17:31     ENE
08    68.9   091.6   17:16    44.4   05:19     00.0     03.9   00.00   01.1     16.1    16:05     SSE
09    70.6   088.2   12:26    53.1   05:41     00.0     05.6   00.32   00.7     17.3    23:44      E 
10    66.5   080.8   11:18    54.0   23:52     00.0     01.6   01.04   02.5     26.4    09:07      W 
11    60.5   074.5   17:09    48.0   00:00     04.4     00.0   00.03   02.6     24.1    15:27      W 
12    54.5   071.2   16:23    40.1   05:32     10.4     00.0   00.00   00.7     10.3    17:54      E 
13    52.5   068.2   14:21    33.6   05:22     12.4     00.0   00.00   00.9     12.7    15:26      E 
14    55.1   071.4   15:11    36.1   05:41     09.8     00.0   00.00   01.0     13.8    14:26     ESE
15    58.2   076.3   13:05    35.8   05:21     06.8     00.0   00.00   00.9     14.9    13:54     SSE
16    67.2   086.9   17:33    45.5   04:26     00.0     02.3   00.00   00.9     14.9    15:37      S 
17    71.2   088.9   16:29    49.6   05:32     00.0     06.3   00.00   01.0     13.8    15:08     SSW
18    71.8   089.1   16:09    51.3   05:40     00.0     06.9   00.00   01.1     13.8    11:10      SW
19    71.4   090.9   15:22    56.3   05:15     00.0     06.5   00.15   00.5     16.1    16:48      W 
20    63.9   066.6   00:24    60.6   09:15     01.0     00.0   01.68   00.1     08.1    12:47     NNE
21    69.6   084.0   16:04    60.8   06:09     00.0     04.6   00.02   00.6     11.5    14:25      S 
22    64.8   074.1   14:20    56.7   00:00     00.1     00.0   00.59   00.3     09.2    16:50     WSW
23    60.0   071.4   16:30    51.4   23:35     04.9     00.0   00.60   01.0     18.4    16:54     WNW
24    60.1   075.9   10:47    46.6   05:54     04.8     00.0   00.10   00.7     12.7    11:37      W 
25    66.4   084.7   17:06    45.1   05:51     00.0     01.5   00.00   01.2     14.9    12:19      W 
26    70.7   087.3   13:52    53.1   05:53     00.0     05.8   00.00   00.9     14.9    14:57     WSW
27    73.8   088.2   16:54    60.4   00:00     00.0     08.8   00.00   00.8     12.7    13:48      W 
28    70.9   085.8   14:34    54.9   05:38     00.0     06.0   00.00   00.7     11.5    12:55      SE
29    72.5   085.5   16:36    58.8   01:46     00.0     07.5   00.09   00.5     11.5    17:05      SE
30    77.9   091.2   14:02    65.5   02:53     00.0     13.0   00.00   00.8     12.7    15:32      E 
--------------------------------------------------------------------------------------------------------
65.8 (65.9)   98.4  day 02     33.6  day 13   076.2    103.2   04.94   00.9     26.5   day 10     WSW
Max >=  86: 12
Min  .008in) 10 (> .08in) 2 (> 0.8in)