NOAA-Style Climate Reports


Report for 2020 May

Daily NOAA report




                            MONTHLY CLIMATOLOGICAL SUMMARY for MAY. 2020

NAME:    CITY:  STATE: 
ELEV:  LAT:  LONG: 

                            TEMPERATURE ( °F), RAIN (in.), WIND SPEED (mph)

                                               HEAT     COOL           AVG
      MEAN                                     DEG      DEG            WIND                       DOM
DAY   TEMP    HIGH   TIME     LOW    TIME      DAYS     DAYS    RAIN   SPEED    HIGH    TIME      DIR
--------------------------------------------------------------------------------------------------------
01    50.0   069.6   14:05    26.8   05:54     15.0     00.0   00.06   01.2     17.3    16:05      SW
02    60.0   079.7   16:26    39.2   06:27     04.9     00.0   00.00   02.5     24.1    16:43      W 
03    51.2   066.9   12:32    36.7   00:00     13.8     00.0   00.00   02.1     21.9    13:21     WNW
04    43.3   057.6   16:11    33.8   00:00     21.6     00.0   00.00   01.0     13.8    10:59     ENE
05    42.9   060.6   16:29    29.7   05:56     22.1     00.0   00.00   00.7     08.1    16:34      E 
06    49.8   070.7   16:17    26.1   05:30     15.2     00.0   00.00   01.0     18.4    15:54      W 
07    44.3   058.6   16:30    28.9   06:08     20.6     00.0   00.00   01.5     23.0    13:18      NW
08    32.5   042.4   15:10    22.1   00:00     32.4     00.0   00.00   01.4     17.3    14:30      NW
09    42.5   060.1   15:30    21.0   01:50     22.4     00.0   00.00   02.4     24.1    09:25      W 
10    37.7   043.0   10:13    33.4   06:59     27.2     00.0   00.05   00.9     13.8    18:58     NNE
11    41.7   056.1   15:47    28.1   00:00     23.2     00.0   00.00   01.6     17.3    12:28     WNW
12    40.8   060.6   16:25    21.9   05:57     24.2     00.0   00.00   01.1     13.8    19:05     WNW
13    42.8   061.2   12:59    21.2   05:59     22.2     00.0   00.00   01.4     19.6    12:27     SSE
14    56.0   062.8   14:46    46.2   08:05     09.0     00.0   00.11   01.0     10.3    14:12      SW
15    58.1   073.9   14:47    41.9   06:27     06.8     00.0   00.00   01.1     16.1    15:35      NW
16    52.8   068.4   16:04    32.9   05:52     12.1     00.0   00.00   01.1     12.7    17:43      E 
17    49.1   052.3   01:23    46.8   09:19     15.8     00.0   01.12   00.8     14.9    23:30     ENE
18    51.5   055.6   23:05    48.0   03:59     13.4     00.0   00.36   02.0     23.0    10:59      NE
19    55.8   070.7   15:58    44.1   07:26     09.1     00.0   00.04   01.6     23.0    00:42     ENE
20    62.4   079.7   16:35    43.7   06:07     02.6     00.0   00.00   00.9     14.9    15:25      E 
21    61.3   077.5   18:02    38.8   05:53     03.7     00.0   00.00   01.1     17.3    15:44     SSE
22    65.4   079.0   14:08    50.9   06:07     00.0     00.5   00.00   01.0     13.8    17:32      SE
23    64.2   075.2   13:26    55.4   05:29     00.7     00.0   00.00   00.8     11.5    17:23     SSE
24    69.3   084.7   14:49    58.1   06:01     00.0     04.4   00.00   00.6     13.8    16:47      E 
25    70.7   086.9   12:08    57.0   04:49     00.0     05.8   00.03   00.6     11.5    13:10     ESE
26    72.0   089.2   15:58    57.9   06:09     00.0     07.1   00.01   01.0     17.3    14:35      SE
27    71.9   087.1   14:32    60.4   05:41     00.0     06.9   00.13   00.8     14.9    14:18      SW
28    63.1   066.7   10:11    50.8   00:00     01.9     00.0   00.87   00.1     05.8    15:45     WNW
29    56.5   065.3   12:11    48.0   05:30     08.5     00.0   00.00   01.2     16.1    18:15     WNW
30    55.8   067.1   16:58    37.8   00:00     09.2     00.0   00.00   01.4     17.3    10:37     WNW
31    55.9   074.1   15:14    36.7   04:13     09.0     00.0   00.00   01.5     19.6    12:39      W 
--------------------------------------------------------------------------------------------------------
53.9 (53.7)   89.2  day 26     21.0  day 09   366.6    024.6   02.68   01.2     24.2   day 07      NW
Max >=  86: 3
Min  .08in) 2 (> 0.8in)