NOAA-Style Climate Reports


Report for 2020 April

Daily NOAA report




                            MONTHLY CLIMATOLOGICAL SUMMARY for APR. 2020

NAME:    CITY:  STATE: 
ELEV:  LAT:  LONG: 

                            TEMPERATURE ( °F), RAIN (in.), WIND SPEED (mph)

                                               HEAT     COOL           AVG
      MEAN                                     DEG      DEG            WIND                       DOM
DAY   TEMP    HIGH   TIME     LOW    TIME      DAYS     DAYS    RAIN   SPEED    HIGH    TIME      DIR
--------------------------------------------------------------------------------------------------------
01    38.1   053.4   16:22    28.8   23:50     26.9     00.0   00.00   00.3     08.1    15:12     ENE
02    42.5   061.2   16:00    24.1   06:46     22.5     00.0   00.00   00.7     09.2    16:07     ESE
03    46.9   061.5   14:22    33.1   07:04     18.1     00.0   00.04   00.9     12.7    14:22     ESE
04    38.9   053.2   16:07    25.6   00:00     26.0     00.0   00.21   01.1     12.7    11:08      NW
05    38.7   056.5   16:27    24.1   01:00     26.2     00.0   00.00   01.0     14.9    15:11      SE
06    43.2   058.5   14:08    28.4   00:29     21.7     00.0   00.00   00.8     12.7    15:55     ESE
07    42.3   053.6   18:13    35.4   06:43     22.7     00.0   00.35   00.2     08.1    13:05      E 
08    47.7   063.1   12:23    30.3   00:00     17.3     00.0   00.00   01.8     24.1    17:48      W 
09    37.0   046.4   14:06    30.0   00:10     28.0     00.0   00.00   02.9     27.6    17:15     WNW
10    35.5   046.9   16:27    27.7   00:00     29.4     00.0   00.00   01.2     18.4    16:38     WNW
11    42.0   061.3   16:14    20.3   06:30     22.9     00.0   00.00   01.4     19.6    12:30     SSW
12    35.6   043.2   00:48    29.8   00:00     29.3     00.0   00.00   00.7     11.5    23:32      NE
13    31.9   038.1   15:28    24.4   00:00     33.0     00.0   00.40   03.3     27.6    12:49     WNW
14    24.9   033.3   11:46    12.6   00:00     40.0     00.0   00.01   02.4     19.6    15:52      W 
15    23.5   036.0   13:30    06.4   06:37     41.4     00.0   00.07   01.4     14.9    17:48      W 
16    30.5   043.7   16:56    14.2   06:31     34.4     00.0   00.07   02.6     23.0    12:43      W 
17    34.8   049.6   16:29    18.9   06:46     30.2     00.0   00.00   01.2     16.1    14:56     WSW
18    43.9   062.4   16:11    23.7   05:03     21.0     00.0   00.00   02.9     31.1    14:43     WSW
19    41.2   052.3   16:34    25.9   00:00     23.8     00.0   00.00   01.8     17.3    12:37     WNW
20    36.5   056.5   11:55    20.7   05:27     28.5     00.0   00.09   02.4     24.1    13:41     WSW
21    31.6   042.1   16:50    21.9   00:00     33.3     00.0   00.00   02.5     26.4    16:17     WNW
22    30.4   040.6   15:47    21.6   00:45     34.5     00.0   00.00   00.9     11.5    19:20      E 
23    34.1   039.7   12:46    25.0   01:47     30.9     00.0   00.00   00.4     09.2    09:52     ENE
24    44.0   061.3   16:38    27.3   06:36     21.0     00.0   00.00   00.8     10.3    17:41      E 
25    46.8   067.5   12:54    26.8   06:00     18.2     00.0   00.00   00.7     11.5    17:15      E 
26    48.3   066.6   16:15    28.6   06:02     16.7     00.0   00.00   00.8     11.5    12:05     ENE
27    37.9   043.9   14:20    27.9   04:00     27.0     00.0   00.26   00.3     06.9    16:11      E 
28    42.6   045.3   15:36    40.5   05:57     22.3     00.0   00.22   00.6     16.1    18:51     ENE
29    44.2   049.6   15:19    42.1   07:42     20.8     00.0   00.82   01.6     13.8    23:13     NNE
30    51.0   066.2   16:41    34.9   23:37     13.9     00.0   00.00   01.6     17.3    12:39     NNE
--------------------------------------------------------------------------------------------------------
38.9 (38.9)   67.5  day 25     06.4  day 15   781.8    000.0   02.56   01.4     31.1   day 20     WNW
Min  .08in) 1 (> 0.8in)