NOAA-Style Climate Reports


Report for 2020 March

Daily NOAA report




                            MONTHLY CLIMATOLOGICAL SUMMARY for MAR. 2020

NAME:    CITY:  STATE: 
ELEV:  LAT:  LONG: 

                            TEMPERATURE ( °F), RAIN (in.), WIND SPEED (mph)

                                               HEAT     COOL           AVG
      MEAN                                     DEG      DEG            WIND                       DOM
DAY   TEMP    HIGH   TIME     LOW    TIME      DAYS     DAYS    RAIN   SPEED    HIGH    TIME      DIR
--------------------------------------------------------------------------------------------------------
01    32.0   048.6   15:38    19.8   05:47     32.9     00.0   00.00   00.8     14.9    10:42     SSW
02    32.4   044.2   15:33    20.1   00:00     32.5     00.0   00.00   01.7     16.1    13:12      W 
03    27.9   038.5   16:22    18.3   04:14     37.0     00.0   00.06   01.2     17.3    14:39     WSW
04    31.3   043.3   15:37    23.2   00:00     33.6     00.0   00.00   01.5     17.3    05:04      W 
05    31.3   037.0   13:08    22.3   01:11     33.6     00.0   00.23   01.1     14.9    23:50     SSW
06    26.3   038.7   15:37    14.5   00:00     38.6     00.0   00.00   01.0     12.7    08:09     NNE
07    28.2   046.6   15:07    09.1   05:35     36.7     00.0   00.00   01.2     17.3    15:24     SSW
08    37.7   054.9   15:23    22.8   05:38     27.3     00.0   00.00   01.2     16.1    17:05      SW
09    38.3   052.3   12:22    27.3   00:00     26.6     00.0   00.07   00.7     12.7    11:46     WSW
10    31.5   045.3   16:12    20.7   08:02     33.4     00.0   00.01   01.0     10.3    05:24     WNW
11    33.2   036.9   15:51    30.4   08:02     31.7     00.0   00.13   00.2     04.6    22:19      S 
12    35.3   038.5   20:14    32.9   01:00     29.7     00.0   00.76   01.6     25.3    22:30      SW
13    33.4   039.2   16:20    27.1   22:37     31.5     00.0   00.00   04.9     28.8    08:03      W 
14    26.8   031.3   17:26    18.3   00:00     38.1     00.0   00.00   00.3     08.1    13:50      N 
15    25.2   039.2   16:20    13.1   07:51     39.7     00.0   00.00   00.6     09.2    18:57     ENE
16    28.0   036.0   17:50    16.2   03:48     37.0     00.0   00.00   01.3     13.8    14:43      SW
17    32.9   044.8   16:49    23.5   07:53     32.1     00.0   00.00   02.5     19.6    15:58      W 
18    33.4   039.7   16:04    27.9   00:07     31.5     00.0   00.00   00.4     10.3    15:13     SSE
19    34.0   037.2   14:26    30.9   05:06     30.9     00.0   01.02   00.1     06.9    22:49      NE
20    27.1   033.8   00:47    13.6   00:00     37.8     00.0   00.01   01.9     23.0    11:46     NNW
21    20.1   034.7   16:39    06.6   05:56     44.8     00.0   00.00   00.6     12.7    18:55     ENE
22    24.5   036.1   15:40    10.4   03:46     40.5     00.0   00.00   01.0     14.9    11:47      SE
23    32.3   045.9   16:49    21.0   04:06     32.6     00.0   00.00   00.5     09.2    15:31      S 
24    35.8   047.8   15:14    23.4   07:16     29.1     00.0   00.00   00.6     10.3    15:14     SSW
25    37.9   047.1   13:05    31.5   01:21     27.1     00.0   00.50   00.6     11.5    14:23      SW
26    37.5   048.9   16:31    31.3   23:42     27.4     00.0   00.02   00.3     09.2    17:26     ENE
27    38.2   050.4   14:33    28.0   07:09     26.7     00.0   00.00   00.7     11.5    13:12     SSE
28    37.6   042.4   13:14    34.0   07:12     27.4     00.0   00.86   00.6     14.9    23:22     ENE
29    37.3   042.1   13:47    34.3   02:05     27.6     00.0   00.38   00.9     13.8    22:22     NNW
30    38.4   048.7   15:26    30.2   00:00     26.5     00.0   00.00   01.3     16.1    15:26      N 
31    36.1   043.3   15:37    29.3   00:26     28.9     00.0   00.00   00.3     09.2    08:20      NE
--------------------------------------------------------------------------------------------------------
32.3 (32.7)   54.9  day 08     06.6  day 21   1010.9    000.0   04.06   01.1     28.8   day 13     WSW
Max  0.8in)