NOAA-Style Climate Reports


Report for 2020 February

Daily NOAA report




                            MONTHLY CLIMATOLOGICAL SUMMARY for FEB. 2020

NAME:    CITY:  STATE: 
ELEV:  LAT:  LONG: 

                            TEMPERATURE ( °F), RAIN (in.), WIND SPEED (mph)

                                               HEAT     COOL           AVG
      MEAN                                     DEG      DEG            WIND                       DOM
DAY   TEMP    HIGH   TIME     LOW    TIME      DAYS     DAYS    RAIN   SPEED    HIGH    TIME      DIR
--------------------------------------------------------------------------------------------------------
01    33.4   039.4   15:06    29.8   01:17     31.5     00.0   00.01   02.6     17.3    12:32     WSW
02    36.5   044.1   13:01    27.0   08:13     28.5     00.0   00.55   02.1     23.0    13:04      W 
03    31.3   041.7   13:29    25.2   07:36     33.6     00.0   00.01   00.7     11.5    11:13     WNW
04    19.3   027.5   15:27    01.0   00:00     45.7     00.0   00.00   00.8     12.7    08:34      NW
05    09.4   028.6   15:53   -07.6   07:10     55.6     00.0   00.00   00.6     11.5    15:15     WSW
06    19.9   037.0   15:26    06.4   08:05     45.1     00.0   00.00   00.3     09.2    15:45     WSW
07    20.7   027.5   13:30    03.6   00:00     44.2     00.0   00.00   00.1     04.6    14:52     ENE
08    11.5   024.1   15:32   -00.2   02:08     53.4     00.0   00.00   00.4     09.2    14:16      S 
09    11.8   019.9   21:32   -00.4   03:53     53.1     00.0   00.00   00.0     03.5    15:08     SSW
10    16.6   031.5   15:46    04.8   03:17     48.4     00.0   00.00   00.5     08.1    20:33      W 
11    22.6   031.5   15:34    12.9   22:31     42.4     00.0   00.00   01.8     16.1    13:59     WSW
12    22.1   037.0   13:53    10.0   00:00     42.8     00.0   00.03   02.0     21.9    12:57     WSW
13    02.8   013.3   15:27   -17.0   00:00     62.1     00.0   00.00   00.9     18.4    13:18      NW
14   -01.2   018.3   15:23   -18.2   04:01     66.1     00.0   00.00   01.3     16.1    14:46     WSW
15    14.4   027.3   15:52    02.1   00:02     50.6     00.0   00.00   02.1     19.6    10:15      SW
16    14.6   029.7   15:16   -02.4   00:00     50.4     00.0   00.00   00.9     12.7    13:26     WNW
17    17.8   034.0   14:00   -05.1   02:00     47.2     00.0   00.00   00.6     12.7    12:30     ESE
18    23.3   028.0   05:34    08.2   00:00     41.7     00.0   00.00   02.8     27.6    18:08      W 
19    05.3   019.8   15:28   -11.4   00:00     59.7     00.0   00.00   01.4     12.7    17:04      W 
20    06.5   023.9   15:33   -11.7   07:22     58.4     00.0   00.00   01.9     13.8    14:56     WSW
21    23.3   042.1   15:47    01.6   07:13     41.6     00.0   00.03   03.8     25.3    21:12     WSW
22    30.5   047.8   14:56    12.0   07:29     34.4     00.0   00.07   00.9     14.9    12:16      SW
23    35.4   054.0   15:21    18.0   05:58     29.5     00.0   00.02   02.1     26.4    13:17     WSW
24    31.5   045.7   15:35    16.7   07:26     33.4     00.0   00.00   00.5     10.3    09:08     NNW
25    27.6   035.6   12:26    21.6   04:45     37.4     00.0   00.00   00.7     11.5    19:46      NE
26    21.4   026.1   13:59    11.7   00:00     43.5     00.0   00.00   01.1     14.9    19:59     NNW
27    14.9   021.6   14:27    05.2   00:00     50.1     00.0   00.00   01.7     18.4    12:59     WNW
28    16.5   029.3   15:40    01.9   02:17     48.4     00.0   00.00   01.8     25.3    14:58     WNW
29    20.9   039.0   15:30    00.5   06:49     44.0     00.0   00.00   01.2     12.7    14:37     WSW
--------------------------------------------------------------------------------------------------------
19.3 (18.5)   54.0  day 23    -18.2  day 14   1322.7    000.0   00.72   01.3     27.6   day 23      W 
Max