NOAA-Style Climate Reports


Report for 2020 January

Daily NOAA report




                            MONTHLY CLIMATOLOGICAL SUMMARY for JAN. 2020

NAME:    CITY:  STATE: 
ELEV:  LAT:  LONG: 

                            TEMPERATURE ( °F), RAIN (in.), WIND SPEED (mph)

                                               HEAT     COOL           AVG
      MEAN                                     DEG      DEG            WIND                       DOM
DAY   TEMP    HIGH   TIME     LOW    TIME      DAYS     DAYS    RAIN   SPEED    HIGH    TIME      DIR
--------------------------------------------------------------------------------------------------------
01    14.6   024.8   16:09    01.4   06:59     50.4     00.0   00.00   00.2     08.1    10:41      SW
02    30.2   037.2   14:16    19.0   01:48     34.8     00.0   00.01   01.0     18.4    23:41      SW
03    29.0   031.3   00:05    24.4   00:00     35.9     00.0   00.00   01.0     17.3    01:05     WNW
04    24.8   029.5   13:46    16.7   22:55     40.1     00.0   00.00   01.0     11.5    11:22      W 
05    25.6   031.5   20:38    17.4   01:26     39.3     00.0   00.00   01.9     23.0    23:04     WSW
06    26.2   036.5   15:18    18.7   06:40     38.7     00.0   00.00   02.8     19.6    11:57      W 
07    24.9   033.4   12:15    10.6   00:00     40.1     00.0   00.00   03.1     25.3    14:37      W 
08    09.2   014.5   12:48    04.3   05:15     55.7     00.0   00.00   01.2     12.7    00:09      W 
09    21.7   023.7   00:00    13.3   00:36     43.3     00.0   00.00   00.5     12.7    05:06      E 
10    28.1   036.1   15:06    20.7   00:00     36.9     00.0   00.00   00.3     10.3    21:38      N 
11    17.3   020.7   00:04    13.8   00:00     47.6     00.0   00.00   01.3     11.5    13:39      NE
12    12.7   020.1   13:14   -00.0   08:16     52.2     00.0   00.00   00.2     05.8    13:24      NE
13    22.3   027.9   15:16    15.8   07:53     42.7     00.0   00.00   00.1     06.9    23:12      E 
14    28.9   032.2   18:11    25.5   00:07     36.0     00.0   00.00   01.1     11.5    11:42     WSW
15    26.2   030.2   13:24    19.8   06:32     38.7     00.0   00.00   00.4     12.7    23:37      NW
16    09.9   024.4   00:10   -02.9   00:00     55.0     00.0   00.00   02.2     23.0    10:00     WNW
17    08.7   022.8   00:00   -10.1   07:10     56.2     00.0   00.00   00.5     10.3    21:36      E 
18    26.0   030.6   12:51    17.6   23:59     38.9     00.0   00.00   02.0     21.9    21:29     WNW
19    21.3   027.0   13:47    16.5   00:00     43.6     00.0   00.00   01.2     16.1    01:24      NW
20    14.7   028.9   15:15   -01.3   00:00     50.3     00.0   00.00   00.5     12.7    10:56      W 
21    12.3   028.6   15:12   -04.2   05:46     52.6     00.0   00.00   01.9     17.3    15:56     WSW
22    25.1   030.9   15:05    16.7   00:39     39.9     00.0   00.00   01.8     16.1    04:10      SW
23    30.1   032.4   14:30    27.3   07:49     34.9     00.0   00.00   00.1     05.8    19:26      SE
24    32.0   033.1   11:57    31.3   00:00     32.9     00.0   00.00   00.2     08.1    18:31     ENE
25    32.4   036.0   14:06    30.6   05:20     32.5     00.0   00.00   00.1     06.9    23:55      W 
26    32.5   036.1   14:18    30.6   00:00     32.5     00.0   00.00   00.9     13.8    11:39     WNW
27    30.5   033.8   14:37    27.5   00:00     34.5     00.0   00.00   00.4     08.1    13:03      NW
28    25.1   028.4   14:12    20.8   04:14     39.8     00.0   00.00   00.3     10.3    12:57      NE
29    23.5   028.8   13:32    16.7   06:31     41.4     00.0   00.00   00.2     05.8    10:09      NE
30    24.3   027.0   13:55    21.0   00:00     40.6     00.0   00.00   00.2     06.9    15:18     SSW
31    25.7   034.5   15:02    17.2   03:00     39.2     00.0   00.00   00.6     09.2    13:12      SW
--------------------------------------------------------------------------------------------------------
23.1 (22.4)   37.2  day 02    -10.1  day 17   1297.3    000.0   00.02   00.9     25.3   day 07      W 
Max