NOAA-Style Climate Reports


Report for 2019 October

Daily NOAA report




                            MONTHLY CLIMATOLOGICAL SUMMARY for OCT. 2019

NAME:    CITY:  STATE: 
ELEV:  LAT:  LONG: 

                            TEMPERATURE ( °F), RAIN (in.), WIND SPEED (mph)

                                               HEAT     COOL           AVG
      MEAN                                     DEG      DEG            WIND                       DOM
DAY   TEMP    HIGH   TIME     LOW    TIME      DAYS     DAYS    RAIN   SPEED    HIGH    TIME      DIR
--------------------------------------------------------------------------------------------------------
01    62.5   069.3   01:25    50.4   00:00     02.5     00.0   00.35   00.1     05.8    08:14      SW
02    48.2   054.0   14:42    43.3   21:16     16.8     00.0   00.24   00.4     05.8    12:25     ESE
03    49.3   056.8   12:04    42.4   00:00     15.7     00.0   00.22   00.5     11.5    16:35      W 
04    43.4   051.8   14:30    35.8   21:32     21.5     00.0   00.00   00.0     09.2    02:42     SSW
05    46.8   052.9   00:00    38.7   04:24     18.2     00.0   00.29   01.4     14.9    14:51     SSE
06    52.7   064.9   13:44    43.2   07:17     12.3     00.0   00.00   02.2     19.6    13:53     WSW
07    48.7   064.9   15:59    35.1   00:00     16.3     00.0   00.00   01.1     13.8    13:29     WSW
08    48.6   069.4   15:43    29.8   07:26     16.3     00.0   00.00   01.0     11.5    12:59     SSW
09    51.1   070.9   19:31    33.4   07:32     13.8     00.0   00.00   01.0     11.5    14:54      S 
10    52.8   068.9   15:19    38.7   05:39     12.1     00.0   00.02   00.7     10.3    14:13     ESE
11    49.9   061.3   11:37    34.5   23:49     15.1     00.0   00.74   02.0     18.4    17:17     WSW
12    36.4   042.1   13:21    33.1   18:41     28.5     00.0   00.01   01.9     19.6    10:52      SW
13    36.3   042.3   15:24    32.0   00:00     28.6     00.0   00.00   01.4     19.6    15:52     WSW
14    38.6   052.5   16:11    32.0   08:40     26.4     00.0   00.00   01.1     17.3    10:27      W 
15    39.1   045.3   17:06    32.0   03:36     25.8     00.0   00.64   00.4     17.3    13:25      NW
16    43.1   050.5   13:30    32.0   23:31     21.8     00.0   00.00   01.6     19.6    13:44     WNW
17    40.2   052.3   16:01    32.0   00:00     24.8     00.0   00.00   00.4     08.1    13:55     WSW
18    41.6   054.0   16:13    32.0   09:04     23.4     00.0   00.00   00.8     14.9    15:51      SE
19    47.1   058.5   14:57    34.9   03:22     17.8     00.0   00.11   00.6     18.4    10:37     SSW
20    48.7   065.7   16:16    38.3   04:40     16.2     00.0   00.00   00.3     08.1    15:36      W 
21    50.4   055.2   17:49    41.5   00:46     14.5     00.0   00.79   01.5     21.9    10:56     ESE
22    44.7   048.4   00:01    41.4   00:00     20.3     00.0   00.07   02.3     21.9    19:53     WSW
23    42.1   050.0   16:13    33.8   00:00     22.9     00.0   00.00   02.7     20.7    13:43      W 
24    38.1   044.2   13:50    32.0   23:30     26.9     00.0   00.00   01.7     13.8    10:06     WNW
25    36.8   049.8   16:16    32.0   00:00     28.1     00.0   00.00   00.8     17.3    13:07     WSW
26    39.0   049.8   14:34    32.0   09:05     25.9     00.0   00.00   00.5     16.1    12:31      S 
27    44.5   060.6   15:49    32.5   07:09     20.4     00.0   00.00   01.1     12.7    16:24      W 
28    39.9   044.2   14:59    34.9   00:00     25.0     00.0   00.00   00.8     10.3    22:39      W 
29    34.6   044.2   16:12    32.0   00:00     30.3     00.0   00.06   00.6     10.3    15:41      W 
30    33.7   038.8   14:50    32.0   23:39     31.2     00.0   00.00   00.2     06.9    14:02      W 
--------------------------------------------------------------------------------------------------------
44.3 (45.0)   70.9  day 09     29.8  day 08   619.3    000.0   03.55   01.0     21.9   day 23     WSW
Min  .008in) 8 (> .08in) 0 (> 0.8in)