NOAA-Style Climate Reports


Report for 2019 August

Daily NOAA report




                            MONTHLY CLIMATOLOGICAL SUMMARY for AUG. 2019

NAME:    CITY:  STATE: 
ELEV:  LAT:  LONG: 

                            TEMPERATURE ( °F), RAIN (in.), WIND SPEED (mph)

                                               HEAT     COOL           AVG
      MEAN                                     DEG      DEG            WIND                       DOM
DAY   TEMP    HIGH   TIME     LOW    TIME      DAYS     DAYS    RAIN   SPEED    HIGH    TIME      DIR
--------------------------------------------------------------------------------------------------------
01    67.0   085.5   16:38    45.7   06:21     00.0     02.1   00.00   00.1     08.1    09:14     WSW
02    68.8   089.8   14:58    55.9   06:25     00.0     03.9   00.59   00.0     05.8    15:34      SW
03    69.9   087.6   13:43    60.6   05:56     00.0     05.0   00.63   00.0     05.8    14:29      SW
04    70.1   084.4   14:29    55.9   05:39     00.0     05.1   00.00   00.0     03.5    16:13     SSW
05    69.5   086.4   12:28    61.2   06:43     00.0     04.6   00.49   00.2     10.3    14:48      SW
06    70.5   084.6   15:19    60.1   05:45     00.0     05.5   00.01   00.0     05.8    15:18     WSW
07    64.8   083.8   13:02    54.1   05:42     00.1     00.0   00.96   00.1     10.3    16:34      SW
08    66.5   078.1   16:43    54.1   00:00     00.0     01.6   00.01   00.4     10.3    16:41      W 
09    65.8   081.0   16:46    52.9   01:29     00.0     00.8   00.00   00.4     10.3    11:26      W 
10    66.2   084.4   15:22    48.0   06:34     00.0     01.3   00.00   00.0     04.6    17:21      SW
11    68.0   079.1   17:55    57.6   05:32     00.0     03.1   00.00   00.0     04.6    15:09      SW
12    69.7   081.0   16:20    59.9   06:17     00.0     04.8   00.00   00.0     03.5    17:26      S 
13    62.8   068.5   18:38    57.6   06:32     02.1     00.0   00.03   00.0     03.5    11:18      SE
14    64.5   076.5   13:21    54.3   22:54     00.5     00.0   00.00   00.0     08.1    12:40      S 
15    62.6   079.1   16:51    45.7   06:38     02.3     00.0   00.00   00.0     03.5    17:12      SW
16    62.2   075.4   10:51    53.4   04:53     02.8     00.0   00.07   00.1     09.2    11:06      SW
17    67.8   084.6   16:56    50.7   06:11     00.0     02.8   00.01   00.0     05.8    13:14      SW
18    66.8   079.3   17:08    54.7   00:00     00.0     01.9   00.00   00.9     18.4    17:28     WSW
19    64.2   081.3   17:23    47.5   06:54     00.8     00.0   00.00   00.1     05.8    16:17     WSW
20    66.0   081.9   17:28    48.0   06:48     00.0     01.1   00.00   00.1     09.2    10:38      SW
21    66.2   079.3   15:27    48.6   00:00     00.0     01.2   00.00   00.2     10.3    13:52     WSW
22    57.7   072.3   13:50    45.0   03:44     07.2     00.0   00.00   00.0     03.5    16:36     SSW
23    58.0   073.9   13:03    41.9   06:32     06.9     00.0   00.00   00.0     04.6    11:14     SSW
24    59.0   073.9   13:11    44.6   03:20     05.9     00.0   00.00   00.0     04.6    13:40      S 
25    59.7   076.3   12:54    42.4   06:43     05.3     00.0   00.00   00.3     09.2    16:00      S 
26    61.3   067.5   11:48    57.4   00:40     03.6     00.0   00.69   00.0     04.6    16:51     ESE
27    62.7   076.8   13:52    48.9   00:00     02.2     00.0   00.34   00.9     18.4    18:53     WSW
28    56.2   064.9   18:35    48.2   00:00     08.7     00.0   00.01   02.1     19.6    14:12     WSW
29    57.0   074.5   16:42    42.4   06:00     08.0     00.0   00.05   01.1     12.7    16:15     WSW
30    57.7   074.2   15:26    43.5   06:10     07.2     00.0   00.00   00.9     10.3    13:26      W 
31    55.8   072.1   15:08    39.0   06:35     09.1     00.0   00.00   00.3     04.6    16:09      SW
--------------------------------------------------------------------------------------------------------
64.0 (64.8)   89.8  day 02     39.0  day 31   072.8    044.7   03.89   00.3     19.6   day 28      SW
Max >=  86: 3
Min  .008in) 6 (> .08in) 1 (> 0.8in)