NOAA-Style Climate Reports


Report for 2019 July

Daily NOAA report




                            MONTHLY CLIMATOLOGICAL SUMMARY for JUL. 2019

NAME:    CITY:  STATE: 
ELEV:  LAT:  LONG: 

                            TEMPERATURE ( °F), RAIN (in.), WIND SPEED (mph)

                                               HEAT     COOL           AVG
      MEAN                                     DEG      DEG            WIND                       DOM
DAY   TEMP    HIGH   TIME     LOW    TIME      DAYS     DAYS    RAIN   SPEED    HIGH    TIME      DIR
--------------------------------------------------------------------------------------------------------
01    71.4   088.0   14:14    61.0   04:09     00.0     06.4   00.08   00.7     16.1    15:26     WSW
02    71.2   086.9   17:44    63.9   00:00     00.0     06.2   00.82   00.2     03.5    17:16     SSW
03    74.5   090.0   14:16    59.7   06:07     00.0     09.6   00.00   00.5     06.9    16:06      SW
04    73.4   089.4   14:27    57.4   06:02     00.0     08.5   00.79   00.5     08.1    14:12      SW
05    75.9   089.4   15:23    65.7   05:08     00.0     10.9   00.08   00.4     08.1    16:55     SSW
06    69.4   082.9   15:45    51.8   00:00     00.0     04.5   00.04   00.4     08.1    15:34     SSW
07    61.5   078.4   14:57    45.5   05:41     03.5     00.0   00.00   00.4     06.9    11:26     WSW
08    65.2   083.8   16:55    47.1   05:36     00.0     00.3   00.00   00.4     06.9    18:57      SW
09    69.5   085.3   16:35    52.2   05:17     00.0     04.5   00.00   00.8     08.1    18:33      S 
10    75.3   092.3   15:02    61.2   04:22     00.0     10.3   00.02   01.9     13.8    18:02     WSW
11    68.2   082.2   15:09    52.3   00:00     00.0     03.3   00.00   01.1     12.7    16:24      W 
12    68.9   088.2   15:04    48.6   03:36     00.0     04.0   00.63   01.1     10.3    17:02     WSW
13    71.3   083.8   16:19    54.3   00:00     00.0     06.4   00.01   00.9     09.2    12:49      W 
14    68.9   087.3   16:39    47.5   05:25     00.0     04.0   00.00   00.7     06.9    18:11     WSW
15    70.1   086.7   15:44    63.9   06:33     00.0     05.1   01.17   00.7     14.9    16:15     SSW
16    75.9   089.6   15:28    63.3   06:07     00.0     11.0   00.01   00.8     09.2    12:06     WSW
17    72.8   085.6   13:54    59.9   06:23     00.0     07.8   00.00   00.8     08.1    15:42     SSE
18    72.7   085.3   14:11    61.9   04:18     00.0     07.7   00.11   01.3     08.1    18:47     WSW
19    80.8   095.5   15:36    68.0   05:53     00.0     15.9   00.32   00.9     10.3    22:11     WSW
20    69.2   083.7   10:10    58.5   00:00     00.0     04.3   00.14   00.1     10.3    12:30     WSW
21    68.1   081.7   15:40    55.9   00:00     00.0     03.1   00.00   00.0     05.8    10:47     WSW
22    66.3   082.0   14:54    52.5   05:59     00.0     01.3   00.00   00.2     10.3    14:44     WSW
23    67.4   081.0   16:19    54.3   01:38     00.0     02.4   00.00   00.3     10.3    13:30     WSW
24    67.8   087.3   14:36    50.4   06:05     00.0     02.8   00.08   00.2     10.3    17:48     WSW
25    71.4   086.9   14:27    55.0   06:21     00.0     06.5   00.01   00.2     10.3    16:24      SW
26    68.2   081.7   16:23    59.2   04:46     00.0     03.3   00.08   00.4     12.7    17:53      SW
27    74.9   088.2   14:28    64.4   00:00     00.0     10.0   00.01   00.6     10.3    16:22     WSW
28    73.0   088.0   13:33    59.0   06:15     00.0     08.1   00.13   00.1     17.3    23:47      SW
29    72.3   084.6   16:31    61.3   00:00     00.0     07.3   00.04   00.9     10.3    17:10      W 
30    63.8   077.4   16:48    51.4   00:00     01.1     00.0   00.00   00.1     09.2    09:49     WSW
31    62.7   080.1   15:43    43.2   06:21     02.2     00.0   00.00   00.0     05.8    13:26      SW
--------------------------------------------------------------------------------------------------------
70.4 (71.0)   95.5  day 19     43.2  day 31   006.8    175.6   04.58   00.6     17.3   day 15     WSW
Max >=  86: 15
Min  .008in) 10 (> .08in) 2 (> 0.8in)