NOAA-Style Climate Reports

Select a Year or Month report
2019: Jan Feb Mar Apr May Jun Jul Aug Sep Oct Nov Dec
2018: Jan Feb Mar Apr May Jun Jul Aug Sep Oct Nov Dec
2017: Jan Feb Mar Apr May Jun Jul Aug Sep Oct Nov Dec
2016: Jan Feb Mar Apr May Jun Jul Aug Sep Oct Nov Dec
2015: Jan Feb Mar Apr May Jun Jul Aug Sep Oct Nov Dec
2014: Jan Feb Mar Apr May Jun Jul Aug Sep Oct Nov Dec
2013: Jan Feb Mar Apr May Jun Jul Aug Sep Oct Nov Dec
2012: Jan Feb Mar Apr May Jun Jul Aug Sep Oct Nov Dec
2011: Jan Feb Mar Apr May Jun Jul Aug Sep Oct Nov Dec
2010: Jan Feb Mar Apr May Jun Jul Aug Sep Oct Nov Dec
2009: Jan Feb Mar Apr May Jun Jul Aug Sep Oct Nov Dec
2008: Jan Feb Mar Apr May Jun Jul Aug Sep Oct Nov Dec
2007: Jan Feb Mar Apr May Jun Jul Aug Sep Oct Nov Dec
2006: Jan Feb Mar Apr May Jun Jul Aug Sep Oct Nov Dec
2005: Jan Feb Mar Apr May Jun Jul Aug Sep Oct Nov Dec
2004: Jan Feb Mar Apr May Jun Jul Aug Sep Oct Nov Dec
2003: Jan Feb Mar Apr May Jun Jul Aug Sep Oct Nov Dec

Report for 2019 June

Daily NOAA report




                            MONTHLY CLIMATOLOGICAL SUMMARY for JUN. 2019

NAME:    CITY:  STATE: 
ELEV:  LAT:  LONG: 

                            TEMPERATURE ( °F), RAIN (in.), WIND SPEED (mph)

                                               HEAT     COOL           AVG
      MEAN                                     DEG      DEG            WIND                       DOM
DAY   TEMP    HIGH   TIME     LOW    TIME      DAYS     DAYS    RAIN   SPEED    HIGH    TIME      DIR
--------------------------------------------------------------------------------------------------------
01    57.9   071.8   16:41    46.9   03:21     07.1     00.0   00.00   00.6     06.9    16:06     SSE
02    53.5   068.2   15:06    36.1   00:00     11.4     00.0   00.00   01.4     12.7    13:40      W 
03    51.8   070.8   15:47    28.8   05:32     13.2     00.0   00.00   00.8     05.8    19:29     WSW
04    64.4   083.8   15:31    43.2   06:08     00.5     00.0   00.02   01.2     09.2    19:31      SW
05    67.8   082.6   13:20    53.9   00:00     00.0     02.9   00.00   00.5     08.1    14:29      SE
06    67.1   085.1   17:12    50.9   05:52     00.0     02.1   00.00   00.7     08.1    13:57      SW
07    69.7   086.4   17:24    49.6   06:04     00.0     04.8   00.00   01.0     09.2    10:33     SSW
08    68.4   086.2   16:01    47.7   05:54     00.0     03.4   00.00   01.1     10.3    16:32      S 
09    61.4   070.5   09:33    51.3   06:02     03.5     00.0   00.06   00.3     10.3    23:37      SW
10    60.9   076.8   16:35    47.7   00:00     04.0     00.0   00.02   02.5     19.6    19:02      W 
11    59.2   080.8   15:39    42.4   05:28     05.7     00.0   00.32   00.9     21.9    16:59     WSW
12    54.8   060.3   12:35    47.6   00:00     10.1     00.0   01.57   00.1     06.9    14:32      S 
13    56.9   072.3   16:24    44.1   05:48     08.1     00.0   00.00   01.6     12.7    16:55      W 
14    51.6   059.7   19:08    41.5   04:19     13.3     00.0   00.43   00.6     12.7    14:48      SW
15    59.5   073.0   17:09    48.2   00:00     05.4     00.0   00.45   00.6     09.2    14:58     ESE
16    56.2   072.7   15:55    45.0   04:30     08.8     00.0   00.00   00.6     06.9    17:19      SE
17    59.9   077.2   15:24    39.0   05:46     05.1     00.0   00.00   00.7     09.2    15:41      SW
18    65.8   081.3   16:56    53.4   00:00     00.0     00.8   00.12   00.4     10.3    16:57      SW
19    60.9   077.2   14:18    46.0   05:27     04.1     00.0   00.00   00.0     05.8    15:07     SSW
20    61.1   078.1   14:15    46.8   03:22     03.8     00.0   00.00   00.0     03.5    18:12     WSW
21    62.2   082.2   13:56    40.5   05:55     02.7     00.0   00.00   00.1     10.3    16:13      SW
22    62.3   078.4   15:22    43.3   05:24     02.7     00.0   00.00   00.5     09.2    13:49      SE
23    62.5   077.4   15:35    48.9   02:24     02.4     00.0   00.05   00.2     10.3    15:38     ESE
24    66.5   075.6   12:52    60.3   02:18     00.0     01.6   00.04   00.2     06.9    18:04      SW
25    70.6   085.6   16:21    56.5   06:18     00.0     05.7   00.05   01.5     16.1    13:34     WSW
26    71.8   086.9   16:58    55.6   05:47     00.0     06.8   00.00   01.1     14.9    10:43     WSW
27    71.7   090.1   13:16    54.3   05:36     00.0     06.7   00.07   00.4     06.9    14:53      SW
28    71.9   084.6   16:42    64.6   00:22     00.0     07.0   00.28   00.4     05.8    17:08      S 
29    76.3   092.1   14:24    60.3   06:09     00.0     11.3   00.00   00.4     06.9    14:23      SW
30    66.1   078.4   15:11    54.7   05:37     00.0     01.2   00.00   00.4     09.2    13:41      SW
--------------------------------------------------------------------------------------------------------
63.0 (63.3)   92.1  day 29     28.8  day 03   112.0    054.4   03.48   00.7     21.9   day 11      SW
Max >=  86: 5
Min  .008in) 6 (> .08in) 1 (> 0.8in)