NOAA-Style Climate Reports

Select a Year or Month report
2019: Jan Feb Mar Apr May Jun Jul Aug Sep Oct Nov Dec
2018: Jan Feb Mar Apr May Jun Jul Aug Sep Oct Nov Dec
2017: Jan Feb Mar Apr May Jun Jul Aug Sep Oct Nov Dec
2016: Jan Feb Mar Apr May Jun Jul Aug Sep Oct Nov Dec
2015: Jan Feb Mar Apr May Jun Jul Aug Sep Oct Nov Dec
2014: Jan Feb Mar Apr May Jun Jul Aug Sep Oct Nov Dec
2013: Jan Feb Mar Apr May Jun Jul Aug Sep Oct Nov Dec
2012: Jan Feb Mar Apr May Jun Jul Aug Sep Oct Nov Dec
2011: Jan Feb Mar Apr May Jun Jul Aug Sep Oct Nov Dec
2010: Jan Feb Mar Apr May Jun Jul Aug Sep Oct Nov Dec
2009: Jan Feb Mar Apr May Jun Jul Aug Sep Oct Nov Dec
2008: Jan Feb Mar Apr May Jun Jul Aug Sep Oct Nov Dec
2007: Jan Feb Mar Apr May Jun Jul Aug Sep Oct Nov Dec
2006: Jan Feb Mar Apr May Jun Jul Aug Sep Oct Nov Dec
2005: Jan Feb Mar Apr May Jun Jul Aug Sep Oct Nov Dec
2004: Jan Feb Mar Apr May Jun Jul Aug Sep Oct Nov Dec
2003: Jan Feb Mar Apr May Jun Jul Aug Sep Oct Nov Dec

Report for 2019 May

Daily NOAA report




                            MONTHLY CLIMATOLOGICAL SUMMARY for MAY. 2019

NAME:    CITY:  STATE: 
ELEV:  LAT:  LONG: 

                            TEMPERATURE ( °F), RAIN (in.), WIND SPEED (mph)

                                               HEAT     COOL           AVG
      MEAN                                     DEG      DEG            WIND                       DOM
DAY   TEMP    HIGH   TIME     LOW    TIME      DAYS     DAYS    RAIN   SPEED    HIGH    TIME      DIR
--------------------------------------------------------------------------------------------------------
01    37.6   041.4   17:00    36.0   00:00     27.3     00.0   00.56   00.5     08.1    11:22     ENE
02    42.6   052.5   17:10    35.1   06:25     22.4     00.0   00.01   00.4     06.9    14:55      SE
03    47.2   061.2   14:49    33.8   00:00     17.7     00.0   00.00   00.9     09.2    16:02     SSE
04    53.5   076.5   17:04    30.7   01:52     11.5     00.0   00.00   01.5     10.3    15:34      SW
05    57.0   076.3   11:36    39.4   06:13     07.9     00.0   00.06   01.1     12.7    12:38     WSW
06    47.1   057.9   17:01    40.3   00:00     17.9     00.0   00.25   00.4     06.9    19:13     ESE
07    44.7   062.8   14:36    27.1   06:20     20.2     00.0   00.00   01.1     10.3    16:23      SE
08    38.7   050.5   12:32    26.2   04:33     26.2     00.0   01.26   01.2     12.7    20:31     ENE
09    40.6   045.9   14:31    35.0   00:00     24.3     00.0   00.90   00.8     10.3    20:24     NNE
10    44.1   059.4   15:16    31.8   00:00     20.8     00.0   00.00   01.4     10.3    15:21      W 
11    44.6   063.7   12:08    25.3   05:46     20.4     00.0   00.00   01.2     10.3    12:58     SSE
12    45.6   064.9   14:37    25.9   05:31     19.3     00.0   00.00   01.1     09.2    17:56      E 
13    50.1   070.5   16:05    28.8   05:41     14.8     00.0   00.00   01.0     08.1    18:04     SSW
14    56.4   075.6   15:55    32.5   06:04     08.6     00.0   00.00   01.4     12.7    18:53     WSW
15    60.6   080.0   14:47    41.2   06:05     04.3     00.0   00.00   01.5     12.7    11:32      W 
16    60.6   085.3   15:28    43.3   02:13     04.4     00.0   00.03   01.9     17.3    11:59      W 
17    51.4   068.5   15:09    35.4   05:58     13.5     00.0   00.00   01.3     10.3    16:29      E 
18    43.3   048.0   13:08    39.4   05:58     21.7     00.0   00.21   00.5     08.1    14:13     ENE
19    42.4   044.4   15:09    39.9   00:00     22.6     00.0   01.75   01.2     08.1    02:04      NE
20    49.2   064.8   16:30    37.0   00:00     15.8     00.0   00.13   01.4     10.3    10:41      NW
21    51.2   067.1   13:28    30.0   05:33     13.7     00.0   00.00   01.3     12.7    13:48      E 
22    50.3   057.4   17:45    43.9   04:45     14.6     00.0   00.36   01.6     13.8    04:44     ENE
23    55.5   069.3   14:32    42.4   05:41     09.5     00.0   00.01   02.1     12.7    14:22      W 
24    52.4   059.2   12:43    45.0   00:35     12.5     00.0   00.00   01.1     10.3    16:37     ESE
25    68.0   085.5   14:32    51.8   02:31     00.0     03.1   00.01   03.3     26.4    16:03     WSW
26    62.9   075.9   14:53    47.1   05:53     02.0     00.0   00.00   00.9     09.2    16:56     SSW
27    49.5   055.8   09:47    44.1   04:46     15.5     00.0   01.23   00.6     12.7    22:59      E 
28    54.3   063.9   18:42    47.7   02:50     10.6     00.0   00.03   00.4     06.9    01:00     ESE
29    63.3   082.0   15:45    42.4   05:53     01.7     00.0   00.00   00.9     10.3    14:41     WSW
30    63.2   083.7   14:10    46.6   00:00     01.7     00.0   00.00   00.8     10.3    11:57      SW
31    64.2   093.6   14:46    42.4   03:15     00.8     00.0   00.00   01.2     18.4    14:41     WSW
--------------------------------------------------------------------------------------------------------
51.4 (51.8)   93.6  day 31     25.3  day 11   424.1    003.1   06.80   01.2     26.5   day 17      SW
Max >=  86: 1
Min  .008in) 9 (> .08in) 4 (> 0.8in)