NOAA-Style Climate Reports

Select a Year or Month report
2019: Jan Feb Mar Apr May Jun Jul Aug Sep Oct Nov Dec
2018: Jan Feb Mar Apr May Jun Jul Aug Sep Oct Nov Dec
2017: Jan Feb Mar Apr May Jun Jul Aug Sep Oct Nov Dec
2016: Jan Feb Mar Apr May Jun Jul Aug Sep Oct Nov Dec
2015: Jan Feb Mar Apr May Jun Jul Aug Sep Oct Nov Dec
2014: Jan Feb Mar Apr May Jun Jul Aug Sep Oct Nov Dec
2013: Jan Feb Mar Apr May Jun Jul Aug Sep Oct Nov Dec
2012: Jan Feb Mar Apr May Jun Jul Aug Sep Oct Nov Dec
2011: Jan Feb Mar Apr May Jun Jul Aug Sep Oct Nov Dec
2010: Jan Feb Mar Apr May Jun Jul Aug Sep Oct Nov Dec
2009: Jan Feb Mar Apr May Jun Jul Aug Sep Oct Nov Dec
2008: Jan Feb Mar Apr May Jun Jul Aug Sep Oct Nov Dec
2007: Jan Feb Mar Apr May Jun Jul Aug Sep Oct Nov Dec
2006: Jan Feb Mar Apr May Jun Jul Aug Sep Oct Nov Dec
2005: Jan Feb Mar Apr May Jun Jul Aug Sep Oct Nov Dec
2004: Jan Feb Mar Apr May Jun Jul Aug Sep Oct Nov Dec
2003: Jan Feb Mar Apr May Jun Jul Aug Sep Oct Nov Dec

Report for 2019 April

Daily NOAA report




                            MONTHLY CLIMATOLOGICAL SUMMARY for APR. 2019

NAME:    CITY:  STATE: 
ELEV:  LAT:  LONG: 

                            TEMPERATURE ( °F), RAIN (in.), WIND SPEED (mph)

                                               HEAT     COOL           AVG
      MEAN                                     DEG      DEG            WIND                       DOM
DAY   TEMP    HIGH   TIME     LOW    TIME      DAYS     DAYS    RAIN   SPEED    HIGH    TIME      DIR
--------------------------------------------------------------------------------------------------------
01    25.7   035.1   16:40    10.0   06:43     39.3     00.0   00.00   00.8     09.2    11:28      SW
02    37.5   051.4   15:52    27.1   06:00     27.4     00.0   00.13   02.4     18.4    18:57     WSW
03    34.2   046.4   17:38    24.6   00:00     30.7     00.0   00.00   03.5     14.9    14:02      W 
04    30.8   041.2   11:44    12.0   18:26     34.2     00.0   00.00   01.6     08.1    11:45     NNE
05    40.0   051.4   17:40    29.1   02:52     24.9     00.0   00.12   00.9     05.8    14:59      SW
06    41.1   045.9   11:26    37.4   07:08     23.8     00.0   00.40   00.1     03.5    17:16     SSE
07    43.5   054.0   14:55    37.0   07:06     21.5     00.0   00.18   00.1     05.8    15:10     ESE
08    49.2   065.8   14:37    36.7   06:34     15.7     00.0   00.22   01.3     12.7    20:40     WSW
09    37.6   048.2   13:19    31.1   00:00     27.4     00.0   00.00   01.4     18.4    14:19      W 
10    35.7   045.0   14:22    29.1   00:00     29.3     00.0   00.00   01.0     08.1    14:02     ENE
11    29.0   031.3   14:25    27.3   08:02     35.9     00.0   00.00   00.6     12.7    07:18     ENE
12    34.1   039.4   10:09    29.8   00:01     30.8     00.0   01.24   02.1     16.1    23:25      SW
13    35.1   042.1   14:07    31.6   23:55     29.8     00.0   00.03   03.4     16.1    03:47     WSW
14    35.7   048.9   15:47    23.7   06:46     29.2     00.0   00.00   00.8     08.1    17:02     ENE
15    39.7   056.7   13:58    22.1   06:22     25.2     00.0   00.00   00.8     09.2    15:32      SW
16    46.3   064.9   17:13    32.5   00:00     18.7     00.0   00.00   00.7     06.9    17:55     ESE
17    40.1   057.9   11:49    29.5   06:37     24.8     00.0   01.50   00.9     09.2    12:08     ENE
18    39.0   043.3   13:57    35.4   07:10     26.0     00.0   00.01   01.0     10.3    13:11     NNW
19    45.7   063.7   17:04    28.0   00:00     19.2     00.0   00.00   00.9     08.1    14:26      NE
20    46.7   069.6   16:17    21.7   06:33     18.3     00.0   00.00   00.9     09.2    16:20      SW
21    51.3   073.4   14:22    34.7   03:29     13.7     00.0   00.00   00.8     10.3    17:25     ESE
22    46.8   063.9   14:33    39.6   00:00     18.2     00.0   00.08   00.8     08.1    14:36      NE
23    49.1   065.8   14:36    33.3   00:00     15.8     00.0   00.00   01.9     14.9    11:44     NNW
24    49.1   071.1   16:43    26.2   05:11     15.8     00.0   00.00   01.6     12.7    12:56      SW
25    51.3   059.4   11:37    42.4   00:00     13.6     00.0   00.17   00.5     04.6    09:34      SW
26    46.8   057.9   15:53    34.2   00:00     18.1     00.0   00.00   02.8     19.6    18:13     WNW
27    36.8   048.0   16:38    24.1   05:44     28.1     00.0   00.00   00.6     06.9    08:28      W 
28    41.0   059.4   13:48    19.2   06:32     24.0     00.0   00.00   01.4     12.7    16:17     SSW
29    37.0   039.9   08:38    34.9   00:00     27.9     00.0   00.31   00.8     10.3    12:52     ENE
30    37.6   041.9   12:48    34.0   06:55     27.4     00.0   00.04   00.5     08.1    16:17     ENE
--------------------------------------------------------------------------------------------------------
40.5 (41.0)   73.4  day 21     10.0  day 01   734.7    000.0   04.43   01.2     19.6   day 26     WSW
Max  0.8in)