NOAA-Style Climate Reports


Report for 2019 February

Daily NOAA report




                            MONTHLY CLIMATOLOGICAL SUMMARY for FEB. 2019

NAME:    CITY:  STATE: 
ELEV:  LAT:  LONG: 

                            TEMPERATURE ( °F), RAIN (in.), WIND SPEED (mph)

                                               HEAT     COOL           AVG
      MEAN                                     DEG      DEG            WIND                       DOM
DAY   TEMP    HIGH   TIME     LOW    TIME      DAYS     DAYS    RAIN   SPEED    HIGH    TIME      DIR
--------------------------------------------------------------------------------------------------------
01   -01.3   013.6   14:59   -23.3   07:41     66.2     00.0   00.00   00.6     09.2    14:32      SW
02    19.3   030.0   13:05    10.8   03:43     45.7     00.0   00.00   00.2     08.1    01:11      S 
03    29.5   039.0   14:10    20.5   00:13     35.5     00.0   00.04   00.0     04.6    22:17      S 
04    30.2   037.4   13:58    13.9   00:00     34.8     00.0   00.02   00.2     08.1    20:26     NNW
05    14.3   020.8   14:19    09.0   08:16     50.6     00.0   00.00   00.1     04.6    02:17      NE
06    19.3   026.2   14:14    13.6   03:01     45.6     00.0   00.00   00.0     00.0    00:00     ENE
07    19.5   023.4   13:07    12.0   00:00     45.4     00.0   00.00   00.0     00.0    00:00      N 
08    03.7   012.0   00:02   -02.4   00:00     61.2     00.0   00.00   00.8     10.3    15:37      W 
09    02.2   019.8   15:24   -13.2   05:42     62.7     00.0   00.00   00.0     03.5    09:37      SW
10    11.4   019.2   13:27    03.4   01:20     53.6     00.0   00.00   00.0     04.6    11:16     ENE
11    18.7   024.4   12:17    12.6   00:43     46.3     00.0   00.00   00.0     00.0    00:00     ENE
12    19.0   021.7   04:13    16.2   20:55     46.0     00.0   00.00   00.0     00.0    00:00      NE
13    19.6   035.4   15:57    08.6   23:30     45.4     00.0   00.00   00.0     00.0    00:00      W 
14    24.0   037.4   14:09    09.7   00:08     41.0     00.0   00.00   00.0     00.0    00:00      SW
15    16.3   030.0   14:19    06.0   00:00     48.7     00.0   00.00   01.2     12.7    14:01      W 
16    09.4   031.8   13:37   -07.8   06:12     55.6     00.0   00.00   00.2     04.6    12:27      SW
17    17.1   031.5   10:56    02.7   02:34     47.8     00.0   00.00   00.2     05.8    11:26      NE
18    13.0   027.1   12:36   -06.9   00:00     51.9     00.0   00.00   00.1     05.8    09:25     WNW
19    08.2   031.5   14:33   -14.8   07:15     56.8     00.0   00.00   00.3     06.9    12:51     WSW
20    17.6   027.5   11:48    01.6   01:53     47.3     00.0   00.00   00.4     09.2    14:28      E 
21    25.2   037.4   14:12    10.0   00:00     39.7     00.0   00.02   01.4     10.3    11:19      W 
22    20.1   038.5   14:57    00.5   07:21     44.9     00.0   00.02   00.7     06.9    14:08      SW
23    28.0   034.0   12:55    21.7   03:35     37.0     00.0   00.05   00.0     02.3    07:30     ENE
24    24.0   031.5   00:27    05.9   00:00     41.0     00.0   00.00   00.0     00.0    00:00     WNW
25    03.1   015.3   13:44   -06.9   22:45     61.9     00.0   00.00   00.1     03.5    17:27      W 
26    04.3   015.1   16:05   -10.1   05:01     60.7     00.0   00.00   00.3     04.6    11:18      SW
27    11.0   029.1   12:30   -08.7   00:00     54.0     00.0   00.01   00.0     00.0    00:00     WSW
28    08.2   032.2   14:17   -18.6   07:15     56.8     00.0   00.00   00.0     01.1    15:22      SW
--------------------------------------------------------------------------------------------------------
15.5 (15.0)   39.0  day 03    -23.3  day 01   1383.7    000.0   00.16   00.2     12.7   day 17     WSW
Max