NOAA-Style Climate Reports


Report for 2018 November

Daily NOAA report




                            MONTHLY CLIMATOLOGICAL SUMMARY for NOV. 2018

NAME:    CITY:  STATE: 
ELEV:  LAT:  LONG: 

                            TEMPERATURE ( °F), RAIN (in.), WIND SPEED (mph)

                                               HEAT     COOL           AVG
      MEAN                                     DEG      DEG            WIND                       DOM
DAY   TEMP    HIGH   TIME     LOW    TIME      DAYS     DAYS    RAIN   SPEED    HIGH    TIME      DIR
--------------------------------------------------------------------------------------------------------
01    35.2   050.2   13:17    22.3   07:43     29.8     00.0   00.00   00.0     00.0    08:00      W 
02    36.8   042.4   16:07    26.2   08:03     28.2     00.0   00.29   00.2     05.8    13:21     SSW
03    33.9   045.9   15:59    23.4   07:09     31.1     00.0   00.00   00.3     04.6    11:30     WSW
04    36.7   045.0   00:00    27.9   02:04     28.2     00.0   01.68   02.1     16.1    16:42     ENE
05    40.9   046.0   04:19    34.2   18:52     24.0     00.0   00.13   01.2     10.3    05:49      SW
06    39.6   043.0   14:56    35.4   00:00     25.3     00.0   00.46   00.8     08.1    23:23      W 
07    33.6   039.2   14:27    30.7   00:00     31.3     00.0   00.01   03.9     14.9    04:26      W 
08    29.3   030.7   00:27    26.8   21:51     35.6     00.0   00.00   01.7     08.1    01:15      NW
09    25.1   031.8   12:36    18.7   22:23     39.8     00.0   00.00   01.7     10.3    23:53      W 
10    24.4   030.6   12:43    20.1   20:25     40.5     00.0   00.00   01.8     18.4    01:14      W 
11    25.6   031.5   11:23    19.9   04:54     39.3     00.0   00.00   00.8     05.8    14:02      SW
12    22.6   032.1   12:37    13.6   05:52     42.3     00.0   00.00   01.5     10.3    12:41      W 
13    15.8   022.8   13:47    07.5   23:14     49.2     00.0   00.00   01.9     10.3    15:17      W 
14    17.7   029.1   12:59    04.5   07:09     47.3     00.0   00.00   01.1     05.8    12:39      SW
15    26.0   039.6   15:07    11.1   02:53     38.9     00.0   00.01   01.0     10.3    10:47     SSW
16    31.8   038.7   10:26    27.9   00:00     33.2     00.0   00.01   01.9     10.3    14:53      W 
17    22.7   030.0   14:08    06.1   00:00     42.3     00.0   00.00   00.8     09.2    10:40      W 
18    17.0   029.8   15:26    01.8   06:57     48.0     00.0   00.00   01.2     10.3    12:46     WSW
19    24.0   032.4   11:33    18.5   00:00     40.9     00.0   00.00   00.3     04.6    22:39     ESE
20    16.0   024.4   20:06   -00.8   07:05     48.9     00.0   00.00   01.6     12.7    18:39     WSW
21    17.8   022.8   00:30    12.0   07:30     47.1     00.0   00.00   00.4     06.9    01:29     NNE
22    22.1   030.2   00:00    15.3   02:11     42.8     00.0   00.00   00.7     10.3    12:20     ESE
23    37.0   046.4   14:54    30.4   00:03     28.0     00.0   00.04   01.0     06.9    13:39      SW
24    37.5   039.9   12:54    31.6   23:50     27.5     00.0   00.26   01.0     08.1    17:31     WSW
--------------------------------------------------------------------------------------------------------
27.9 (27.5)   50.2  day 01    -00.8  day 20   889.5    000.0   02.90   01.2     18.4   day 10     WSW
Max