NOAA-Style Climate Reports


Report for 2018 October

Daily NOAA report




                            MONTHLY CLIMATOLOGICAL SUMMARY for OCT. 2018

NAME:    CITY:  STATE: 
ELEV:  LAT:  LONG: 

                            TEMPERATURE ( °F), RAIN (in.), WIND SPEED (mph)

                                               HEAT     COOL           AVG
      MEAN                                     DEG      DEG            WIND                       DOM
DAY   TEMP    HIGH   TIME     LOW    TIME      DAYS     DAYS    RAIN   SPEED    HIGH    TIME      DIR
--------------------------------------------------------------------------------------------------------
01    45.7   054.7   13:09    37.2   07:39     19.3     00.0   00.44   00.2     05.8    11:38      E 
02    50.2   057.7   17:43    44.2   03:42     14.7     00.0   00.01   00.2     04.6    00:39     SSE
03    60.1   069.8   22:09    51.4   04:36     04.9     00.0   01.89   01.1     14.9    22:29     WSW
04    45.7   063.0   00:02    36.9   20:33     19.2     00.0   00.01   02.1     13.8    01:00      W 
05    41.1   045.5   18:12    35.4   07:23     23.9     00.0   00.18   00.1     03.5    06:27      E 
06    48.8   055.2   14:11    40.3   00:00     16.2     00.0   00.03   00.4     06.9    09:35     WSW
07    42.9   048.2   16:04    37.8   01:50     22.1     00.0   00.00   00.2     03.5    22:51     ESE
14    47.9   049.5   00:00    42.4   00:11     17.0     00.0   00.35   00.0     03.5    06:09     ESE
15    36.9   049.5   07:38    26.8   22:39     28.0     00.0   00.21   01.6     11.5    13:55     WSW
16    41.1   058.5   14:49    28.8   00:06     23.8     00.0   00.00   02.5     13.8    12:30     WSW
17    34.9   044.1   16:07    20.5   00:00     30.0     00.0   00.00   02.2     14.9    11:32      W 
18    39.2   059.4   16:22    19.8   02:42     25.8     00.0   00.00   01.9     16.1    14:18     WSW
19    49.1   054.0   17:42    43.5   02:32     15.8     00.0   00.02   02.6     16.1    13:01     WSW
20    37.5   044.2   00:18    31.5   11:43     27.4     00.0   00.07   02.0     12.7    13:11      NW
21    36.7   036.7   00:00    36.7   00:00     28.3     00.0   00.00   02.3     02.3    00:00      N 
22    46.9   062.1   13:55    27.3   09:21     18.0     00.0   00.00   00.7     02.3    09:13      N 
23    42.4   051.4   13:36    35.8   08:08     22.6     00.0   00.00   00.0     00.0    00:00      N 
24    40.6   052.3   13:37    27.1   00:00     24.3     00.0   00.00   00.0     00.0    00:00      N 
25    40.5   057.4   14:17    25.2   03:17     24.4     00.0   00.00   00.0     00.0    00:00      N 
26    42.6   050.7   15:38   -00.0   07:14     22.3     00.0   00.00   00.0     00.0    00:00      N 
27    43.0   048.7   16:11    40.1   04:36     22.0     00.0   00.00   00.0     00.0    00:00      N 
28    42.4   045.3   16:29    40.8   21:37     22.5     00.0   00.00   00.0     00.0    00:00      N 
29    42.4   051.3   12:19    31.6   00:00     22.6     00.0   00.00   00.0     00.0    00:00      N 
30    42.4   053.8   15:58    29.8   01:31     22.6     00.0   00.00   00.0     00.0    00:00      N 
--------------------------------------------------------------------------------------------------------
43.4 (42.8)   69.8  day 03    -00.0  day 26   517.7    000.0   03.22   00.8     16.1   day 19      NW
Min  0.8in)