NOAA-Style Climate Reports


Report for 2018 September

Daily NOAA report




                            MONTHLY CLIMATOLOGICAL SUMMARY for SEP. 2018

NAME:    CITY:  STATE: 
ELEV:  LAT:  LONG: 

                            TEMPERATURE ( °F), RAIN (in.), WIND SPEED (mph)

                                               HEAT     COOL           AVG
      MEAN                                     DEG      DEG            WIND                       DOM
DAY   TEMP    HIGH   TIME     LOW    TIME      DAYS     DAYS    RAIN   SPEED    HIGH    TIME      DIR
--------------------------------------------------------------------------------------------------------
01    71.9   082.2   16:24    63.1   01:49     00.0     06.9   00.00   00.8     08.1    09:54      SW
02    69.6   077.5   14:51    63.1   02:25     00.0     04.7   00.00   00.8     09.2    15:16      SW
03    68.2   076.5   13:35    61.9   06:33     00.0     03.3   00.00   00.2     03.5    14:24      SE
04    71.8   085.6   15:28    63.9   04:29     00.0     06.8   00.67   00.9     08.1    14:52      SW
05    66.4   074.3   13:16    51.4   00:00     00.0     01.5   01.32   00.8     08.1    05:16     WSW
06    57.3   073.6   16:15    43.2   05:25     07.6     00.0   00.00   00.4     04.6    11:57      SW
07    56.1   073.8   15:12    40.8   07:00     08.9     00.0   00.00   00.3     04.6    14:23     SSW
08    53.5   069.8   15:02    40.3   05:27     11.4     00.0   00.00   00.7     09.2    12:40     SSE
09    52.9   070.2   14:45    37.8   07:09     12.0     00.0   00.00   00.8     09.2    15:56      SE
10    54.6   073.4   16:36    36.0   06:44     10.4     00.0   00.00   00.4     05.8    15:56      SW
11    57.1   080.8   15:19    45.0   06:45     07.8     00.0   00.00   00.3     08.1    16:37     SSW
12    66.0   083.1   14:40    49.8   07:01     00.0     01.1   00.00   00.9     09.2    12:48      SW
13    64.5   080.8   15:00    48.9   07:21     00.4     00.0   00.00   00.8     08.1    18:06     SSW
14    67.6   085.6   16:36    50.4   03:51     00.0     02.7   00.00   00.6     05.8    14:26      SW
15    71.9   087.8   14:26    56.8   06:52     00.0     06.9   00.00   00.7     08.1    12:35      SW
16    70.9   084.4   15:58    58.5   07:13     00.0     06.0   00.00   00.9     08.1    13:42     SSW
17    72.9   089.1   15:20    59.7   00:00     00.0     08.0   00.00   01.1     10.3    14:44      SW
18    57.2   064.4   16:30    50.4   03:09     07.7     00.0   00.00   00.1     03.5    21:59     SSE
19    53.8   058.8   14:33    48.9   07:25     11.1     00.0   00.01   00.1     03.5    17:15     ESE
20    59.2   067.8   23:30    54.9   00:40     05.7     00.0   00.62   00.5     12.7    23:29      E 
21    57.6   066.6   05:37    37.6   00:00     07.4     00.0   00.27   03.6     23.0    09:53      W 
22    49.0   064.8   16:51    32.5   07:15     15.9     00.0   00.00   00.9     09.2    13:58      SW
23    52.5   069.1   16:40    37.9   07:13     12.5     00.0   00.00   00.4     04.6    18:24     SSW
24    57.8   069.1   15:24    46.4   05:55     07.1     00.0   00.00   00.8     08.1    10:15      SE
25    60.3   069.3   10:54    49.5   00:00     04.6     00.0   00.61   00.5     09.2    20:03     WSW
26    48.8   060.3   14:05    36.7   00:00     16.2     00.0   00.00   01.4     10.3    14:24     WSW
27    47.6   059.0   14:51    35.1   02:48     17.3     00.0   00.08   00.7     10.3    13:59      SW
28    45.5   057.4   14:42    34.0   22:13     19.4     00.0   00.00   01.5     12.7    15:48      W 
29    39.5   050.0   14:37    29.5   05:35     25.4     00.0   00.00   00.8     10.3    11:22     WSW
30    43.5   051.1   15:31    38.7   07:35     21.4     00.0   00.02   00.1     03.5    15:01     SSW
--------------------------------------------------------------------------------------------------------
58.9 (59.3)   89.1  day 17     29.5  day 29   230.3    047.9   04.16   00.8     23.0   day 21      SW
Max >=  86: 2
Min  .008in) 5 (> .08in) 1 (> 0.8in)