NOAA-Style Climate Reports

Select a Year or Month report
2018: Jan Feb Mar Apr May Jun Jul Aug Sep Oct Nov Dec
2017: Jan Feb Mar Apr May Jun Jul Aug Sep Oct Nov Dec
2016: Jan Feb Mar Apr May Jun Jul Aug Sep Oct Nov Dec
2015: Jan Feb Mar Apr May Jun Jul Aug Sep Oct Nov Dec
2014: Jan Feb Mar Apr May Jun Jul Aug Sep Oct Nov Dec
2013: Jan Feb Mar Apr May Jun Jul Aug Sep Oct Nov Dec
2012: Jan Feb Mar Apr May Jun Jul Aug Sep Oct Nov Dec
2011: Jan Feb Mar Apr May Jun Jul Aug Sep Oct Nov Dec
2010: Jan Feb Mar Apr May Jun Jul Aug Sep Oct Nov Dec
2009: Jan Feb Mar Apr May Jun Jul Aug Sep Oct Nov Dec
2008: Jan Feb Mar Apr May Jun Jul Aug Sep Oct Nov Dec
2007: Jan Feb Mar Apr May Jun Jul Aug Sep Oct Nov Dec
2006: Jan Feb Mar Apr May Jun Jul Aug Sep Oct Nov Dec
2005: Jan Feb Mar Apr May Jun Jul Aug Sep Oct Nov Dec
2004: Jan Feb Mar Apr May Jun Jul Aug Sep Oct Nov Dec
2003: Jan Feb Mar Apr May Jun Jul Aug Sep Oct Nov Dec

Report for 2018 August

Daily NOAA report




                            MONTHLY CLIMATOLOGICAL SUMMARY for AUG. 2018

NAME:    CITY:  STATE: 
ELEV:  LAT:  LONG: 

                            TEMPERATURE ( °F), RAIN (in.), WIND SPEED (mph)

                                               HEAT     COOL           AVG
      MEAN                                     DEG      DEG            WIND                       DOM
DAY   TEMP    HIGH   TIME     LOW    TIME      DAYS     DAYS    RAIN   SPEED    HIGH    TIME      DIR
--------------------------------------------------------------------------------------------------------
01    67.5   086.6   13:15    56.7   06:44     00.0     02.6   01.02   00.7     12.7    13:43     WSW
02    59.8   068.0   18:50    53.4   07:07     05.1     00.0   00.01   00.2     03.5    16:07      S 
03    65.4   078.1   14:30    54.0   04:19     00.0     00.5   00.00   00.6     10.3    13:23     SSW
04    73.4   088.0   13:43    62.4   04:03     00.0     08.4   00.10   01.1     10.3    20:07      SW
05    74.1   086.2   15:56    65.8   06:36     00.0     09.1   00.02   00.9     08.1    16:33      SW
06    75.0   086.7   16:27    65.5   00:00     00.0     10.1   00.00   00.9     09.2    15:29     WSW
07    65.2   075.9   14:43    57.2   06:09     00.0     00.3   00.00   00.3     03.5    16:32     SSW
08    70.6   085.1   13:14    54.0   05:24     00.0     05.6   00.00   01.0     08.1    17:41      SW
09    73.4   088.5   13:45    60.6   00:00     00.0     08.4   00.00   00.6     05.8    00:09      SW
10    70.3   087.1   16:51    56.8   06:39     00.0     05.4   00.17   00.7     09.2    15:50      SW
11    72.3   089.1   16:19    58.8   06:31     00.0     07.3   00.01   00.5     04.6    18:13     SSW
12    73.0   090.5   15:31    56.8   06:40     00.0     08.1   00.00   00.5     04.6    11:15     WSW
13    73.4   090.5   15:58    55.9   05:55     00.0     08.4   00.00   00.6     09.2    16:21     WSW
14    74.4   091.6   14:26    60.1   05:55     00.0     09.4   00.07   01.0     10.3    17:10     WSW
15    70.9   084.6   15:18    57.7   05:44     00.0     06.0   00.00   00.8     06.9    14:50      SE
16    71.4   088.5   15:19    57.9   05:37     00.0     06.5   00.00   00.4     06.9    15:19     SSW
17    72.9   089.6   14:59    60.1   00:00     00.0     08.0   00.18   00.4     04.6    18:28     SSW
18    68.0   082.8   17:28    56.8   00:00     00.0     03.0   00.00   00.5     05.8    13:18     SSW
19    66.6   081.9   15:17    50.2   06:29     00.0     01.7   00.00   00.5     05.8    09:29     SSW
20    67.2   076.5   12:36    58.8   04:01     00.0     02.3   00.00   00.1     04.6    14:11     SSE
21    64.4   071.1   14:56    52.3   00:00     00.6     00.0   00.01   01.0     08.1    13:45     WNW
22    65.0   081.9   17:02    51.4   05:40     00.0     00.1   00.00   01.5     10.3    15:04      W 
23    67.6   085.5   14:34    50.2   05:49     00.0     02.7   00.00   01.5     10.3    18:00     WSW
24    61.1   068.4   10:14    54.0   05:51     03.9     00.0   00.69   00.5     06.9    13:23     SSW
25    66.6   075.9   17:01    59.4   00:00     00.0     01.6   00.73   00.1     03.5    16:04      SW
26    66.4   079.9   14:28    54.9   06:31     00.0     01.5   00.27   00.4     08.1    13:09     SSW
27    73.5   085.5   14:49    66.6   02:24     00.0     08.6   00.56   01.6     17.3    21:45      SW
28    70.7   079.0   13:53    66.9   00:00     00.0     05.8   00.32   00.7     09.2    02:15      S 
29    58.4   067.1   17:30    46.6   00:00     06.5     00.0   00.00   00.6     10.3    12:43      W 
30    56.0   071.1   16:53    39.9   07:00     09.0     00.0   00.00   00.7     05.8    12:48     SSW
31    64.7   078.4   15:37    49.6   04:14     00.2     00.0   00.00   00.8     08.1    16:11     SSE
--------------------------------------------------------------------------------------------------------
68.4 (69.2)   91.6  day 14     39.9  day 30   025.2    131.4   03.04   00.7     17.3   day 27      SW
Max >=  86: 12
Min  .008in) 9 (> .08in) 1 (> 0.8in)