NOAA-Style Climate Reports


Report for 2018 July

Daily NOAA report




                            MONTHLY CLIMATOLOGICAL SUMMARY for JUL. 2018

NAME:    CITY:  STATE: 
ELEV:  LAT:  LONG: 

                            TEMPERATURE ( °F), RAIN (in.), WIND SPEED (mph)

                                               HEAT     COOL           AVG
      MEAN                                     DEG      DEG            WIND                       DOM
DAY   TEMP    HIGH   TIME     LOW    TIME      DAYS     DAYS    RAIN   SPEED    HIGH    TIME      DIR
--------------------------------------------------------------------------------------------------------
01    74.0   086.2   11:45    63.0   00:00     00.0     09.1   01.73   01.6     12.7    21:32     WSW
02    73.1   090.3   15:38    54.1   05:55     00.0     08.1   00.00   01.5     12.7    15:37     WSW
03    75.3   089.2   13:40    63.1   04:58     00.0     10.3   00.00   01.0     08.1    17:13     SSW
04    73.0   093.0   14:29    59.0   05:26     00.0     08.1   00.32   00.6     12.7    15:28      SW
05    75.6   088.5   14:18    60.4   00:00     00.0     10.6   00.00   01.1     10.3    14:29     WSW
06    66.5   081.9   16:28    48.2   05:53     00.0     01.5   00.00   00.7     06.9    17:29      W 
07    68.8   084.2   16:16    50.4   06:19     00.0     03.8   00.00   01.3     10.3    11:47      SW
08    73.4   089.4   15:54    56.8   05:33     00.0     08.4   00.00   01.4     13.8    18:05      SW
09    74.2   088.5   12:22    59.2   00:00     00.0     09.3   00.01   00.9     08.1    15:06     WSW
10    71.1   088.2   16:29    51.8   05:30     00.0     06.2   00.00   00.6     05.8    15:59     WSW
11    68.7   082.6   16:24    52.2   06:18     00.0     03.7   00.00   00.8     06.9    13:06     SSW
12    67.0   075.4   18:53    59.2   04:11     00.0     02.1   00.37   00.4     06.9    11:47      SW
13    72.8   084.4   13:38    66.6   05:28     00.0     07.9   00.00   00.6     05.8    12:52     WSW
14    76.0   091.8   14:52    61.0   06:05     00.0     11.0   00.00   00.6     05.8    16:42     SSW
15    76.1   091.8   14:20    58.3   06:10     00.0     11.2   00.00   00.8     06.9    16:29     WSW
16    75.8   087.6   16:57    59.7   00:00     00.0     10.9   00.00   01.7     12.7    15:58      W 
17    64.6   078.8   18:18    52.5   05:55     00.4     00.0   00.00   01.0     10.3    10:13      W 
18    64.6   082.2   14:50    45.0   06:15     00.3     00.0   00.00   00.8     05.8    16:23      SW
19    68.3   083.1   13:00    50.9   06:06     00.0     03.4   00.00   01.1     10.3    14:55     SSE
20    67.0   073.9   18:32    64.0   00:28     00.0     02.1   00.91   00.5     06.9    09:42     ENE
21    66.3   075.4   17:12    61.5   06:46     00.0     01.3   00.09   00.8     06.9    14:30     ENE
22    69.9   082.8   16:44    61.3   23:58     00.0     04.9   00.01   00.9     05.8    16:12     NNE
23    70.7   086.0   17:07    56.8   06:02     00.0     05.7   00.00   00.7     04.6    16:26      S 
24    72.8   088.5   15:04    57.4   00:00     00.0     07.8   00.00   01.2     10.3    17:43     WSW
25    67.3   082.0   16:03    54.3   05:54     00.0     02.4   00.39   01.0     06.9    13:49     WSW
26    63.1   075.0   16:24    55.0   05:26     01.8     00.0   00.13   01.5     10.3    15:23      W 
27    60.4   070.3   15:15    51.1   00:00     04.5     00.0   00.00   00.7     06.9    14:37     WSW
28    64.1   081.9   14:55    47.7   06:15     00.9     00.0   00.00   00.6     05.8    13:51     WSW
29    66.7   083.5   13:16    52.2   06:07     00.0     01.7   00.00   00.6     10.3    16:52     WSW
30    67.0   085.5   13:23    52.2   06:09     00.0     02.0   00.00   00.5     08.1    14:02      SW
31    70.6   086.4   16:05    53.2   05:44     00.0     05.6   00.00   00.7     05.8    14:30      SW
--------------------------------------------------------------------------------------------------------
69.8 (70.1)   93.0  day 04     45.0  day 18   007.9    159.3   00.00   00.9     13.8   day 17     WSW
Max >=  86: 14
Min  .008in) 7 (> .08in) 2 (> 0.8in)