NOAA-Style Climate Reports

Select a Year or Month report
2018: Jan Feb Mar Apr May Jun Jul Aug Sep Oct Nov Dec
2017: Jan Feb Mar Apr May Jun Jul Aug Sep Oct Nov Dec
2016: Jan Feb Mar Apr May Jun Jul Aug Sep Oct Nov Dec
2015: Jan Feb Mar Apr May Jun Jul Aug Sep Oct Nov Dec
2014: Jan Feb Mar Apr May Jun Jul Aug Sep Oct Nov Dec
2013: Jan Feb Mar Apr May Jun Jul Aug Sep Oct Nov Dec
2012: Jan Feb Mar Apr May Jun Jul Aug Sep Oct Nov Dec
2011: Jan Feb Mar Apr May Jun Jul Aug Sep Oct Nov Dec
2010: Jan Feb Mar Apr May Jun Jul Aug Sep Oct Nov Dec
2009: Jan Feb Mar Apr May Jun Jul Aug Sep Oct Nov Dec
2008: Jan Feb Mar Apr May Jun Jul Aug Sep Oct Nov Dec
2007: Jan Feb Mar Apr May Jun Jul Aug Sep Oct Nov Dec
2006: Jan Feb Mar Apr May Jun Jul Aug Sep Oct Nov Dec
2005: Jan Feb Mar Apr May Jun Jul Aug Sep Oct Nov Dec
2004: Jan Feb Mar Apr May Jun Jul Aug Sep Oct Nov Dec
2003: Jan Feb Mar Apr May Jun Jul Aug Sep Oct Nov Dec

Report for 2018 June

Daily NOAA report




                            MONTHLY CLIMATOLOGICAL SUMMARY for JUN. 2018

NAME:    CITY:  STATE: 
ELEV:  LAT:  LONG: 

                            TEMPERATURE ( °F), RAIN (in.), WIND SPEED (mph)

                                               HEAT     COOL           AVG
      MEAN                                     DEG      DEG            WIND                       DOM
DAY   TEMP    HIGH   TIME     LOW    TIME      DAYS     DAYS    RAIN   SPEED    HIGH    TIME      DIR
--------------------------------------------------------------------------------------------------------
01    58.7   071.1   16:49    47.1   23:23     06.3     00.0   00.00   01.3     09.2    10:55      NE
02    57.0   069.8   14:51    45.7   02:43     07.9     00.0   00.51   01.3     10.3    13:46     ESE
03    57.3   066.9   13:40    51.4   00:00     07.6     00.0   00.31   02.2     14.9    17:14      W 
04    61.8   078.4   16:01    44.2   05:10     03.1     00.0   00.00   02.8     18.4    12:13      W 
05    56.8   073.6   15:01    39.4   03:56     08.2     00.0   00.00   01.0     06.9    11:17     WSW
06    53.1   067.3   19:37    36.0   05:34     11.8     00.0   00.00   00.9     10.3    10:09      SW
07    64.8   079.9   14:40    52.0   01:35     00.1     00.0   00.00   00.9     06.9    13:25      W 
08    59.3   070.9   11:53    44.8   05:14     05.7     00.0   00.00   00.3     05.8    11:45     SSE
09    62.5   071.8   15:09    52.0   00:00     02.4     00.0   00.00   00.5     08.1    13:35      SE
10    63.9   078.8   13:26    48.0   04:44     01.0     00.0   00.00   01.6     13.8    13:57      E 
11    63.9   081.9   15:00    43.9   05:54     01.0     00.0   00.00   01.3     10.3    11:41      SE
12    65.8   077.7   15:08    50.9   03:44     00.0     00.8   00.00   00.4     03.5    18:15     SSW
13    68.5   082.6   17:22    53.1   00:00     00.0     03.5   00.43   02.0     12.7    11:56      W 
14    66.6   083.5   15:42    49.6   05:55     00.0     01.7   00.00   00.8     09.2    16:52     SSW
15    58.6   067.6   18:06    49.5   03:42     06.3     00.0   01.16   00.9     10.3    16:34      SW
16    65.9   077.7   17:00    56.8   05:49     00.0     01.0   00.01   00.4     08.1    11:07     SSE
17    76.0   093.0   16:40    64.9   05:27     00.0     11.0   01.57   01.1     12.7    20:08      SW
18    71.0   080.4   15:46    58.8   00:00     00.0     06.0   00.29   00.4     04.6    18:49      S 
19    65.2   077.7   17:15    54.0   03:06     00.0     00.3   00.00   00.4     04.6    16:35      S 
20    67.1   082.8   15:02    51.3   05:50     00.0     02.1   00.00   00.5     04.6    18:03     SSW
21    62.9   078.3   14:37    49.8   05:24     02.0     00.0   00.00   00.8     09.2    16:55     ESE
22    60.7   080.2   13:40    43.5   05:41     04.2     00.0   00.00   00.6     06.9    11:17     SSE
23    65.2   083.8   15:22    44.2   05:46     00.0     00.3   00.00   00.7     05.8    15:50      SW
24    65.3   080.1   14:52    52.0   06:08     00.0     00.4   00.00   00.7     08.1    11:19     ESE
25    62.2   079.3   15:08    44.4   05:35     02.8     00.0   00.00   01.2     10.3    13:41      SE
26    62.1   077.5   13:39    47.7   04:26     02.8     00.0   00.02   00.9     09.2    12:08     ESE
27    70.9   085.3   15:50    59.0   06:35     00.0     06.0   00.01   00.5     04.6    17:19     WSW
28    77.4   093.9   16:24    57.7   06:00     00.0     12.5   00.00   01.1     06.9    12:22     WSW
29    80.2   095.4   17:31    61.9   06:17     00.0     15.2   00.00   01.6     10.3    17:30     SSW
30    84.8   096.8   14:13    75.9   05:42     00.0     19.8   00.00   02.0     10.3    20:33      SW
--------------------------------------------------------------------------------------------------------
65.2 (65.2)   96.8  day 30     36.0  day 06   073.4    080.7   04.31   01.0     18.4   day 04      SW
Max >=  86: 4
Min  .008in) 6 (> .08in) 2 (> 0.8in)