NOAA-Style Climate Reports

Select a Year or Month report
2018: Jan Feb Mar Apr May Jun Jul Aug Sep Oct Nov Dec
2017: Jan Feb Mar Apr May Jun Jul Aug Sep Oct Nov Dec
2016: Jan Feb Mar Apr May Jun Jul Aug Sep Oct Nov Dec
2015: Jan Feb Mar Apr May Jun Jul Aug Sep Oct Nov Dec
2014: Jan Feb Mar Apr May Jun Jul Aug Sep Oct Nov Dec
2013: Jan Feb Mar Apr May Jun Jul Aug Sep Oct Nov Dec
2012: Jan Feb Mar Apr May Jun Jul Aug Sep Oct Nov Dec
2011: Jan Feb Mar Apr May Jun Jul Aug Sep Oct Nov Dec
2010: Jan Feb Mar Apr May Jun Jul Aug Sep Oct Nov Dec
2009: Jan Feb Mar Apr May Jun Jul Aug Sep Oct Nov Dec
2008: Jan Feb Mar Apr May Jun Jul Aug Sep Oct Nov Dec
2007: Jan Feb Mar Apr May Jun Jul Aug Sep Oct Nov Dec
2006: Jan Feb Mar Apr May Jun Jul Aug Sep Oct Nov Dec
2005: Jan Feb Mar Apr May Jun Jul Aug Sep Oct Nov Dec
2004: Jan Feb Mar Apr May Jun Jul Aug Sep Oct Nov Dec
2003: Jan Feb Mar Apr May Jun Jul Aug Sep Oct Nov Dec

Report for 2018 May

Daily NOAA report




                            MONTHLY CLIMATOLOGICAL SUMMARY for MAY. 2018

NAME:    CITY:  STATE: 
ELEV:  LAT:  LONG: 

                            TEMPERATURE ( °F), RAIN (in.), WIND SPEED (mph)

                                               HEAT     COOL           AVG
      MEAN                                     DEG      DEG            WIND                       DOM
DAY   TEMP    HIGH   TIME     LOW    TIME      DAYS     DAYS    RAIN   SPEED    HIGH    TIME      DIR
--------------------------------------------------------------------------------------------------------
01    66.9   082.9   13:56    47.1   03:57     00.0     01.9   00.00   03.4     19.6    16:24      SW
02    61.2   076.8   12:32    46.6   00:00     03.7     00.0   00.04   01.3     10.3    11:26      SW
03    54.3   068.4   15:42    42.6   02:50     10.6     00.0   00.02   01.3     08.1    17:27     SSE
04    56.3   079.2   17:11    43.0   05:34     08.6     00.0   00.90   01.5     14.9    14:22      W 
05    57.9   080.4   14:54    36.5   05:55     07.1     00.0   00.00   01.2     10.3    16:34      SE
06    54.9   071.1   12:38    40.8   00:00     10.0     00.0   00.00   00.9     09.2    10:17      E 
07    56.3   078.3   16:41    33.1   04:56     08.7     00.0   00.00   01.7     12.7    13:19     SSW
08    64.1   087.3   11:54    41.9   03:40     00.8     00.0   00.00   01.1     10.3    11:12     WSW
09    51.5   055.0   17:23    46.6   08:28     13.4     00.0   00.33   00.2     05.8    14:19      SE
10    54.1   065.8   14:48    33.1   00:00     10.8     00.0   00.00   01.8     12.7    14:54     WNW
11    40.0   055.6   16:44    24.8   04:52     24.9     00.0   00.00   01.0     08.1    15:40     ESE
12    48.1   065.8   13:29    26.2   06:09     16.9     00.0   00.00   01.0     06.9    16:53      SE
13    57.0   078.1   16:46    29.5   06:00     08.0     00.0   00.00   01.3     10.3    14:35      SW
14    66.8   084.7   15:44    46.8   04:32     00.0     01.8   00.01   01.7     10.3    20:20     WSW
15    62.2   075.0   15:41    45.0   00:00     02.8     00.0   00.00   01.5     08.1    17:52     ESE
16    65.8   090.0   16:47    37.8   05:20     00.0     00.9   00.00   01.8     12.7    14:36     WSW
17    57.4   073.0   15:43    43.9   05:57     07.5     00.0   00.00   01.3     09.2    18:52     ENE
18    58.0   075.6   14:34    38.7   05:53     07.0     00.0   00.00   01.4     09.2    15:40      E 
19    55.9   078.8   14:54    44.2   01:58     09.0     00.0   00.00   01.1     12.7    20:09     ENE
20    53.8   073.9   17:36    35.4   06:23     11.1     00.0   00.00   01.0     06.9    15:18     SSE
21    51.5   073.0   13:21    28.8   05:43     13.4     00.0   00.06   00.9     09.2    13:47      S 
22    63.9   082.8   16:10    48.6   06:08     01.0     00.0   00.01   00.8     08.1    17:55     SSW
23    69.6   088.1   15:10    47.1   06:08     00.0     04.6   00.00   01.0     10.3    18:54      SW
24    72.4   089.8   15:47    53.8   05:45     00.0     07.4   00.00   01.1     10.3    17:28      SW
25    78.4   089.2   16:47    63.3   00:00     00.0     13.5   00.52   01.9     12.7    14:27     WSW
26    71.9   093.9   14:58    58.5   04:10     00.0     07.0   00.02   01.0     09.2    17:05     SSW
27    75.1   096.4   14:23    54.0   06:14     00.0     10.1   00.01   01.0     10.3    16:04     WSW
28    73.8   095.2   15:34    59.2   02:46     00.0     08.8   00.08   01.1     09.2    16:44      SW
29    72.9   090.5   13:52    59.0   05:50     00.0     08.0   00.00   01.1     06.9    17:17     ESE
30    66.1   072.9   12:52    58.3   05:54     00.0     01.2   00.30   00.3     03.5    18:53     ESE
31    72.1   084.4   17:20    62.4   06:04     00.0     07.2   00.42   01.3     10.3    14:41     WSW
--------------------------------------------------------------------------------------------------------
61.6 (61.7)   96.4  day 27     24.8  day 11   175.3    072.5   02.72   01.3     19.6   day 01      SW
Max >=  86: 9
Min  .008in) 5 (> .08in) 1 (> 0.8in)