NOAA-Style Climate Reports

Select a Year or Month report
2018: Jan Feb Mar Apr May Jun Jul Aug Sep Oct Nov Dec
2017: Jan Feb Mar Apr May Jun Jul Aug Sep Oct Nov Dec
2016: Jan Feb Mar Apr May Jun Jul Aug Sep Oct Nov Dec
2015: Jan Feb Mar Apr May Jun Jul Aug Sep Oct Nov Dec
2014: Jan Feb Mar Apr May Jun Jul Aug Sep Oct Nov Dec
2013: Jan Feb Mar Apr May Jun Jul Aug Sep Oct Nov Dec
2012: Jan Feb Mar Apr May Jun Jul Aug Sep Oct Nov Dec
2011: Jan Feb Mar Apr May Jun Jul Aug Sep Oct Nov Dec
2010: Jan Feb Mar Apr May Jun Jul Aug Sep Oct Nov Dec
2009: Jan Feb Mar Apr May Jun Jul Aug Sep Oct Nov Dec
2008: Jan Feb Mar Apr May Jun Jul Aug Sep Oct Nov Dec
2007: Jan Feb Mar Apr May Jun Jul Aug Sep Oct Nov Dec
2006: Jan Feb Mar Apr May Jun Jul Aug Sep Oct Nov Dec
2005: Jan Feb Mar Apr May Jun Jul Aug Sep Oct Nov Dec
2004: Jan Feb Mar Apr May Jun Jul Aug Sep Oct Nov Dec
2003: Jan Feb Mar Apr May Jun Jul Aug Sep Oct Nov Dec

Report for 2018 April

Daily NOAA report




                            MONTHLY CLIMATOLOGICAL SUMMARY for APR. 2018

NAME: Athelstane Weather   CITY: Athelstane STATE: Wisconsin
ELEV: 288 LAT: 045:23:60 LONG: 0088:07:60

                            TEMPERATURE ( °F), RAIN (in.), WIND SPEED (mph)

                                               HEAT     COOL           AVG
      MEAN                                     DEG      DEG            WIND                       DOM
DAY   TEMP    HIGH   TIME     LOW    TIME      DAYS     DAYS    RAIN   SPEED    HIGH    TIME      DIR
--------------------------------------------------------------------------------------------------------
01    20.4   034.5   15:15    08.6   06:52     44.5     00.0   00.00   02.5     10.3    17:49     WSW
02    24.2   040.5   13:48    05.0   07:20     40.8     00.0   00.01   01.1     10.3    12:22      SW
03    27.2   033.8   14:53    20.1   00:00     37.7     00.0   00.00   00.0     03.5    06:20     ENE
04    25.3   039.0   14:49    10.4   00:00     39.7     00.0   00.02   01.5     16.1    16:53     WNW
05    28.1   042.6   16:13    10.4   00:15     36.9     00.0   00.00   02.3     10.3    16:44     WSW
06    27.0   036.0   13:12    18.0   00:00     38.0     00.0   00.04   02.8     18.4    14:20      W 
07    23.5   036.1   16:11    12.2   06:15     41.4     00.0   00.00   02.7     12.7    15:54      W 
08    24.2   041.4   14:56    05.0   06:58     40.8     00.0   00.00   00.9     09.2    18:26      SW
09    30.8   046.4   14:31    17.4   06:55     34.1     00.0   00.00   00.9     10.3    13:50      W 
10    32.3   046.8   15:37    15.6   03:44     32.6     00.0   00.00   02.3     12.7    15:41     WSW
11    40.1   053.2   17:02    30.6   05:34     24.8     00.0   00.00   01.6     09.2    16:02     WSW
12    37.4   045.1   13:38    32.2   07:20     27.6     00.0   00.52   00.6     06.9    10:32     NNE
13    34.6   042.4   13:01    27.9   00:00     30.4     00.0   00.00   00.7     08.1    21:36     ENE
14    27.6   033.4   10:22    21.2   00:00     37.4     00.0   00.00   02.1     13.8    19:51     ENE
15    22.4   029.8   17:08    19.2   09:59     42.5     00.0   00.00   00.9     09.2    00:53      NE
16    27.7   038.7   13:07    22.6   21:52     37.3     00.0   00.00   00.7     10.3    19:29     WNW
17    29.8   038.5   15:20    22.5   04:00     35.1     00.0   00.08   01.9     10.3    16:13     WNW
18    34.6   046.0   14:20    29.1   03:58     30.3     00.0   00.29   01.0     09.2    15:59      NE
19    39.7   059.7   13:15    25.0   00:00     25.2     00.0   00.00   01.1     10.3    16:11      NW
20    40.9   063.0   13:42    17.2   06:23     24.0     00.0   00.00   01.0     09.2    13:19      SW
21    45.7   065.8   15:09    27.0   02:51     19.2     00.0   00.00   01.2     10.3    16:03      SW
22    44.4   064.6   14:34    23.7   06:19     20.5     00.0   00.00   01.0     08.1    15:53     SSW
23    47.6   069.8   16:49    23.2   06:25     17.3     00.0   00.00   00.9     08.1    14:25      SW
24    48.4   071.8   14:44    27.5   05:53     16.5     00.0   00.00   00.6     06.9    14:35     SSE
25    42.6   060.3   18:00    28.6   05:58     22.3     00.0   00.01   01.1     09.2    11:02      W 
26    46.6   069.3   15:15    22.5   05:59     18.4     00.0   00.06   02.1     12.7    12:55     WSW
27    40.3   054.0   11:37    26.6   06:20     24.6     00.0   00.01   00.6     04.6    14:45     WNW
28    38.9   054.1   14:49    23.7   00:00     26.1     00.0   00.00   01.4     10.3    14:55      NW
29    41.7   064.0   17:31    17.4   06:19     23.2     00.0   00.00   01.5     10.3    17:11      SW
30    54.7   079.0   14:22    26.1   04:41     10.2     00.0   00.00   02.0     14.9    18:09      SW
--------------------------------------------------------------------------------------------------------
35.0 (35.3)   79.0  day 30     05.0  day 08   899.4    000.0   01.04   01.4     18.4   day 06     WSW
Max