NOAA-Style Climate Reports


Report for 2018 March

Daily NOAA report




                            MONTHLY CLIMATOLOGICAL SUMMARY for MAR. 2018

NAME: Athelstane Weather   CITY: Athelstane STATE: Wisconsin
ELEV: 288 LAT: 045:23:60 LONG: 0088:07:60

                            TEMPERATURE ( °F), RAIN (in.), WIND SPEED (mph)

                                               HEAT     COOL           AVG
      MEAN                                     DEG      DEG            WIND                       DOM
DAY   TEMP    HIGH   TIME     LOW    TIME      DAYS     DAYS    RAIN   SPEED    HIGH    TIME      DIR
--------------------------------------------------------------------------------------------------------
01    27.3   037.4   13:35    18.9   23:56     37.6     00.0   00.00   00.5     05.8    14:27     WNW
02    28.6   047.7   14:23    12.2   07:18     36.3     00.0   00.00   00.5     06.9    18:08      W 
03    28.7   042.4   13:13    15.8   06:16     36.3     00.0   00.00   00.7     05.8    16:43     SSE
04    32.2   039.2   13:12    27.3   04:05     32.8     00.0   00.00   00.9     08.1    14:49      E 
05    29.9   036.5   13:23    25.0   06:27     35.1     00.0   00.00   02.1     14.9    16:13     ENE
06    27.5   034.0   14:55    19.8   00:00     37.4     00.0   00.00   00.4     10.3    01:51     ENE
07    22.5   033.3   13:18    15.6   00:00     42.5     00.0   00.00   00.6     08.1    00:00      NW
08    24.2   036.0   12:06    15.6   00:28     40.7     00.0   00.01   01.7     09.2    13:09     WNW
09    22.6   036.0   10:38    08.6   00:00     42.3     00.0   00.02   00.7     10.3    10:48      W 
10    20.9   040.5   15:15    01.4   06:51     44.1     00.0   00.05   00.5     05.8    13:40     WSW
11    26.5   046.0   15:04    03.2   07:49     38.5     00.0   00.00   00.7     10.3    14:54     WSW
12    32.1   040.8   12:28    22.5   00:00     32.9     00.0   00.00   01.7     12.7    12:58     WNW
13    22.2   029.7   16:38    10.4   00:00     42.8     00.0   00.00   01.3     13.8    11:12      NW
14    27.9   048.4   15:56    06.8   03:16     37.1     00.0   00.00   01.4     10.3    14:52     WSW
15    27.7   036.1   15:27    16.0   23:08     37.2     00.0   00.00   01.6     12.7    09:54     WNW
16    25.9   046.4   18:11    08.6   07:53     39.0     00.0   00.00   00.6     09.2    15:01      SW
17    32.7   054.1   17:13    12.2   07:22     32.2     00.0   00.00   00.5     09.2    13:39     WSW
18    38.2   056.7   15:14    24.1   06:17     26.7     00.0   00.00   00.8     08.1    19:50      W 
19    28.9   039.9   15:21    17.4   00:00     36.1     00.0   00.00   01.0     08.1    15:13     ENE
20    23.9   035.1   15:16    14.9   01:46     41.0     00.0   00.00   00.7     09.2    13:20     ENE
21    26.8   040.6   15:49    16.0   00:00     38.1     00.0   00.00   00.6     06.9    16:28      NE
22    26.5   043.2   17:07    10.4   07:31     38.5     00.0   00.00   00.8     09.2    11:02      W 
23    27.2   043.3   15:01    12.2   07:37     37.7     00.0   00.00   00.8     08.1    13:30      NE
24    25.6   040.3   14:45    14.2   02:29     39.4     00.0   00.00   01.1     10.3    17:19     ENE
25    26.0   041.4   14:52    10.4   07:19     39.0     00.0   00.00   01.2     09.2    15:41      E 
26    30.6   044.6   14:16    14.0   06:49     34.4     00.0   00.06   01.2     10.3    15:37      E 
27    36.0   046.0   16:09    24.1   00:00     29.0     00.0   00.19   01.2     14.9    13:33      W 
28    37.2   055.2   17:28    18.1   07:04     27.7     00.0   00.00   01.2     10.3    14:58      SW
29    35.5   045.5   16:54    22.1   23:45     29.4     00.0   00.00   01.0     09.2    13:41     WNW
30    28.5   042.4   14:59    14.9   05:54     36.5     00.0   00.00   01.1     12.7    16:36     WSW
31    26.0   034.7   16:29    12.2   23:37     38.9     00.0   00.00   00.1     03.5    05:31     NNW
--------------------------------------------------------------------------------------------------------
28.3 (28.4)   56.7  day 18     01.4  day 10   1136.9    000.0   00.33   00.9     15.0   day 05      W 
Max