NOAA-Style Climate Reports


Report for 2018 February

Daily NOAA report




                            MONTHLY CLIMATOLOGICAL SUMMARY for FEB. 2018

NAME: Athelstane Weather   CITY: Athelstane STATE: Wisconsin
ELEV: 288 LAT: 045:23:60 LONG: 0088:07:60

                            TEMPERATURE ( °F), RAIN (in.), WIND SPEED (mph)

                                               HEAT     COOL           AVG
      MEAN                                     DEG      DEG            WIND                       DOM
DAY   TEMP    HIGH   TIME     LOW    TIME      DAYS     DAYS    RAIN   SPEED    HIGH    TIME      DIR
--------------------------------------------------------------------------------------------------------
01    06.1   025.0   00:01   -04.0   00:00     58.9     00.0   00.00   03.1     13.8    13:19      W 
02    03.4   014.0   15:13   -07.6   08:01     61.5     00.0   00.00   02.0     10.3    13:09     WSW
03    10.2   016.3   13:32    05.0   07:35     54.8     00.0   00.00   00.1     03.5    13:35      E 
04    06.2   017.4   15:38   -05.8   19:50     58.7     00.0   00.00   00.4     06.9    23:49      W 
05    01.5   016.0   13:43   -13.0   07:41     63.4     00.0   00.00   01.4     10.3    14:55     WSW
06    00.1   015.3   15:47   -16.6   07:57     64.9     00.0   00.00   00.4     06.9    13:15     WSW
07    04.8   020.1   15:42   -07.6   23:52     60.1     00.0   00.00   00.3     05.8    14:02     WSW
08    02.6   020.8   14:28   -16.6   07:35     62.4     00.0   00.00   01.1     10.3    14:35     WSW
09    05.8   019.0   15:35   -09.4   00:00     59.2     00.0   00.00   00.1     05.8    13:51     WSW
10    06.6   025.9   15:26   -09.4   00:39     58.3     00.0   00.00   00.2     05.8    14:08      SW
11    14.9   029.5   15:23    03.2   01:48     50.1     00.0   00.00   01.7     12.7    15:46     WSW
12    08.5   023.4   15:11   -05.8   07:38     56.4     00.0   00.00   00.6     08.1    13:38      W 
13    14.9   030.7   15:29   -02.2   03:27     50.1     00.0   00.00   01.5     12.7    14:49      SW
14    29.1   046.5   13:45    14.0   05:11     35.8     00.0   00.00   01.0     06.9    10:17      SW
15    31.2   046.4   13:19    22.5   07:29     33.7     00.0   00.00   01.2     10.3    13:00      W 
16    19.3   027.5   15:40    10.4   00:00     45.7     00.0   00.00   02.3     10.3    16:26      W 
17    18.5   028.2   16:44    08.6   02:24     46.5     00.0   00.00   02.3     10.3    12:37     WSW
18    20.3   032.2   15:57    05.0   07:34     44.6     00.0   00.00   01.0     10.3    16:12     SSW
19    24.8   030.7   00:55    18.1   06:32     40.1     00.0   00.00   00.4     08.1    15:01     NNE
20    28.1   034.5   15:26    22.7   00:00     36.8     00.0   00.00   00.8     10.3    23:28      W 
21    17.6   028.8   15:22    06.8   23:48     47.4     00.0   00.00   01.6     09.2    08:40      W 
22    21.8   034.0   13:25    06.8   03:03     43.2     00.0   00.03   00.5     05.8    20:40      E 
23    32.3   038.5   12:08    26.1   01:00     32.7     00.0   00.54   02.1     13.8    15:51      W 
24    29.9   039.3   13:27    19.0   05:39     35.0     00.0   00.14   01.6     12.7    16:48     ESE
25    28.6   033.4   16:17    23.7   00:00     36.4     00.0   00.00   05.0     19.6    13:23     WSW
26    29.2   047.6   14:36    12.2   07:19     35.7     00.0   00.37   01.4     10.3    15:10      SW
27    37.6   055.2   15:31    22.6   02:41     27.3     00.0   00.16   00.9     06.9    16:39      SW
28    35.2   045.0   15:36    22.8   23:36     29.8     00.0   00.00   00.2     03.5    19:33     ENE
--------------------------------------------------------------------------------------------------------
17.5 (17.7)   55.2  day 27    -16.6  day 08   1329.4    000.0   01.24   01.3     19.6   day 25     WSW
Max