NOAA-Style Climate Reports


Report for 2018 January

Daily NOAA report




                            MONTHLY CLIMATOLOGICAL SUMMARY for JAN. 2018

NAME: Athelstane Weather   CITY: Athelstane STATE: Wisconsin
ELEV: 288 LAT: 045:23:60 LONG: 0088:07:60

                            TEMPERATURE ( °F), RAIN (in.), WIND SPEED (mph)

                                               HEAT     COOL           AVG
      MEAN                                     DEG      DEG            WIND                       DOM
DAY   TEMP    HIGH   TIME     LOW    TIME      DAYS     DAYS    RAIN   SPEED    HIGH    TIME      DIR
--------------------------------------------------------------------------------------------------------
01   -03.2   012.2   15:23   -16.6   08:28     68.2     00.0   00.00   01.1     10.3    10:32     WSW
02    08.5   015.8   14:56   -02.2   01:54     56.5     00.0   00.00   02.6     16.1    11:49     WSW
03    09.5   015.8   13:15   -02.2   00:00     55.4     00.0   00.00   01.8     14.9    10:59     WNW
04   -00.1   010.4   13:52   -11.2   06:35     65.0     00.0   00.00   00.8     10.3    11:36      W 
05   -01.8   008.6   15:24   -11.2   00:00     66.8     00.0   00.00   00.9     12.7    09:22     WNW
06    00.4   012.2   14:54   -14.8   05:19     64.6     00.0   00.00   00.9     06.9    22:47      SW
07    19.3   026.6   23:30    08.6   01:22     45.6     00.0   00.00   02.8     12.7    13:14      SW
08    26.2   037.9   15:23    14.0   07:37     38.7     00.0   00.02   01.6     13.8    11:52      W 
09    20.2   030.2   16:17    05.0   08:38     44.8     00.0   00.00   00.4     05.8    13:23     SSW
10    33.1   035.4   15:57    18.0   11:02     31.8     00.0   00.09   01.9     11.5    15:33     SSW
11    30.2   037.6   13:29    12.0   00:00     34.8     00.0   00.17   00.6     08.1    23:02     WSW
12    07.5   014.0   15:36   -00.4   00:00     57.5     00.0   00.00   01.5     10.3    02:34      NW
13   -00.1   014.0   15:51   -11.2   00:00     65.1     00.0   00.00   00.8     05.8    14:00      W 
14   -01.1   012.2   00:00   -20.2   08:09     66.0     00.0   00.00   00.7     10.3    12:49      SW
15    16.4   027.3   13:18    08.6   23:22     48.6     00.0   00.00   00.2     04.6    11:32     ENE
16    10.0   026.2   13:31   -00.4   23:50     54.9     00.0   00.00   00.2     05.8    14:53     WSW
17    16.2   028.8   15:23    01.4   00:46     48.7     00.0   00.00   02.7     12.7    20:35     WSW
18    21.8   037.8   16:09    10.4   03:43     43.1     00.0   00.01   00.9     12.7    13:47      SW
19    27.4   037.8   15:45    16.2   05:05     37.5     00.0   00.03   00.9     09.2    12:41      SW
20    31.0   043.2   14:47    19.8   08:16     34.0     00.0   00.06   00.1     04.6    13:04      SW
21    34.5   043.9   14:38    28.6   00:17     30.4     00.0   00.00   00.0     03.5    21:28      SW
22    30.8   032.5   13:32    26.8   00:00     34.1     00.0   00.00   00.4     08.1    06:29      E 
23    22.2   029.1   13:17    10.4   00:00     42.8     00.0   00.00   00.0     00.0    00:00     SSW
24    12.4   027.9   15:43   -00.4   00:00     52.6     00.0   00.00   00.0     00.0    00:00      NW
25    16.0   026.2   12:35   -02.2   03:03     49.0     00.0   00.00   00.0     00.0    00:00     NNE
26    34.9   043.5   12:23    24.1   00:03     30.0     00.0   00.82   01.0     10.3    16:27     SSW
27    35.0   043.3   13:09    24.4   21:00     29.9     00.0   00.00   03.9     13.8    05:26     WSW
28    20.0   025.7   00:04    14.0   00:00     44.9     00.0   00.00   00.5     05.8    13:46      NW
29    13.5   021.7   15:21    03.2   00:00     51.5     00.0   00.00   00.6     06.9    13:10      W 
30    11.1   022.5   00:00   -05.8   08:02     53.9     00.0   00.00   01.1     08.1    19:45     SSW
31    29.1   039.7   15:38    22.5   00:13     35.9     00.0   00.10   03.0     14.9    15:24     WSW
--------------------------------------------------------------------------------------------------------
17.1 (16.3)   43.9  day 21    -20.2  day 14   1482.5    000.0   01.30   01.1     16.1   day 31     WSW
Max