NOAA-Style Climate Reports


Report for 2017 December

Daily NOAA report




                            MONTHLY CLIMATOLOGICAL SUMMARY for DEC. 2017

NAME:    CITY:  STATE: 
ELEV:  LAT:  LONG: 

                            TEMPERATURE ( °F), RAIN (in.), WIND SPEED (mph)

                                               HEAT     COOL           AVG
      MEAN                                     DEG      DEG            WIND                       DOM
DAY   TEMP    HIGH   TIME     LOW    TIME      DAYS     DAYS    RAIN   SPEED    HIGH    TIME      DIR
--------------------------------------------------------------------------------------------------------
01    33.3   046.4   12:57    17.1   07:44     31.7     00.0   00.00   00.5     08.1    22:58      NW
02    36.9   050.9   14:17    22.1   00:00     28.1     00.0   00.00   00.8     08.1    00:04      W 
03    32.4   044.6   13:52    17.4   07:29     32.5     00.0   00.00   00.3     05.8    12:24     ENE
04    46.0   056.5   23:25    38.7   01:51     18.9     00.0   01.18   01.1     13.8    23:19      SW
05    28.1   052.6   00:01    17.8   23:54     36.8     00.0   01.18   03.4     24.1    00:07      SW
06    19.0   021.7   12:00    17.4   21:14     45.9     00.0   00.00   00.0     00.0    00:00      SW
07    19.8   023.4   11:46    17.6   07:14     45.1     00.0   00.00   00.0     00.0    00:00      SW
08    21.9   027.7   14:22    18.0   01:20     43.0     00.0   00.00   00.6     11.5    09:57     ESE
09    16.7   027.0   12:27    07.2   20:28     48.2     00.0   00.00   01.0     10.3    10:52      SW
10    17.8   027.1   12:00    11.3   06:08     47.1     00.0   00.00   00.8     10.3    15:29     SSW
11    18.4   025.7   17:53    11.3   02:53     46.6     00.0   00.00   01.1     18.4    17:49      W 
12    14.1   018.1   12:56    09.7   00:00     50.8     00.0   00.00   01.7     17.3    05:23     NNW
13    13.2   022.3   13:21    05.5   21:42     51.7     00.0   00.00   00.2     05.8    10:22     ENE
14    11.4   025.2   13:18   -06.0   08:01     53.5     00.0   00.00   00.2     06.9    14:24     WSW
15    14.3   022.3   12:45    06.8   21:58     50.6     00.0   00.00   01.1     08.1    08:37      W 
16    15.3   024.8   14:18    01.4   07:41     49.7     00.0   00.00   00.0     03.5    18:00      NE
17    24.7   032.0   13:23    17.6   07:03     40.2     00.0   00.00   00.0     03.5    13:17      SE
18    29.8   035.1   13:44    26.6   08:08     35.1     00.0   00.00   01.5     09.2    23:07      SW
19    32.6   039.9   12:19    19.4   00:00     32.4     00.0   00.30   04.6     20.7    17:55      W 
20    18.8   023.0   15:26    10.4   08:18     46.2     00.0   00.00   00.5     06.9    04:57      SW
21    21.5   024.8   00:00    17.6   06:34     43.4     00.0   00.00   00.0     03.5    20:51     ENE
22    24.1   032.2   13:37    10.4   00:00     40.9     00.0   00.00   00.1     03.5    17:52      W 
23    09.1   019.4   13:59   -07.6   00:00     55.8     00.0   00.00   01.2     10.3    13:51      W 
24    07.1   023.0   14:25   -07.6   01:39     57.8     00.0   00.00   00.4     04.6    15:02      SW
25    00.2   008.6   03:19   -11.2   00:00     64.7     00.0   00.00   03.3     14.9    10:29      W 
26   -08.6   001.4   15:20   -14.8   08:36     73.6     00.0   00.00   02.4     10.3    13:29      W 
27   -06.7   008.6   15:45   -18.4   00:00     71.6     00.0   00.00   00.8     06.9    12:08      W 
28   -04.5   006.8   14:40   -20.2   04:02     69.4     00.0   00.00   00.1     03.5    15:58      SW
29    00.2   012.2   14:13   -14.8   05:07     64.8     00.0   00.00   00.9     05.8    22:12     WSW
30    02.3   015.8   14:51   -07.6   08:11     62.6     00.0   00.00   02.3     11.5    11:53     WNW
31   -01.5   008.6   15:23   -09.4   08:05     66.4     00.0   00.00   01.7     10.3    18:57      W 
--------------------------------------------------------------------------------------------------------
16.4 (16.3)   56.5  day 04    -20.2  day 28   1505.3    000.0   01.48   01.1     24.2   day 05     WSW
Max