NOAA-Style Climate Reports

Select a Year or Month report
2018: Jan Feb Mar Apr May Jun Jul Aug Sep Oct Nov Dec
2017: Jan Feb Mar Apr May Jun Jul Aug Sep Oct Nov Dec
2016: Jan Feb Mar Apr May Jun Jul Aug Sep Oct Nov Dec
2015: Jan Feb Mar Apr May Jun Jul Aug Sep Oct Nov Dec
2014: Jan Feb Mar Apr May Jun Jul Aug Sep Oct Nov Dec
2013: Jan Feb Mar Apr May Jun Jul Aug Sep Oct Nov Dec
2012: Jan Feb Mar Apr May Jun Jul Aug Sep Oct Nov Dec
2011: Jan Feb Mar Apr May Jun Jul Aug Sep Oct Nov Dec
2010: Jan Feb Mar Apr May Jun Jul Aug Sep Oct Nov Dec
2009: Jan Feb Mar Apr May Jun Jul Aug Sep Oct Nov Dec
2008: Jan Feb Mar Apr May Jun Jul Aug Sep Oct Nov Dec
2007: Jan Feb Mar Apr May Jun Jul Aug Sep Oct Nov Dec
2006: Jan Feb Mar Apr May Jun Jul Aug Sep Oct Nov Dec
2005: Jan Feb Mar Apr May Jun Jul Aug Sep Oct Nov Dec
2004: Jan Feb Mar Apr May Jun Jul Aug Sep Oct Nov Dec
2003: Jan Feb Mar Apr May Jun Jul Aug Sep Oct Nov Dec

Report for 2017 November

Daily NOAA report




                            MONTHLY CLIMATOLOGICAL SUMMARY for NOV. 2017

NAME:    CITY:  STATE: 
ELEV:  LAT:  LONG: 

                            TEMPERATURE ( °F), RAIN (in.), WIND SPEED (mph)

                                               HEAT     COOL           AVG
      MEAN                                     DEG      DEG            WIND                       DOM
DAY   TEMP    HIGH   TIME     LOW    TIME      DAYS     DAYS    RAIN   SPEED    HIGH    TIME      DIR
--------------------------------------------------------------------------------------------------------
01    32.6   040.3   15:21    22.8   07:12     32.3     00.0   00.17   02.5     10.3    13:24     SSW
02    39.6   046.0   14:13    32.9   00:03     25.4     00.0   00.19   03.7     10.3    20:22      W 
03    36.2   043.2   14:18    30.7   07:17     28.7     00.0   00.00   02.8     10.3    09:26     WNW
04    33.4   037.9   14:27    30.6   03:19     31.5     00.0   00.12   00.0     02.3    00:17      E 
05    36.5   043.3   13:29    30.7   00:00     28.4     00.0   00.50   03.1     09.2    14:24      W 
06    30.8   039.2   14:24    23.7   23:23     34.1     00.0   00.00   03.6     09.2    13:24      W 
07    25.1   037.8   15:08    14.5   23:31     39.9     00.0   00.00   01.7     08.1    13:33      W 
08    26.5   037.4   13:22    14.5   01:13     38.4     00.0   00.00   03.1     11.5    09:23     WSW
09    23.9   030.2   04:25    19.4   00:00     41.0     00.0   00.00   05.8     14.9    14:06     WNW
10    20.5   024.8   13:00    19.4   11:25     44.4     00.0   00.00   06.3     06.9    12:00     WNW
11    25.2   028.4   14:06    23.0   00:00     39.7     00.0   00.00   03.0     04.6    15:01      SE
12    30.1   039.4   13:20    21.2   04:23     34.8     00.0   00.07   00.5     03.5    12:13      SW
13    30.5   032.0   04:04    30.2   00:00     34.4     00.0   00.00   00.6     03.5    04:27      W 
14    30.2   030.2   00:00    30.2   00:00     34.7     00.0   00.00   00.0     00.0    00:00      W 
15    30.2   030.2   00:00    30.2   00:00     34.7     00.0   00.00   00.0     00.0    00:00      W 
16    29.8   030.2   18:20    28.4   00:00     35.2     00.0   00.00   00.7     03.5    23:14      W 
17    32.9   039.0   13:16    28.4   04:23     32.1     00.0   00.09   02.2     09.2    11:24     SSW
18    33.4   036.9   13:00    28.4   00:00     31.6     00.0   00.01   02.7     13.8    20:22     NNW
19    24.3   028.8   14:56    16.9   00:00     40.7     00.0   00.00   02.5     12.7    01:24      NW
20    29.0   041.9   14:23    14.9   04:57     35.9     00.0   00.00   01.0     09.2    14:10      NW
21    29.6   037.9   04:41    22.6   19:00     35.4     00.0   00.00   03.5     19.6    07:13     NNW
22    25.6   030.2   14:25    23.0   08:16     39.3     00.0   00.00   01.7     08.1    20:00      NW
23    29.7   035.1   23:26    26.6   03:49     35.2     00.0   00.00   01.5     08.1    00:19      NW
24    44.5   057.2   16:13    34.2   01:21     20.4     00.0   00.01   02.9     17.3    22:35      NW
25    31.4   042.3   00:01    15.8   00:00     33.5     00.0   00.01   01.8     16.1    13:21     NNW
26    30.0   048.2   14:54    14.7   01:56     35.0     00.0   00.00   01.4     16.1    12:59      NW
27    33.1   039.9   13:41    23.0   01:18     31.9     00.0   00.00   00.9     09.2    14:55      N 
28    42.1   053.6   11:44    32.5   00:00     22.8     00.0   00.00   02.8     14.9    21:54      NW
29    28.1   035.1   14:54    19.4   08:14     36.8     00.0   00.00   01.1     12.7    00:03     NNW
30    32.3   046.6   12:49    21.2   23:39     32.7     00.0   00.00   01.7     19.6    13:21      NW
--------------------------------------------------------------------------------------------------------
30.9 (31.1)   57.2  day 24     14.5  day 08   1021.1    000.0   01.02   02.2     19.6   day 09     WNW
Max  0.8in)