NOAA-Style Climate Reports


Report for 2017 August

Daily NOAA report




                            MONTHLY CLIMATOLOGICAL SUMMARY for AUG. 2017

NAME:    CITY:  STATE: 
ELEV:  LAT:  LONG: 

                            TEMPERATURE ( °F), RAIN (in.), WIND SPEED (mph)

                                               HEAT     COOL           AVG
      MEAN                                     DEG      DEG            WIND                       DOM
DAY   TEMP    HIGH   TIME     LOW    TIME      DAYS     DAYS    RAIN   SPEED    HIGH    TIME      DIR
--------------------------------------------------------------------------------------------------------
01    73.1   087.7   16:10    59.0   06:40     00.0     08.2   00.00   01.0     09.2    17:36      SW
02    64.7   073.4   14:32    57.2   00:00     00.3     00.0   00.00   00.7     06.9    15:56      S 
03    57.6   062.6   16:33    51.8   06:32     07.4     00.0   01.95   00.4     06.9    13:10      E 
04    58.5   068.0   18:24    53.6   00:00     06.4     00.0   00.00   02.3     13.8    14:46     WNW
05    59.9   078.4   14:02    45.7   06:37     05.0     00.0   00.95   00.7     09.2    14:52     WSW
06    59.2   076.5   12:05    46.8   06:39     05.8     00.0   00.04   00.6     09.2    14:48      SW
07    63.4   082.0   16:36    44.4   06:36     01.5     00.0   00.00   00.8     10.3    16:52     WSW
08    68.2   085.5   14:47    52.3   04:28     00.0     03.2   00.00   01.3     12.7    11:54      W 
09    67.5   083.5   14:53    50.7   06:12     00.0     02.6   00.00   01.0     09.2    15:24     WSW
10    64.0   074.7   15:27    55.8   23:52     00.9     00.0   00.30   00.8     12.7    16:35     SSW
11    60.9   066.2   18:01    56.3   00:01     04.1     00.0   00.00   01.1     10.3    16:19      W 
12    64.7   080.6   16:56    50.0   07:01     00.3     00.0   00.01   00.9     08.1    10:09      W 
13    65.1   082.4   15:25    49.8   05:37     00.0     00.1   00.00   00.5     06.9    12:27      SW
14    62.1   071.6   16:52    51.8   06:35     02.8     00.0   00.62   00.1     03.5    16:47      SW
15    61.6   075.2   16:14    51.8   07:15     03.3     00.0   00.01   00.5     06.9    11:53     WSW
16    63.0   077.0   16:24    51.8   06:41     01.9     00.0   00.00   00.6     06.9    13:29     ESE
17    69.1   080.6   13:55    60.8   00:00     00.0     04.2   00.59   01.5     12.7    22:37     WSW
18    63.5   071.6   16:32    53.6   23:53     01.4     00.0   00.01   02.1     16.1    08:25      W 
19    67.0   082.4   17:27    51.8   06:24     00.0     02.0   00.00   01.4     13.8    16:11      W 
20    68.6   080.6   18:23    51.8   06:34     00.0     03.7   00.00   01.2     12.7    16:44      SW
21    69.6   080.6   15:53    62.6   06:33     00.0     04.7   00.28   00.3     05.8    15:55      SW
22    64.1   073.4   15:43    51.8   00:00     00.8     00.0   00.01   02.3     19.6    13:57      W 
23    58.6   071.6   16:03    42.8   00:00     06.4     00.0   00.00   01.5     12.7    11:44      W 
24    54.4   069.8   17:24    40.8   06:42     10.5     00.0   00.00   00.6     06.9    12:12     WSW
25    54.2   071.6   17:52    36.0   06:40     10.7     00.0   00.00   00.5     05.8    14:17      SW
26    53.6   064.4   14:34    39.2   06:20     11.4     00.0   00.08   00.3     04.6    14:27     SSW
27    59.4   062.6   19:49    53.6   02:48     05.6     00.0   01.10   00.6     08.1    11:12      SW
28    62.1   073.4   16:09    51.8   00:00     02.8     00.0   00.01   00.6     05.8    17:07      E 
29    61.9   078.6   13:38    47.7   06:52     03.0     00.0   00.00   00.4     03.5    15:57     SSW
30    60.2   078.8   12:35    48.6   00:00     04.7     00.0   00.70   00.6     09.2    12:40     WSW
31    54.3   068.0   16:51    42.6   06:52     10.6     00.0   00.01   00.7     06.9    16:02      SE
--------------------------------------------------------------------------------------------------------
62.4 (62.9)   87.7  day 01     36.0  day 25   107.5    028.7   06.68   00.9     19.6   day 22     WSW
Max >=  86: 1
Min  .008in) 8 (> .08in) 3 (> 0.8in)