NOAA-Style Climate Reports


Report for 2017 July

Daily NOAA report




                            MONTHLY CLIMATOLOGICAL SUMMARY for JUL. 2017

NAME:    CITY:  STATE: 
ELEV:  LAT:  LONG: 

                            TEMPERATURE ( °F), RAIN (in.), WIND SPEED (mph)

                                               HEAT     COOL           AVG
      MEAN                                     DEG      DEG            WIND                       DOM
DAY   TEMP    HIGH   TIME     LOW    TIME      DAYS     DAYS    RAIN   SPEED    HIGH    TIME      DIR
--------------------------------------------------------------------------------------------------------
01    66.0   082.4   16:02    57.2   04:03     00.0     01.1   00.15   00.9     10.3    16:51     WSW
02    66.3   079.2   14:08    53.4   23:57     00.0     01.4   00.03   01.6     12.7    13:31     WNW
03    64.3   080.4   16:50    46.9   05:32     00.7     00.0   00.00   00.7     05.8    14:38      SW
04    67.2   082.8   16:03    48.0   05:43     00.0     02.3   00.00   01.0     08.1    14:14      SW
05    68.4   081.9   11:18    54.7   03:27     00.0     03.5   00.00   01.1     10.3    11:09      SW
06    74.3   090.1   17:35    62.1   05:26     00.0     09.4   00.32   01.1     10.3    20:53      SW
07    68.1   081.3   13:56    50.0   00:00     00.0     03.2   00.00   01.1     09.2    14:41      W 
08    65.8   082.2   16:34    47.7   06:00     00.0     00.9   00.00   01.8     10.3    17:42      W 
09    65.7   081.9   12:38    55.6   05:49     00.0     00.7   00.81   00.7     16.1    13:19     WSW
10    63.1   063.7   00:00    61.7   00:53     01.9     00.0   00.00   00.7     03.5    07:46      N 
11    65.3   073.6   18:10    63.7   18:08     00.0     00.3   00.25   01.0     06.9    20:48      N 
12    69.6   081.2   16:05    62.8   08:07     00.0     04.7   01.59   00.9     09.2    20:00      E 
13    63.9   068.2   14:40    57.6   00:00     01.1     00.0   00.06   00.4     04.6    22:59     ENE
14    64.1   078.8   17:55    55.4   00:00     00.8     00.0   00.00   01.0     06.9    09:24      W 
15    67.8   087.8   16:36    50.0   05:54     00.0     02.9   00.55   01.5     10.3    18:00     WSW
16    63.7   075.2   16:45    46.0   00:00     01.3     00.0   00.00   01.1     06.9    14:21      NE
17    61.7   078.8   18:02    39.4   05:46     03.3     00.0   00.00   01.0     09.2    17:54      SW
18    73.6   089.4   15:17    59.0   00:30     00.0     08.7   00.31   01.5     13.8    15:55     WSW
19    72.5   085.6   15:49    59.0   07:51     00.0     07.6   00.01   00.8     04.6    15:50     WNW
20    72.6   089.6   17:40    55.4   06:51     00.0     07.6   00.00   01.2     06.9    16:46      W 
21    72.4   086.0   15:27    55.4   07:29     00.0     07.4   00.00   00.8     04.6    17:33     WSW
22    71.8   084.2   17:31    62.6   05:19     00.0     06.8   00.07   00.6     05.8    22:32     WSW
23    67.7   080.6   14:07    59.0   00:00     00.0     02.7   00.01   01.2     10.3    14:03     WNW
24    65.1   080.6   17:49    50.0   07:00     00.0     00.1   00.00   00.8     05.8    11:25     SSW
25    64.7   078.3   15:43    48.6   05:57     00.3     00.0   00.00   01.2     09.2    11:25      SW
26    69.6   080.6   18:52    60.8   00:00     00.0     04.7   00.07   01.1     09.2    16:05      SW
27    67.8   084.2   14:42    51.8   05:45     00.0     02.9   00.00   00.5     05.8    13:51      SW
28    66.2   082.4   16:47    49.8   05:28     00.0     01.2   00.00   00.8     09.2    13:09     SSW
29    65.8   084.2   17:29    47.1   06:23     00.0     00.9   00.00   00.7     10.3    14:35     WSW
30    69.8   089.6   15:10    53.6   06:46     00.0     04.9   00.83   00.8     10.3    17:52     WSW
31    73.8   089.6   17:04    59.0   07:00     00.0     08.8   00.01   00.6     05.8    13:57      SW
--------------------------------------------------------------------------------------------------------
67.7 (68.0)   90.1  day 06     39.4  day 17   009.3    094.8   05.08   01.0     16.1   day 09     WSW
Max >=  86: 7
Min  .008in) 8 (> .08in) 3 (> 0.8in)