NOAA-Style Climate Reports

Select a Year or Month report
2018: Jan Feb Mar Apr May Jun Jul Aug Sep Oct Nov Dec
2017: Jan Feb Mar Apr May Jun Jul Aug Sep Oct Nov Dec
2016: Jan Feb Mar Apr May Jun Jul Aug Sep Oct Nov Dec
2015: Jan Feb Mar Apr May Jun Jul Aug Sep Oct Nov Dec
2014: Jan Feb Mar Apr May Jun Jul Aug Sep Oct Nov Dec
2013: Jan Feb Mar Apr May Jun Jul Aug Sep Oct Nov Dec
2012: Jan Feb Mar Apr May Jun Jul Aug Sep Oct Nov Dec
2011: Jan Feb Mar Apr May Jun Jul Aug Sep Oct Nov Dec
2010: Jan Feb Mar Apr May Jun Jul Aug Sep Oct Nov Dec
2009: Jan Feb Mar Apr May Jun Jul Aug Sep Oct Nov Dec
2008: Jan Feb Mar Apr May Jun Jul Aug Sep Oct Nov Dec
2007: Jan Feb Mar Apr May Jun Jul Aug Sep Oct Nov Dec
2006: Jan Feb Mar Apr May Jun Jul Aug Sep Oct Nov Dec
2005: Jan Feb Mar Apr May Jun Jul Aug Sep Oct Nov Dec
2004: Jan Feb Mar Apr May Jun Jul Aug Sep Oct Nov Dec
2003: Jan Feb Mar Apr May Jun Jul Aug Sep Oct Nov Dec

Report for 2017 June

Daily NOAA report




                            MONTHLY CLIMATOLOGICAL SUMMARY for JUN. 2017

NAME:    CITY:  STATE: 
ELEV:  LAT:  LONG: 

                            TEMPERATURE ( °F), RAIN (in.), WIND SPEED (mph)

                                               HEAT     COOL           AVG
      MEAN                                     DEG      DEG            WIND                       DOM
DAY   TEMP    HIGH   TIME     LOW    TIME      DAYS     DAYS    RAIN   SPEED    HIGH    TIME      DIR
--------------------------------------------------------------------------------------------------------
01    60.2   080.1   15:09    40.5   02:27     04.7     00.0   00.00   01.6     12.7    14:17      W 
02    64.7   086.4   16:24    41.9   05:32     00.3     00.0   00.00   01.1     09.2    13:53      W 
03    63.0   084.7   16:54    48.6   05:36     02.0     00.0   01.79   01.0     10.3    18:20      SW
04    70.7   087.8   16:27    57.2   06:19     00.0     05.8   00.00   01.5     10.3    12:06      W 
05    63.7   080.6   15:02    46.9   00:00     01.2     00.0   00.00   01.4     08.1    14:10      NE
06    62.7   078.8   17:41    44.4   04:16     02.3     00.0   00.00   01.0     09.2    15:13     NNW
07    63.6   084.2   16:02    40.6   05:51     01.3     00.0   00.00   01.0     06.9    13:01     WSW
08    64.0   082.4   14:21    50.0   05:49     00.9     00.0   00.38   01.2     12.7    18:53      SW
09    64.1   078.0   16:34    52.5   06:07     00.8     00.0   00.00   00.7     05.8    17:53      SE
10    73.5   090.3   15:52    53.4   05:19     00.0     08.5   00.00   03.1     19.6    14:52      SW
11    73.4   081.3   09:56    65.1   06:24     00.0     08.5   00.00   02.0     11.5    00:00      N 
12    74.1   089.6   14:45    63.9   06:17     00.0     09.2   00.24   01.4     11.5    01:39     NNW
13    67.9   077.5   15:27    56.8   06:06     00.0     03.0   00.00   00.9     09.2    14:26      E 
14    66.1   075.9   13:02    59.7   00:08     00.0     01.1   00.92   01.0     12.7    12:04     ESE
15    71.9   088.0   15:51    57.2   00:00     00.0     06.9   00.01   01.6     12.7    18:02     WSW
16    70.3   084.6   15:17    55.9   01:48     00.0     05.4   00.05   01.3     12.7    15:42     WSW
17    72.2   086.4   13:58    61.7   05:32     00.0     07.2   00.00   01.1     10.3    15:07     WSW
18    62.8   072.3   14:43    55.8   23:14     02.1     00.0   00.66   01.4     10.3    15:51      W 
19    59.7   069.6   16:10    50.7   04:35     05.3     00.0   00.38   00.8     08.1    16:20     WSW
20    59.9   072.1   18:12    48.4   05:07     05.1     00.0   00.02   01.5     12.7    13:12      W 
21    63.0   078.4   17:29    44.4   05:36     02.0     00.0   00.00   00.9     09.2    18:13      SW
22    66.2   076.8   10:39    58.5   06:02     00.0     01.2   00.18   00.6     08.1    12:51      SW
23    66.0   078.8   13:27    51.8   00:00     00.0     01.1   00.00   02.1     14.9    14:47      W 
24    55.2   060.8   18:18    49.6   02:04     09.7     00.0   02.12   00.5     05.8    05:38     WSW
25    56.7   071.6   13:55    49.3   00:00     08.2     00.0   00.23   01.1     08.1    21:55      W 
26    51.9   064.4   19:26    41.4   05:30     13.1     00.0   00.02   01.4     10.3    14:41      W 
27    61.2   077.0   18:19    44.1   03:57     03.7     00.0   00.00   01.2     10.3    16:26     WSW
28    58.1   064.4   13:28    45.9   05:18     06.8     00.0   00.18   00.7     06.9    11:29      S 
29    66.2   071.6   09:49    60.8   00:00     00.0     01.3   00.00   02.0     10.3    14:35     WSW
30    67.1   080.6   17:09    55.4   06:00     00.0     02.1   00.00   01.6     10.3    13:51      W 
--------------------------------------------------------------------------------------------------------
64.7 (65.1)   90.3  day 10     40.5  day 01   069.5    061.4   05.57   01.3     19.6   day 10     WSW
Max >=  86: 6
Min  .008in) 10 (> .08in) 3 (> 0.8in)